{"id":11024,"date":"2021-09-14T18:11:06","date_gmt":"2021-09-14T21:11:06","guid":{"rendered":"https:\/\/www.casadainjecao.com.br\/loja\/?post_type=product&#038;p=11024"},"modified":"2024-05-13T14:54:37","modified_gmt":"2024-05-13T17:54:37","slug":"tubo-de-aco-refrigeracao-do-motor-renault-trafic-7700103602","status":"publish","type":"product","link":"https:\/\/www.casadainjecao.com.br\/loja\/autopecas\/motor\/tubo-de-aco-refrigeracao-do-motor-renault-trafic-7700103602\/","title":{"rendered":"Tubo de A\u00e7o Refrigera\u00e7\u00e3o Do Motor Renault Trafic &#8211; "},"content":{"rendered":"<h1>Tubo de A\u00e7o Refrigera\u00e7\u00e3o Do Motor<\/h1>\n<h1>Renault Trafic<\/h1>\n<h1>&#8211; 7700103602<\/h1>\n","protected":false},"excerpt":{"rendered":"<h2>Tubo de A\u00e7o Refrigera\u00e7\u00e3o Do Motor<\/h2>\n<h2>Renault Trafic<\/h2>\n<h2>Codigo:- 7700103602\u00a0 c=174<\/h2>\n","protected":false},"featured_media":11028,"template":"","meta":{"_seopress_robots_primary_cat":"none","_seopress_titles_title":"","_seopress_titles_desc":"","_seopress_robots_index":"","_joinchat":[]},"product_cat":[22],"product_tag":[413],"berocket_brand":[394],"_links":{"self":[{"href":"https:\/\/www.casadainjecao.com.br\/loja\/wp-json\/wp\/v2\/product\/11024"}],"collection":[{"href":"https:\/\/www.casadainjecao.com.br\/loja\/wp-json\/wp\/v2\/product"}],"about":[{"href":"https:\/\/www.casadainjecao.com.br\/loja\/wp-json\/wp\/v2\/types\/product"}],"wp:featuredmedia":[{"embeddable":true,"href":"https:\/\/www.casadainjecao.com.br\/loja\/wp-json\/wp\/v2\/media\/11028"}],"wp:attachment":[{"href":"https:\/\/www.casadainjecao.com.br\/loja\/wp-json\/wp\/v2\/media?parent=11024"}],"wp:term":[{"taxonomy":"product_cat","embeddable":true,"href":"https:\/\/www.casadainjecao.com.br\/loja\/wp-json\/wp\/v2\/product_cat?post=11024"},{"taxonomy":"product_tag","embeddable":true,"href":"https:\/\/www.casadainjecao.com.br\/loja\/wp-json\/wp\/v2\/product_tag?post=11024"},{"taxonomy":"berocket_brand","embeddable":true,"href":"https:\/\/www.casadainjecao.com.br\/loja\/wp-json\/wp\/v2\/berocket_brand?post=11024"}],"curies":[{"name":"wp","href":"https:\/\/api.w.org\/{rel}","templated":true}]}}