{"id":11657,"date":"2021-09-30T17:35:21","date_gmt":"2021-09-30T20:35:21","guid":{"rendered":"https:\/\/www.casadainjecao.com.br\/loja\/?post_type=product&#038;p=11657"},"modified":"2024-05-03T15:01:47","modified_gmt":"2024-05-03T18:01:47","slug":"anel-de-vedacao-do-coletor-admissao-renault-kangoo-1-6-8v-7701471932","status":"publish","type":"product","link":"https:\/\/www.casadainjecao.com.br\/loja\/autopecas\/motor\/coletores-de-admissao\/anel-de-vedacao-do-coletor-admissao-renault-kangoo-1-6-8v-7701471932\/","title":{"rendered":"Anel De Veda\u00e7\u00e3o Do Coletor Admiss\u00e3o Renault Kangoo 1.6 8v"},"content":{"rendered":"<h1>Anel De Veda\u00e7\u00e3o Do Coletor Admiss\u00e3o Renault Kangoo 1.6 8v &#8211; 7701471932<\/h1>\n","protected":false},"excerpt":{"rendered":"<h2>Anel De Veda\u00e7\u00e3o Do Coletor Admiss\u00e3o<\/h2>\n<h2>Renault Clio Logan Kangoo Sandero 1.6 8v<\/h2>\n<h2>Codigo:- 7701471932\u00a0 c=192<\/h2>\n","protected":false},"featured_media":17895,"template":"","meta":{"_seopress_robots_primary_cat":"none","_seopress_titles_title":"","_seopress_titles_desc":"","_seopress_robots_index":"","_joinchat":[]},"product_cat":[212,222,22],"product_tag":[49,66,402,91],"berocket_brand":[394],"_links":{"self":[{"href":"https:\/\/www.casadainjecao.com.br\/loja\/wp-json\/wp\/v2\/product\/11657"}],"collection":[{"href":"https:\/\/www.casadainjecao.com.br\/loja\/wp-json\/wp\/v2\/product"}],"about":[{"href":"https:\/\/www.casadainjecao.com.br\/loja\/wp-json\/wp\/v2\/types\/product"}],"wp:featuredmedia":[{"embeddable":true,"href":"https:\/\/www.casadainjecao.com.br\/loja\/wp-json\/wp\/v2\/media\/17895"}],"wp:attachment":[{"href":"https:\/\/www.casadainjecao.com.br\/loja\/wp-json\/wp\/v2\/media?parent=11657"}],"wp:term":[{"taxonomy":"product_cat","embeddable":true,"href":"https:\/\/www.casadainjecao.com.br\/loja\/wp-json\/wp\/v2\/product_cat?post=11657"},{"taxonomy":"product_tag","embeddable":true,"href":"https:\/\/www.casadainjecao.com.br\/loja\/wp-json\/wp\/v2\/product_tag?post=11657"},{"taxonomy":"berocket_brand","embeddable":true,"href":"https:\/\/www.casadainjecao.com.br\/loja\/wp-json\/wp\/v2\/berocket_brand?post=11657"}],"curies":[{"name":"wp","href":"https:\/\/api.w.org\/{rel}","templated":true}]}}