{"id":12806,"date":"2021-11-01T15:51:34","date_gmt":"2021-11-01T18:51:34","guid":{"rendered":"https:\/\/www.casadainjecao.com.br\/loja\/?post_type=product&#038;p=12806"},"modified":"2021-11-04T11:54:00","modified_gmt":"2021-11-04T14:54:00","slug":"terminal-de-direcao-lado-direito-renault-kangoo-megane-6000022752","status":"publish","type":"product","link":"https:\/\/www.casadainjecao.com.br\/loja\/autopecas\/suspencao\/caixa-de-direcao\/terminal-de-direcao-lado-direito-renault-kangoo-megane-6000022752\/","title":{"rendered":"Terminal de Dire\u00e7\u00e3o Lado Direito Renault Kangoo Megane &#8"},"content":{"rendered":"<h1>Terminal de Dire\u00e7\u00e3o Lado Direito Renault Kangoo Megane &#8211; 6000022752<\/h1>\n","protected":false},"excerpt":{"rendered":"<h2>Terminal de Dire\u00e7\u00e3o Lado Esqauerdo<\/h2>\n<h2>Renault Kangoo Megane<\/h2>\n<h2>Codigo:- 6000022752 b=5<\/h2>\n","protected":false},"featured_media":12808,"template":"","meta":{"_seopress_robots_primary_cat":"none","_seopress_titles_title":"","_seopress_titles_desc":"","_seopress_robots_index":"","_joinchat":[]},"product_cat":[1176,1104,1343],"product_tag":[57,50],"berocket_brand":[394],"_links":{"self":[{"href":"https:\/\/www.casadainjecao.com.br\/loja\/wp-json\/wp\/v2\/product\/12806"}],"collection":[{"href":"https:\/\/www.casadainjecao.com.br\/loja\/wp-json\/wp\/v2\/product"}],"about":[{"href":"https:\/\/www.casadainjecao.com.br\/loja\/wp-json\/wp\/v2\/types\/product"}],"wp:featuredmedia":[{"embeddable":true,"href":"https:\/\/www.casadainjecao.com.br\/loja\/wp-json\/wp\/v2\/media\/12808"}],"wp:attachment":[{"href":"https:\/\/www.casadainjecao.com.br\/loja\/wp-json\/wp\/v2\/media?parent=12806"}],"wp:term":[{"taxonomy":"product_cat","embeddable":true,"href":"https:\/\/www.casadainjecao.com.br\/loja\/wp-json\/wp\/v2\/product_cat?post=12806"},{"taxonomy":"product_tag","embeddable":true,"href":"https:\/\/www.casadainjecao.com.br\/loja\/wp-json\/wp\/v2\/product_tag?post=12806"},{"taxonomy":"berocket_brand","embeddable":true,"href":"https:\/\/www.casadainjecao.com.br\/loja\/wp-json\/wp\/v2\/berocket_brand?post=12806"}],"curies":[{"name":"wp","href":"https:\/\/api.w.org\/{rel}","templated":true}]}}