{"id":12818,"date":"2021-11-01T16:47:28","date_gmt":"2021-11-01T19:47:28","guid":{"rendered":"https:\/\/www.casadainjecao.com.br\/loja\/?post_type=product&#038;p=12818"},"modified":"2022-06-15T17:14:38","modified_gmt":"2022-06-15T20:14:38","slug":"terminal-de-direcao-renault-clio-meganescenic-7701047813","status":"publish","type":"product","link":"https:\/\/www.casadainjecao.com.br\/loja\/autopecas\/suspencao\/pivo-pivo\/terminal-de-direcao-renault-clio-meganescenic-7701047813\/","title":{"rendered":"Terminal de Dire\u00e7\u00e3o LD Renault Clio Megane Scenic &#8211; "},"content":{"rendered":"<h1>Terminal de Dire\u00e7\u00e3o LD Renault Clio Megane Scenic &#8211; 7701047813<\/h1>\n","protected":false},"excerpt":{"rendered":"<h2>Terminal de Dire\u00e7\u00e3o LD<\/h2>\n<h2>Renault Clio Megane Scenic<\/h2>\n<h2>Codigo:- 7701047813 b=5<\/h2>\n","protected":false},"featured_media":12832,"template":"","meta":{"_seopress_robots_primary_cat":"none","_seopress_titles_title":"","_seopress_titles_desc":"","_seopress_robots_index":"","_joinchat":[]},"product_cat":[1107,1104,1343],"product_tag":[49,50,51],"berocket_brand":[394],"_links":{"self":[{"href":"https:\/\/www.casadainjecao.com.br\/loja\/wp-json\/wp\/v2\/product\/12818"}],"collection":[{"href":"https:\/\/www.casadainjecao.com.br\/loja\/wp-json\/wp\/v2\/product"}],"about":[{"href":"https:\/\/www.casadainjecao.com.br\/loja\/wp-json\/wp\/v2\/types\/product"}],"wp:featuredmedia":[{"embeddable":true,"href":"https:\/\/www.casadainjecao.com.br\/loja\/wp-json\/wp\/v2\/media\/12832"}],"wp:attachment":[{"href":"https:\/\/www.casadainjecao.com.br\/loja\/wp-json\/wp\/v2\/media?parent=12818"}],"wp:term":[{"taxonomy":"product_cat","embeddable":true,"href":"https:\/\/www.casadainjecao.com.br\/loja\/wp-json\/wp\/v2\/product_cat?post=12818"},{"taxonomy":"product_tag","embeddable":true,"href":"https:\/\/www.casadainjecao.com.br\/loja\/wp-json\/wp\/v2\/product_tag?post=12818"},{"taxonomy":"berocket_brand","embeddable":true,"href":"https:\/\/www.casadainjecao.com.br\/loja\/wp-json\/wp\/v2\/berocket_brand?post=12818"}],"curies":[{"name":"wp","href":"https:\/\/api.w.org\/{rel}","templated":true}]}}