{"id":13449,"date":"2021-11-22T10:48:58","date_gmt":"2021-11-22T13:48:58","guid":{"rendered":"https:\/\/www.casadainjecao.com.br\/loja\/?post_type=product&#038;p=13449"},"modified":"2026-04-20T17:23:16","modified_gmt":"2026-04-20T20:23:16","slug":"cabo-freio-de-mao-renault-duster-4x2-364005039r","status":"publish","type":"product","link":"https:\/\/www.casadainjecao.com.br\/loja\/autopecas\/freios\/cabo-freio-de-mao\/cabo-freio-de-mao-renault-duster-4x2-364005039r\/","title":{"rendered":"Cabo Freio de M\u00e3o Renault Duster 4X2 &#8211; 364005039r"},"content":{"rendered":"<h2>Cabo Freio de M\u00e3o Direito e Esquerdo<\/h2>\n<p>Renault Duster TECH ROAD 2.0 AT | F4R F4R | 2.0 L 16V DOHC L4 | 138;142 cv &#8211; 2011 A 2013<\/p>\n<p>Renault Duster TECH ROAD 2.0 | F4R F4R | 2.0 L 16V DOHC L4 | 138;142 cv &#8211; 2011 A 2013<\/p>\n<p>Renault Duster DYNAMIQUE 2.0 | F4R F4R | 2.0 L 16V DOHC L4 | 138;142 cv &#8211; 2011 A 2015<\/p>\n<p>Renault Duster OUTDOOR | K4M K4M | 1.6 L 16V DOHC L4 | 110;115 cv &#8211; 2011 A 2015<\/p>\n<p>Renault Duster TECH ROAD II 2.0 | F4R F4R | 2.0 L 16V DOHC L4 | 138;142 cv &#8211; 2011 A 2015<\/p>\n<p>Renault Duster 1.6 | K4M K4M | 1.6 L 16V DOHC L4 | 110;115 cv &#8211; 2011 A 2015<\/p>\n<p>Renault Duster EXPRESSION | K4M K4M | 1.6 L 16V DOHC L4 | 110;115 cv &#8211; 2011 A 2015<\/p>\n<p>Renault Duster DYNAMIQUE | K4M K4M | 1.6 L 16V DOHC L4 | 110;115 cv &#8211; 2011 A 2015<\/p>\n<p>Renault Duster DYNAMIQUE 2.0 AT | F4R F4R | 2.0 L 16V DOHC L4 | 138;142 cv &#8211; 2011 A 2015<\/p>\n<p>Renault Duster DYNAMIQUE 2.0 4X4 | F4R F4R | 2.0 L 16V DOHC L4 | 138;142 cv &#8211; 2011 A 2015<\/p>\n<p>Renault Duster TECH ROAD II 2.0 AT | F4R F4R | 2.0 L 16V DOHC L4 | 138;142 cv &#8211; 2011 A 2015<\/p>\n<p>Renault Duster TECH ROAD II 2.0 4X4 | F4R F4R | 2.0 L 16V DOHC L4 | 138;142 cv &#8211; 2011 A 2015<\/p>\n<p>Renault Duster TECH ROAD | K4M K4M | 1.6 L 16V DOHC L4 | 110;115 cv &#8211; 2011 A 2015<\/p>\n<p>Renault Duster EXPRESSION | K4M K4M | 1.6 L 16V DOHC L4 | 110;115 cv &#8211; 2011 A 2016<\/p>\n<p>Renault Duster DAKAR | K4M K4M | 1.6 L 16V DOHC L4 | 110;115 cv &#8211; 2011 A 2016<\/p>\n<p>Renault Duster DYNAMIQUE | K4M K4M | 1.6 L 16V DOHC L4 | 110;115 cv &#8211; 2011 A 2016<\/p>\n<p>Renault Duster DAKAR | SCE H4M SCE H4M | 1.6 L 16V DOHC L4 | 118;120 cv &#8211; 2011 A 2018<\/p>\n<p>Renault Duster DAKAR 2.0 4X2 AT | F4R F4R | 2.0 L 16V DOHC L4 | 143;148 cv &#8211; 2011 A 2018<\/p>\n<p>Renault Duster DAKAR 2.0 4X4 | F4R F4R | 2.0 L 16V DOHC L4 | 143;148 cv &#8211; 2011 A 2018<\/p>\n<p>Renault Duster DYNAMIQUE 2.0 | F4R F4R | 2.0 L 16V DOHC L4 | 143;148 cv &#8211; 2011 A 2019<\/p>\n<p>Renault Duster GOPRO | SCE H4M SCE H4M | 1.6 L 16V DOHC L4 | 118;120 cv &#8211; 2011 A 2019<\/p>\n<p>Renault Duster DYNAMIQUE 2.0 AT | F4R F4R | 2.0 L 16V DOHC L4 | 143;148 cv &#8211; 2011 A 2020<\/p>\n<p>Renault Duster INTENSE | SCE H4M SCE H4M | 1.6 L 16V DOHC L4 | 118;120 cv &#8211; 2011<\/p>\n<p>Renault Duster DYNAMIQUE | SCE H4M SCE H4M | 1.6 L 16V DOHC L4 | 118;120 cv &#8211; 2011<\/p>\n<p>Renault Duster EXPRESSION | SCE H4M SCE H4M | 1.6 L 16V DOHC L4 | 118;120 cv &#8211; 2011<\/p>\n<p>Renault Duster ICONIC | SCE H4M SCE H4M | 1.6 L 16V DOHC L4 | 118;120 cv &#8211; 2011<\/p>\n<p>Renault Duster ZEN | SCE H4M SCE H4M | 1.6 L 16V DOHC L4 | 118;120 cv &#8211; 2011<\/p>\n<p>Renault Duster DYNAMIQUE 2.0 4X4 | F4R F4R | 2.0 L 16V DOHC L4 | 143;148 &#8211; 2011<\/p>\n<p>Renault Duster GOPRO 2.0 4X4 MT | F4R F4R | 2.0 L 16V DOHC L4 | 143;148 cv &#8211; 2011<\/p>\n<p>Renault Duster AUTHENTIQUE | SCE H4M SCE H4M | 1.6 L 16V DOHC L4 | 118;120 cv &#8211;\u00a0 2011<\/p>\n<p>Renault Duster LIFE | SCE H4M SCE H4M | 1.6 L 16V DOHC L4 | 118;120 cv &#8211; 2011<\/p>\n<h4>C\u00f3digo de Refer\u00eancia:<\/h4>\n<p>364005039r<\/p>\n<p><strong>Condi\u00e7\u00f5es:<\/strong><\/p>\n<p>Novo Original \/ Marca Renault<\/p>\n<h4><strong>Garantia:<\/strong><\/h4>\n<p>3 Meses<strong>\u00a0<\/strong><\/p>\n<h3>ATEN\u00c7\u00c3O: Antes de efetuar a compra verifique o c\u00f3digo da sua pe\u00e7a que est\u00e1 instalada no seu ve\u00edculo.<\/h3>\n<h3><strong>APLICA\u00c7\u00c3O:<\/strong><\/h3>\n<p>Linha Renault<\/p>\n<h4><strong>\u00a0O que \u00e9 e para que serve o Cabo Freio de M\u00e3o?<\/strong><\/h4>\n<p>O Cabo do freio de m\u00e3o, tamb\u00e9m conhecido como cabo de freio de estacionamento ou cabo de freio de emerg\u00eancia, \u00e9 um componente essencial do sistema de freio de estacionamento de um ve\u00edculo. Sua fun\u00e7\u00e3o principal \u00e9 atuar na aplica\u00e7\u00e3o dos freios traseiros quando o freio de m\u00e3o \u00e9 acionado pelo motorista, quer seja por meio de uma alavanca ou um pedal, dependendo do design do ve\u00edculo.<\/p>\n<p>&nbsp;<\/p>\n<p>A Casa da Inje\u00e7\u00e3o oferece total garantia nos produtos comprados em nosso site.<\/p>\n<ol>\n<li>Cada item \u00e9 rigorosamente testado antes do envio<\/li>\n<li>Se os itens estiverem danificados ou parcialmente defeituosos, entre em contato conosco.<\/li>\n<\/ol>\n<p>Se houver qualquer defeito, n\u00f3s lhe enviaremos uma substitui\u00e7\u00e3o ap\u00f3s receber o pacote ou devolvemos seu dinheiro.<\/p>\n<p>Leia nossa\u00a0<span style=\"color: #ff0000;\"><a style=\"color: #ff0000;\" href=\"https:\/\/www.casadainjecao.com.br\/loja\/politica-de-devolucao\">pol\u00edtica de devolu\u00e7\u00e3o aqui<\/a><\/span><\/p>\n<p>\u2014\u2014\u2014\u2014\u2014\u2014\u2014\u2014\u2014\u2014\u2014\u2014\u2014\u2014\u2014\u2014\u2014\u2014\u2014\u2013<\/p>\n<p><strong>Tem alguma d\u00favida?<\/strong><\/p>\n<p>Entre em contato que podemos ajudar!<\/p>\n<p>Confira as informa\u00e7\u00f5es adicionais abaixo:<\/p>\n<ul>\n<li>Todos os nossos produtos s\u00e3o novos, semi-novos, originais e paralelos possuem garantia.<\/li>\n<li>Todos os produtos anunciados est\u00e3o dispon\u00edveis em estoque e s\u00e3o enviados com extrema rapidez.<\/li>\n<li>O frete pode ser simulado antes de efetuar a compra, basta clicar em \u201cver custos de envio\u201d.<\/li>\n<li>Verifique o endere\u00e7o de entrega cadastrado e atualize caso necess\u00e1rio.<\/li>\n<li>Confirme se a pe\u00e7a \u00e9 correta para o seu modelo de ve\u00edculo.<\/li>\n<li>Para pe\u00e7as automotivas, recomendamos a instala\u00e7\u00e3o por um profissional especializado.<\/li>\n<\/ul>\n<p>Caso possua outras d\u00favidas, entre em contato.<\/p>\n","protected":false},"excerpt":{"rendered":"<h2>Cabo Freio de M\u00e3o Renault Duster 4X2 &#8211; 364005039r<\/h2>\n","protected":false},"featured_media":31161,"template":"","meta":{"_seopress_robots_primary_cat":"none","_seopress_titles_title":"","_seopress_titles_desc":"","_seopress_robots_index":"","_seopress_analysis_target_kw":"","_kad_blocks_custom_css":"","_kad_blocks_head_custom_js":"","_kad_blocks_body_custom_js":"","_kad_blocks_footer_custom_js":"","_kadence_starter_templates_imported_post":false,"_joinchat":[]},"product_brand":[],"product_cat":[172,20],"product_tag":[52],"berocket_brand":[394],"class_list":{"0":"post-13449","1":"product","2":"type-product","3":"status-publish","4":"has-post-thumbnail","6":"product_cat-cabo-freio-de-mao","7":"product_cat-freios","8":"product_tag-duster","9":"berocket_brand-renault","10":"thunk-woo-product-list","11":"big-store-woo-hover-zoom","12":"open-single-product-tab-horizontal","13":"open-shadow-","14":"open-shadow-hover-","16":"first","17":"instock","18":"sale","19":"taxable","20":"shipping-taxable","21":"purchasable","22":"product-type-simple"},"taxonomy_info":{"product_cat":[{"value":172,"label":"Cabo Freio de M\u00e3o"},{"value":20,"label":"Freios"}],"product_tag":[{"value":52,"label":"Duster"}],"berocket_brand":[{"value":394,"label":"Renault"}]},"featured_image_src_large":["https:\/\/www.casadainjecao.com.br\/loja\/wp-content\/uploads\/2021\/11\/364005982r-920x920.jpg",640,640,true],"author_info":[],"comment_info":"","_links":{"self":[{"href":"https:\/\/www.casadainjecao.com.br\/loja\/wp-json\/wp\/v2\/product\/13449","targetHints":{"allow":["GET"]}}],"collection":[{"href":"https:\/\/www.casadainjecao.com.br\/loja\/wp-json\/wp\/v2\/product"}],"about":[{"href":"https:\/\/www.casadainjecao.com.br\/loja\/wp-json\/wp\/v2\/types\/product"}],"wp:featuredmedia":[{"embeddable":true,"href":"https:\/\/www.casadainjecao.com.br\/loja\/wp-json\/wp\/v2\/media\/31161"}],"wp:attachment":[{"href":"https:\/\/www.casadainjecao.com.br\/loja\/wp-json\/wp\/v2\/media?parent=13449"}],"wp:term":[{"taxonomy":"product_brand","embeddable":true,"href":"https:\/\/www.casadainjecao.com.br\/loja\/wp-json\/wp\/v2\/product_brand?post=13449"},{"taxonomy":"product_cat","embeddable":true,"href":"https:\/\/www.casadainjecao.com.br\/loja\/wp-json\/wp\/v2\/product_cat?post=13449"},{"taxonomy":"product_tag","embeddable":true,"href":"https:\/\/www.casadainjecao.com.br\/loja\/wp-json\/wp\/v2\/product_tag?post=13449"},{"taxonomy":"berocket_brand","embeddable":true,"href":"https:\/\/www.casadainjecao.com.br\/loja\/wp-json\/wp\/v2\/berocket_brand?post=13449"}],"curies":[{"name":"wp","href":"https:\/\/api.w.org\/{rel}","templated":true}]}}