{"id":13659,"date":"2021-11-30T09:09:27","date_gmt":"2021-11-30T12:09:27","guid":{"rendered":"https:\/\/www.casadainjecao.com.br\/loja\/?post_type=product&#038;p=13659"},"modified":"2026-03-21T16:51:14","modified_gmt":"2026-03-21T19:51:14","slug":"eixo-da-marcha-re-renault-clio-logan-sandero-megane-8200385828","status":"publish","type":"product","link":"https:\/\/www.casadainjecao.com.br\/loja\/autopecas\/transmissao\/cambio\/eixo-da-marcha-re-renault-clio-logan-sandero-megane-8200385828\/","title":{"rendered":"Eixo da Marcha Re Caixa Marchas Renault Captur Duster &#8211"},"content":{"rendered":"<h2>Eixo da Marcha R\u00e9 Caixa de Marchas Forquilha Caixa de Velocidade<\/h2>\n<p><span style=\"color: #000000;\"><span style=\"font-family: Proxima Nova, apple-system, Roboto, Arial, sans-serif;\"><span style=\"font-size: large;\">Renault <\/span><\/span><\/span><\/p>\n<p><span style=\"color: #000000;\"><span style=\"font-family: Proxima Nova, apple-system, Roboto, Arial, sans-serif;\"><span style=\"font-size: large;\">D<\/span><\/span><\/span><span style=\"color: #000000;\"><span style=\"font-family: Proxima Nova, apple-system, Roboto, Arial, sans-serif;\"><span style=\"font-size: large;\">uster<\/span><\/span><\/span><span style=\"color: #000000;\"><span style=\"font-family: Proxima Nova, apple-system, Roboto, Arial, sans-serif;\"><span style=\"font-size: large;\"> de 2010 a 2017<\/span><\/span><\/span><\/p>\n<p><span style=\"color: #000000;\"><span style=\"font-family: Proxima Nova, apple-system, Roboto, Arial, sans-serif;\"><span style=\"font-size: large;\">F<\/span><\/span><\/span><span style=\"color: #000000;\"><span style=\"font-family: Proxima Nova, apple-system, Roboto, Arial, sans-serif;\"><span style=\"font-size: large;\">luence<\/span><\/span><\/span><span style=\"color: #000000;\"><span style=\"font-family: Proxima Nova, apple-system, Roboto, Arial, sans-serif;\"><span style=\"font-size: large;\"> de 2001 a 2018\u00a0<\/span><\/span><\/span><\/p>\n<p><span style=\"color: #000000;\"><span style=\"font-family: Proxima Nova, apple-system, Roboto, Arial, sans-serif;\"><span style=\"font-size: large;\">Megane Hatch RT 1.6\/RT\/Aliz\u00e9\/Exp 1.6 16V 98 a 2005 Gasolina<\/span><\/span><\/span><\/p>\n<p><span style=\"color: #000000;\"><span style=\"font-family: Proxima Nova, apple-system, Roboto, Arial, sans-serif;\"><span style=\"font-size: large;\">Megane Hatch RXE\/Egeus 1.6 16V 2000, 2001 Gasolina<\/span><\/span><\/span><\/p>\n<p><span style=\"color: #000000;\"><span style=\"font-family: Proxima Nova, apple-system, Roboto, Arial, sans-serif;\"><span style=\"font-size: large;\">Megane Sedan RT\/Aliz\u00e9 1.6 16V 99, 2000, 2001 Gasolina<\/span><\/span><\/span><\/p>\n<p><span style=\"color: #000000;\"><span style=\"font-family: Proxima Nova, apple-system, Roboto, Arial, sans-serif;\"><span style=\"font-size: large;\">Megane Sedan Dynamique Hi-Flex 1.6 16V 2006 a 2011 Gasolina<\/span><\/span><\/span><\/p>\n<p><span style=\"color: #000000;\"><span style=\"font-family: Proxima Nova, apple-system, Roboto, Arial, sans-serif;\"><span style=\"font-size: large;\">Megane Sedan Expression Hi-Flex 1.6 16V 2006 a 2011 Gasolina<\/span><\/span><\/span><\/p>\n<p><span style=\"color: #000000;\"><span style=\"font-family: Proxima Nova, apple-system, Roboto, Arial, sans-serif;\"><span style=\"font-size: large;\">Megane Grand Tour Dynam. Hi-Flex 1.6 16V 2007 a 2013 Gasolina<\/span><\/span><\/span><\/p>\n<p><span style=\"color: #000000;\"><span style=\"font-family: Proxima Nova, apple-system, Roboto, Arial, sans-serif;\"><span style=\"font-size: large;\">Megane Grand Tour Expres.Hi-Flex 1.6 16V 2007 a 2011 Gasolina<\/span><\/span><\/span><\/p>\n<p><span style=\"color: #000000;\"><span style=\"font-family: Proxima Nova, apple-system, Roboto, Arial, sans-serif;\"><span style=\"font-size: large;\">Megane Sed. EXTREME HI-Flex 1.6 16V Mec. 2009, 2010 Gasolina<\/span><\/span><\/span><\/p>\n<p><span style=\"color: #000000;\"><span style=\"font-family: Proxima Nova, apple-system, Roboto, Arial, sans-serif;\"><span style=\"font-size: large;\">F<\/span><\/span><\/span><span style=\"color: #000000;\"><span style=\"font-family: Proxima Nova, apple-system, Roboto, Arial, sans-serif;\"><span style=\"font-size: large;\">luence<\/span><\/span><\/span><span style=\"color: #000000;\"><span style=\"font-family: Proxima Nova, apple-system, Roboto, Arial, sans-serif;\"><span style=\"font-size: large;\"> Sedan Expres. 1.6 16V FLEX Mec. 2012, 2013, 2014 Gasolina<\/span><\/span><\/span><\/p>\n<p><span style=\"color: #000000;\"><span style=\"font-family: Proxima Nova, apple-system, Roboto, Arial, sans-serif;\"><span style=\"font-size: large;\">C<\/span><\/span><\/span><span style=\"color: #000000;\"><span style=\"font-family: Proxima Nova, apple-system, Roboto, Arial, sans-serif;\"><span style=\"font-size: large;\">aptur<\/span><\/span><\/span><span style=\"color: #000000;\"><span style=\"font-family: Proxima Nova, apple-system, Roboto, Arial, sans-serif;\"><span style=\"font-size: large;\"> Zen 1.6 16V Flex 5p Mec. 2017, 2018, 2019 Gasolina<\/span><\/span><\/span><\/p>\n<p><span style=\"color: #000000;\"><span style=\"font-family: Proxima Nova, apple-system, Roboto, Arial, sans-serif;\"><span style=\"font-size: large;\">C<\/span><\/span><\/span><span style=\"color: #000000;\"><span style=\"font-family: Proxima Nova, apple-system, Roboto, Arial, sans-serif;\"><span style=\"font-size: large;\">aptur<\/span><\/span><\/span><span style=\"color: #000000;\"><span style=\"font-family: Proxima Nova, apple-system, Roboto, Arial, sans-serif;\"><span style=\"font-size: large;\"> Intense 1.6 16V Flex 5p Aut. 2017, 2018, 2019 Gasolina<\/span><\/span><\/span><\/p>\n<p><span style=\"color: #000000;\"><span style=\"font-family: Proxima Nova, apple-system, Roboto, Arial, sans-serif;\"><span style=\"font-size: large;\">C<\/span><\/span><\/span><span style=\"color: #000000;\"><span style=\"font-family: Proxima Nova, apple-system, Roboto, Arial, sans-serif;\"><span style=\"font-size: large;\">aptur<\/span><\/span><\/span><span style=\"color: #000000;\"><span style=\"font-family: Proxima Nova, apple-system, Roboto, Arial, sans-serif;\"><span style=\"font-size: large;\"> Zen 1.6 16V Flex 5p Aut. 2018, 2019 Gasolina<\/span><\/span><\/span><\/p>\n<p>Laguna 2.0 16v 3.0 24v 2000 a 2016<\/p>\n<h4>C\u00f3digo de Refer\u00eancia:<\/h4>\n<p>8200385828, 8200368712, 8200198011<\/p>\n<h4>Condi\u00e7\u00f5es:<\/h4>\n<p>Novo Original \/ Marca Renault<\/p>\n<h4 class=\"ui-pdp-description__content\">Garantia:<\/h4>\n<p class=\"ui-pdp-description__content\">3 Meses<\/p>\n<h3 class=\"ui-pdp-description__content\">ATEN\u00c7\u00c3O: Antes de efetuar a compra verifique o c\u00f3digo da pe\u00e7a que est\u00e1 instalada no seu ve\u00edculo.<\/h3>\n<h4 class=\"ui-pdp-description__content\">O que \u00e9 e para que serve o Eixo da Marcha R\u00e9 Caixa Marchas?<\/h4>\n<p class=\"ui-pdp-description__content\">O Eixo da Marcha r\u00e9 \u00e9 respons\u00e1vel por transmitir a pot\u00eancia do motor para as rodas no sentido inverso ao normal, permitindo que o ve\u00edculo se mova para tr\u00e1s. Ele faz isso por meio do engajamento de engrenagens espec\u00edficas para a marcha r\u00e9.<\/p>\n<p>&nbsp;<\/p>\n<p>A Casa da Inje\u00e7\u00e3o oferece total garantia nos produtos comprados em nosso site.<\/p>\n<ol>\n<li>Cada item \u00e9 rigorosamente testado antes do envio<\/li>\n<li>Se os itens estiverem danificados ou parcialmente defeituosos, entre em contato conosco.<\/li>\n<\/ol>\n<p>Se houver qualquer defeito, n\u00f3s lhe enviaremos uma substitui\u00e7\u00e3o ap\u00f3s receber o pacote ou devolvemos seu dinheiro.<\/p>\n<p>Leia nossa\u00a0<span style=\"color: #ff0000;\"><a style=\"color: #ff0000;\" href=\"https:\/\/www.casadainjecao.com.br\/loja\/politica-de-devolucao\">pol\u00edtica de devolu\u00e7\u00e3o aqui<\/a><\/span><\/p>\n<p>\u2014\u2014\u2014\u2014\u2014\u2014\u2014\u2014\u2014\u2014\u2014\u2014\u2014\u2014\u2014\u2014\u2014\u2014\u2014\u2014-<\/p>\n<h4>Tem alguma d\u00favida?<\/h4>\n<p>Entre em contato que podemos ajudar!<\/p>\n<p>Confira as informa\u00e7\u00f5es adicionais abaixo:<\/p>\n<ul>\n<li>Todos os nossos produtos s\u00e3o novos, semi-novos, originais, paralelos e possuem garantia.<\/li>\n<li>Todos os produtos anunciados est\u00e3o dispon\u00edveis em estoque e s\u00e3o enviados com extrema rapidez.<\/li>\n<li>O frete pode ser simulado antes de efetuar a compra, basta clicar em \u201cver custos de envio\u201d.<\/li>\n<li>Verifique o endere\u00e7o de entrega cadastrado e atualize caso necess\u00e1rio.<\/li>\n<li>Confirme se a pe\u00e7a \u00e9 correta para o seu modelo de ve\u00edculo.<\/li>\n<li>Para pe\u00e7as automotivas, recomendamos a instala\u00e7\u00e3o por um profissional especializado.<\/li>\n<\/ul>\n","protected":false},"excerpt":{"rendered":"<h2>Eixo da Marcha Re Caixa Marchas Renault Captur Duster &#8211; 8200385828<\/h2>\n<h2><\/h2>\n","protected":false},"featured_media":31748,"template":"","meta":{"_seopress_robots_primary_cat":"none","_seopress_titles_title":"","_seopress_titles_desc":"","_seopress_robots_index":"","_joinchat":[]},"product_cat":[320,324,326,26],"product_tag":[49,52,57,66,50,91,51],"berocket_brand":[394],"_links":{"self":[{"href":"https:\/\/www.casadainjecao.com.br\/loja\/wp-json\/wp\/v2\/product\/13659"}],"collection":[{"href":"https:\/\/www.casadainjecao.com.br\/loja\/wp-json\/wp\/v2\/product"}],"about":[{"href":"https:\/\/www.casadainjecao.com.br\/loja\/wp-json\/wp\/v2\/types\/product"}],"wp:featuredmedia":[{"embeddable":true,"href":"https:\/\/www.casadainjecao.com.br\/loja\/wp-json\/wp\/v2\/media\/31748"}],"wp:attachment":[{"href":"https:\/\/www.casadainjecao.com.br\/loja\/wp-json\/wp\/v2\/media?parent=13659"}],"wp:term":[{"taxonomy":"product_cat","embeddable":true,"href":"https:\/\/www.casadainjecao.com.br\/loja\/wp-json\/wp\/v2\/product_cat?post=13659"},{"taxonomy":"product_tag","embeddable":true,"href":"https:\/\/www.casadainjecao.com.br\/loja\/wp-json\/wp\/v2\/product_tag?post=13659"},{"taxonomy":"berocket_brand","embeddable":true,"href":"https:\/\/www.casadainjecao.com.br\/loja\/wp-json\/wp\/v2\/berocket_brand?post=13659"}],"curies":[{"name":"wp","href":"https:\/\/api.w.org\/{rel}","templated":true}]}}

<h2>Eixo da Marcha Ré Caixa de Marchas Forquilha Caixa de Velocidade</h2>
<p><span style="color: #000000;"><span style="font-family: Proxima Nova, apple-system, Roboto, Arial, sans-serif;"><span style="font-size: large;">Renault </span></span></span></p>
<p><span style="color: #000000;"><span style="font-family: Proxima Nova, apple-system, Roboto, Arial, sans-serif;"><span style="font-size: large;">D</span></span></span><span style="color: #000000;"><span style="font-family: Proxima Nova, apple-system, Roboto, Arial, sans-serif;"><span style="font-size: large;">uster</span></span></span><span style="color: #000000;"><span style="font-family: Proxima Nova, apple-system, Roboto, Arial, sans-serif;"><span style="font-size: large;"> de 2010 a 2017</span></span></span></p>
<p><span style="color: #000000;"><span style="font-family: Proxima Nova, apple-system, Roboto, Arial, sans-serif;"><span style="font-size: large;">F</span></span></span><span style="color: #000000;"><span style="font-family: Proxima Nova, apple-system, Roboto, Arial, sans-serif;"><span style="font-size: large;">luence</span></span></span><span style="color: #000000;"><span style="font-family: Proxima Nova, apple-system, Roboto, Arial, sans-serif;"><span style="font-size: large;"> de 2001 a 2018 </span></span></span></p>
<p><span style="color: #000000;"><span style="font-family: Proxima Nova, apple-system, Roboto, Arial, sans-serif;"><span style="font-size: large;">Megane Hatch RT 1.6/RT/Alizé/Exp 1.6 16V 98 a 2005 Gasolina</span></span></span></p>
<p><span style="color: #000000;"><span style="font-family: Proxima Nova, apple-system, Roboto, Arial, sans-serif;"><span style="font-size: large;">Megane Hatch RXE/Egeus 1.6 16V 2000, 2001 Gasolina</span></span></span></p>
<p><span style="color: #000000;"><span style="font-family: Proxima Nova, apple-system, Roboto, Arial, sans-serif;"><span style="font-size: large;">Megane Sedan RT/Alizé 1.6 16V 99, 2000, 2001 Gasolina</span></span></span></p>
<p><span style="color: #000000;"><span style="font-family: Proxima Nova, apple-system, Roboto, Arial, sans-serif;"><span style="font-size: large;">Megane Sedan Dynamique Hi-Flex 1.6 16V 2006 a 2011 Gasolina</span></span></span></p>
<p><span style="color: #000000;"><span style="font-family: Proxima Nova, apple-system, Roboto, Arial, sans-serif;"><span style="font-size: large;">Megane Sedan Expression Hi-Flex 1.6 16V 2006 a 2011 Gasolina</span></span></span></p>
<p><span style="color: #000000;"><span style="font-family: Proxima Nova, apple-system, Roboto, Arial, sans-serif;"><span style="font-size: large;">Megane Grand Tour Dynam. Hi-Flex 1.6 16V 2007 a 2013 Gasolina</span></span></span></p>
<p><span style="color: #000000;"><span style="font-family: Proxima Nova, apple-system, Roboto, Arial, sans-serif;"><span style="font-size: large;">Megane Grand Tour Expres.Hi-Flex 1.6 16V 2007 a 2011 Gasolina</span></span></span></p>
<p><span style="color: #000000;"><span style="font-family: Proxima Nova, apple-system, Roboto, Arial, sans-serif;"><span style="font-size: large;">Megane Sed. EXTREME HI-Flex 1.6 16V Mec. 2009, 2010 Gasolina</span></span></span></p>
<p><span style="color: #000000;"><span style="font-family: Proxima Nova, apple-system, Roboto, Arial, sans-serif;"><span style="font-size: large;">F</span></span></span><span style="color: #000000;"><span style="font-family: Proxima Nova, apple-system, Roboto, Arial, sans-serif;"><span style="font-size: large;">luence</span></span></span><span style="color: #000000;"><span style="font-family: Proxima Nova, apple-system, Roboto, Arial, sans-serif;"><span style="font-size: large;"> Sedan Expres. 1.6 16V FLEX Mec. 2012, 2013, 2014 Gasolina</span></span></span></p>
<p><span style="color: #000000;"><span style="font-family: Proxima Nova, apple-system, Roboto, Arial, sans-serif;"><span style="font-size: large;">C</span></span></span><span style="color: #000000;"><span style="font-family: Proxima Nova, apple-system, Roboto, Arial, sans-serif;"><span style="font-size: large;">aptur</span></span></span><span style="color: #000000;"><span style="font-family: Proxima Nova, apple-system, Roboto, Arial, sans-serif;"><span style="font-size: large;"> Zen 1.6 16V Flex 5p Mec. 2017, 2018, 2019 Gasolina</span></span></span></p>
<p><span style="color: #000000;"><span style="font-family: Proxima Nova, apple-system, Roboto, Arial, sans-serif;"><span style="font-size: large;">C</span></span></span><span style="color: #000000;"><span style="font-family: Proxima Nova, apple-system, Roboto, Arial, sans-serif;"><span style="font-size: large;">aptur</span></span></span><span style="color: #000000;"><span style="font-family: Proxima Nova, apple-system, Roboto, Arial, sans-serif;"><span style="font-size: large;"> Intense 1.6 16V Flex 5p Aut. 2017, 2018, 2019 Gasolina</span></span></span></p>
<p><span style="color: #000000;"><span style="font-family: Proxima Nova, apple-system, Roboto, Arial, sans-serif;"><span style="font-size: large;">C</span></span></span><span style="color: #000000;"><span style="font-family: Proxima Nova, apple-system, Roboto, Arial, sans-serif;"><span style="font-size: large;">aptur</span></span></span><span style="color: #000000;"><span style="font-family: Proxima Nova, apple-system, Roboto, Arial, sans-serif;"><span style="font-size: large;"> Zen 1.6 16V Flex 5p Aut. 2018, 2019 Gasolina</span></span></span></p>
<p>Laguna 2.0 16v 3.0 24v 2000 a 2016</p>
<h4>Código de Referência:</h4>
<p>8200385828, 8200368712, 8200198011</p>
<h4>Condições:</h4>
<p>Novo Original / Marca Renault</p>
<h4 class="ui-pdp-description__content">Garantia:</h4>
<p class="ui-pdp-description__content">3 Meses</p>
<h3 class="ui-pdp-description__content">ATENÇÃO: Antes de efetuar a compra verifique o código da peça que está instalada no seu veículo.</h3>
<h4 class="ui-pdp-description__content">O que é e para que serve o Eixo da Marcha Ré Caixa Marchas?</h4>
<p class="ui-pdp-description__content">O Eixo da Marcha ré é responsável por transmitir a potência do motor para as rodas no sentido inverso ao normal, permitindo que o veículo se mova para trás. Ele faz isso por meio do engajamento de engrenagens específicas para a marcha ré.</p>
<p>&nbsp;</p>
<p>A Casa da Injeção oferece total garantia nos produtos comprados em nosso site.</p>
<ol>
<li>Cada item é rigorosamente testado antes do envio</li>
<li>Se os itens estiverem danificados ou parcialmente defeituosos, entre em contato conosco.</li>
</ol>
<p>Se houver qualquer defeito, nós lhe enviaremos uma substituição após receber o pacote ou devolvemos seu dinheiro.</p>
<p>Leia nossa <span style="color: #ff0000;"><a style="color: #ff0000;" href="https://www.casadainjecao.com.br/loja/politica-de-devolucao">política de devolução aqui</a></span></p>
<p>————————————————————-</p>
<h4>Tem alguma dúvida?</h4>
<p>Entre em contato que podemos ajudar!</p>
<p>Confira as informações adicionais abaixo:</p>
<ul>
<li>Todos os nossos produtos são novos, semi-novos, originais, paralelos e possuem garantia.</li>
<li>Todos os produtos anunciados estão disponíveis em estoque e são enviados com extrema rapidez.</li>
<li>O frete pode ser simulado antes de efetuar a compra, basta clicar em “ver custos de envio”.</li>
<li>Verifique o endereço de entrega cadastrado e atualize caso necessário.</li>
<li>Confirme se a peça é correta para o seu modelo de veículo.</li>
<li>Para peças automotivas, recomendamos a instalação por um profissional especializado.</li>
</ul>
