{"id":13841,"date":"2021-12-11T18:07:33","date_gmt":"2021-12-11T21:07:33","guid":{"rendered":"https:\/\/www.casadainjecao.com.br\/loja\/?post_type=product&#038;p=13841"},"modified":"2026-04-08T14:55:49","modified_gmt":"2026-04-08T17:55:49","slug":"valvula-solenoide-vvt-fiat-palio-55209167","status":"publish","type":"product","link":"https:\/\/www.casadainjecao.com.br\/loja\/autopecas\/motor\/valvulas\/valvula-solenoide-vvt-fiat-palio-55209167\/","title":{"rendered":"Valvula Solenoide Cabe\u00e7ote VVT Fiat Palio 1.4 8v &#8211; 55"},"content":{"rendered":"<h2>V\u00e1lvula Solenoide Cabe\u00e7ote Motor VVT -Varia\u00e7\u00e3o Tempo de Abertura V\u00e1lvulas<\/h2>\n<h3>Serve para Fiat seguintes marcas: Grand Siena, Nova Fiorino, Novo Palio, Novo Uno, Furgoneta, Strada.<\/h3>\n<p>A V\u00e1lvula Solenoide VVT &#8211; Varia\u00e7\u00e3o Tempo de Abertura V\u00e1lvulas est\u00e1 vinculada ao sistema do <a href=\"https:\/\/www.casadainjecao.com.br\/loja\/?s=motor&amp;product_cat=0&amp;post_type=product\">motor.<\/a><\/p>\n<h3>APLICA\u00c7\u00c3O:<\/h3>\n<p>A V\u00e1lvula Solenoide (VVT -Varia\u00e7\u00e3o Tempo de Abertura V\u00e1lvulas) \u00e9 compat\u00edvel com os seguintes modelos:<\/p>\n<p><strong>FIAT:<\/strong><\/p>\n<ul>\n<li>Fiat Grand Siena de 2013 em diante<\/li>\n<li>Fiat Nova Fiorino de 2011 em diante<\/li>\n<li>Fiat Novo Palio de 2012 a 2017<\/li>\n<li>Fiat Novo Uno de 2011 em diante<\/li>\n<li>Fiat Furgoneta 2014 a 2016<\/li>\n<li>Fiat Strada 2017 em diante<\/li>\n<\/ul>\n<h3>O que \u00e9 e para que serve V\u00e1lvula Solenoide VVT -Varia\u00e7\u00e3o Tempo de Abertura V\u00e1lvulas?<\/h3>\n<p>As V\u00e1lvulas Solen\u00f3ides s\u00e3o dispositivos eletromec\u00e2nicos que possuem diversas aplica\u00e7\u00f5es em diferentes sistemas e equipamentos. A principal fun\u00e7\u00e3o de uma V\u00e1lvula Solen\u00f3ide \u00e9 controlar o fluxo de fluidos (l\u00edquidos ou gases) ou o movimento de pe\u00e7as mec\u00e2nicas em resposta a um sinal el\u00e9trico.<\/p>\n<h4>C\u00f3digo refer\u00eancia:<\/h4>\n<p>55209167, 55209166, 46349494, F-347558.14<\/p>\n<h4>Condi\u00e7\u00f5es:<\/h4>\n<p>Novo\/ Marca Torken<\/p>\n<h4>Garantia:<\/h4>\n<p>3 Meses<\/p>\n<p>A Casa da Inje\u00e7\u00e3o oferece total garantia nos produtos comprados em nosso site.<\/p>\n<ol>\n<li>Cada item \u00e9 rigorosamente testado antes do envio<\/li>\n<li>Se os itens estiverem danificados ou parcialmente defeituosos, entre em contato conosco.<\/li>\n<\/ol>\n<p>Se houver qualquer defeito, n\u00f3s lhe enviaremos uma substitui\u00e7\u00e3o ap\u00f3s receber o pacote ou devolvemos seu dinheiro.<\/p>\n<p>Leia nossa <a href=\"https:\/\/www.casadainjecao.com.br\/loja\/politica-de-devolucao\">pol\u00edtica de devolu\u00e7\u00e3o aqui<\/a><\/p>\n<p>&#8212;&#8212;&#8212;&#8212;&#8212;&#8212;&#8212;&#8212;&#8212;&#8212;&#8212;&#8212;&#8212;&#8212;&#8212;&#8212;&#8212;&#8212;&#8212;&#8211;<\/p>\n<p><strong>ATEN\u00c7\u00c3O<\/strong>: Antes de efetuar a compra verifique o c\u00f3digo da V\u00e1lvula Solenoide VVT -Varia\u00e7\u00e3o Tempo de Abertura V\u00e1lvulas que est\u00e1 instalado no seu ve\u00edculo.<\/p>\n<p>A V\u00e1lvula Solenoide VVT -Varia\u00e7\u00e3o Tempo de Abertura V\u00e1lvulas \u00e9 compat\u00edvel com as marcas Fiat: Grand Siena, Nova Fiorino, Novo Palio, Novo Uno, Furgoneta, Strada.<\/p>\n<p>&#8212;&#8212;&#8212;&#8212;&#8212;&#8212;&#8212;&#8212;&#8212;&#8212;&#8212;&#8212;&#8212;&#8212;&#8212;&#8212;&#8212;&#8212;&#8212;&#8212;-<\/p>\n<h4>Tem alguma d\u00favida?<\/h4>\n<p>Entre em contato que podemos ajudar!<\/p>\n<p>Confira as informa\u00e7\u00f5es adicionais abaixo:<\/p>\n<ul>\n<li>Todos os nossos produtos s\u00e3o novos, semi-novos, originais, paralelos e possuem garantia.<\/li>\n<li>Todos os produtos anunciados est\u00e3o dispon\u00edveis em estoque e s\u00e3o enviados com extrema rapidez.<\/li>\n<li>O frete pode ser simulado antes de efetuar a compra, basta clicar em \u201cver custos de envio\u201d.<\/li>\n<li>Verifique o endere\u00e7o de entrega cadastrado e atualize caso necess\u00e1rio.<\/li>\n<li>Confirme se a pe\u00e7a \u00e9 correta para o seu modelo de ve\u00edculo.<\/li>\n<li>Para pe\u00e7as automotivas, recomendamos a instala\u00e7\u00e3o por um profissional especializado.<\/li>\n<\/ul>\n<p>Caso possua outras d\u00favidas, entre em contato.<\/p>\n<h2><\/h2>\n<p>&nbsp;<\/p>\n<p>&nbsp;<\/p>\n","protected":false},"excerpt":{"rendered":"<h2>V\u00e1lvula Solenoide VVT Fiat Uno Fiorino Palio Strada\u00a0 &#8211; 55209167<\/h2>\n","protected":false},"featured_media":45043,"template":"","meta":{"_seopress_robots_primary_cat":"none","_seopress_titles_title":"","_seopress_titles_desc":"","_seopress_robots_index":"","_joinchat":[]},"product_cat":[22,244],"product_tag":[280,1392,119,121,214],"berocket_brand":[383],"_links":{"self":[{"href":"https:\/\/www.casadainjecao.com.br\/loja\/wp-json\/wp\/v2\/product\/13841"}],"collection":[{"href":"https:\/\/www.casadainjecao.com.br\/loja\/wp-json\/wp\/v2\/product"}],"about":[{"href":"https:\/\/www.casadainjecao.com.br\/loja\/wp-json\/wp\/v2\/types\/product"}],"wp:featuredmedia":[{"embeddable":true,"href":"https:\/\/www.casadainjecao.com.br\/loja\/wp-json\/wp\/v2\/media\/45043"}],"wp:attachment":[{"href":"https:\/\/www.casadainjecao.com.br\/loja\/wp-json\/wp\/v2\/media?parent=13841"}],"wp:term":[{"taxonomy":"product_cat","embeddable":true,"href":"https:\/\/www.casadainjecao.com.br\/loja\/wp-json\/wp\/v2\/product_cat?post=13841"},{"taxonomy":"product_tag","embeddable":true,"href":"https:\/\/www.casadainjecao.com.br\/loja\/wp-json\/wp\/v2\/product_tag?post=13841"},{"taxonomy":"berocket_brand","embeddable":true,"href":"https:\/\/www.casadainjecao.com.br\/loja\/wp-json\/wp\/v2\/berocket_brand?post=13841"}],"curies":[{"name":"wp","href":"https:\/\/api.w.org\/{rel}","templated":true}]}}