{"id":14127,"date":"2021-12-18T10:22:00","date_gmt":"2021-12-18T13:22:00","guid":{"rendered":"https:\/\/www.casadainjecao.com.br\/loja\/?post_type=product&#038;p=14127"},"modified":"2026-02-19T14:44:50","modified_gmt":"2026-02-19T17:44:50","slug":"filtro-de-ar-carvao-ativado-renault-scenic-k599","status":"publish","type":"product","link":"https:\/\/www.casadainjecao.com.br\/loja\/autopecas\/ar-condicionado\/filtro\/filtro-de-ar-carvao-ativado-renault-scenic-k599\/","title":{"rendered":"Filtro de Ar Carv\u00e3o Ativado Renault Scenic &#8211; K599"},"content":{"rendered":"<h2>Filtro de Ar Carv\u00e3o Ativado<\/h2>\n<p>&nbsp;<\/p>\n<h2><strong data-start=\"86\" data-end=\"104\">RENAULT SC\u00c9NIC<\/strong><br data-start=\"104\" data-end=\"107\" \/>\u2022 1999<br data-start=\"113\" data-end=\"116\" \/>\u2022 2000<br data-start=\"122\" data-end=\"125\" \/>\u2022 2001<br data-start=\"131\" data-end=\"134\" \/>\u2022 2002<br data-start=\"140\" data-end=\"143\" \/>\u2022 2003<br data-start=\"149\" data-end=\"152\" \/>\u2022 2004<br data-start=\"158\" data-end=\"161\" \/>\u2022 2005<br data-start=\"167\" data-end=\"170\" \/>\u2022 2006<br data-start=\"176\" data-end=\"179\" \/>\u2022 2007<br data-start=\"185\" data-end=\"188\" \/>\u2022 2008<br data-start=\"194\" data-end=\"197\" \/>\u2022 2009<br data-start=\"203\" data-end=\"206\" \/>\u2022 2010<\/h2>\n<p>&nbsp;<\/p>\n<h2><strong data-start=\"216\" data-end=\"247\">RENAULT M\u00c9GANE (1\u00aa gera\u00e7\u00e3o)<\/strong><br data-start=\"247\" data-end=\"250\" \/>\u2022 1999<br data-start=\"256\" data-end=\"259\" \/>\u2022 2000<br data-start=\"265\" data-end=\"268\" \/>\u2022 2001<br data-start=\"274\" data-end=\"277\" \/>\u2022 2002<br data-start=\"283\" data-end=\"286\" \/>\u2022 2003<br data-start=\"292\" data-end=\"295\" \/>\u2022 2004<br data-start=\"301\" data-end=\"304\" \/>\u2022 2005<br data-start=\"310\" data-end=\"313\" \/>\u2022 2006<\/h2>\n<h2>Codigo: K599<\/h2>\n<p>&nbsp;<\/p>\n<p>Condi\u00e7\u00e3o do item: Novo<\/p>\n<p>&nbsp;<\/p>\n<p>Marca: Renault<\/p>\n<p>&nbsp;<\/p>\n<p>garantia: 3 meses<\/p>\n<p>&nbsp;<\/p>\n<p>ATEN\u00c7\u00c3O: Antes de efetuar a compra verifique o c\u00f3digo da sua pe\u00e7a que est\u00e1 instalado no seu ve\u00edculo. e confirme se corresponde ao c\u00f3digo informado neste an\u00fancio.<\/p>\n<p>Em caso de d\u00favida, utilize o campo de perguntas.<\/p>\n<p>&nbsp;<\/p>\n<p>&nbsp;<\/p>\n<p>&nbsp;<\/p>\n<p>A Casa da Inje\u00e7\u00e3o oferece total garantia nos produtos comprados em nosso site.<br \/>\nCada item \u00e9 rigorosamente testado antes do envio<br \/>\nSe os itens estiverem danificados ou parcialmente defeituosos, entre em contato conosco.<br \/>\nProcure um profissional devidamente licenciado para a instala\u00e7\u00e3o e fa\u00e7a revis\u00f5es periodicamente. A empresa n\u00e3o se responsabiliza por problemas oriundos da m\u00e1 instala\u00e7\u00e3o ou com a falta de cuidados peri\u00f3dicos dos componentes.<br \/>\nSe houver qualquer defeito, n\u00f3s lhe enviaremos uma substitui\u00e7\u00e3o ap\u00f3s receber o pacote ou devolvemos seu dinheiro.<br \/>\nLeia nossa pol\u00edtica de devolu\u00e7\u00e3o aqui<br \/>\nTem alguma d\u00favida?<br \/>\nEntre em contato que podemos ajudar!<br \/>\nConfira as informa\u00e7\u00f5es adicionais abaixo:<br \/>\nTodos os nossos produtos s\u00e3o novos, semi-novos, originais e paralelos possuem garantia.<br \/>\nTodos os produtos anunciados est\u00e3o dispon\u00edveis em estoque e s\u00e3o enviados com extrema rapidez.<br \/>\nO frete pode ser simulado antes de efetuar a compra, basta clicar em \u201cver custos de envio\u201d.<br \/>\nVerifique o endere\u00e7o de entrega cadastrado e atualize caso necess\u00e1rio.<br \/>\nConfirme se a pe\u00e7a \u00e9 correta para o seu modelo de ve\u00edculo.<br \/>\nPara pe\u00e7as automotivas, recomendamos a instala\u00e7\u00e3o por um profissional especializado.<br \/>\nCaso possua outras d\u00favidas, entre em contato.<\/p>\n","protected":false},"excerpt":{"rendered":"<h1>Filtro de Ar Carv\u00e3o Ativado Renault Scenic &#8211; K5<\/h1>\n","protected":false},"featured_media":14129,"template":"","meta":{"_seopress_robots_primary_cat":"none","_seopress_titles_title":"","_seopress_titles_desc":"","_seopress_robots_index":"","_joinchat":[]},"product_cat":[16,1253,1311],"product_tag":[51],"berocket_brand":[394],"_links":{"self":[{"href":"https:\/\/www.casadainjecao.com.br\/loja\/wp-json\/wp\/v2\/product\/14127"}],"collection":[{"href":"https:\/\/www.casadainjecao.com.br\/loja\/wp-json\/wp\/v2\/product"}],"about":[{"href":"https:\/\/www.casadainjecao.com.br\/loja\/wp-json\/wp\/v2\/types\/product"}],"wp:featuredmedia":[{"embeddable":true,"href":"https:\/\/www.casadainjecao.com.br\/loja\/wp-json\/wp\/v2\/media\/14129"}],"wp:attachment":[{"href":"https:\/\/www.casadainjecao.com.br\/loja\/wp-json\/wp\/v2\/media?parent=14127"}],"wp:term":[{"taxonomy":"product_cat","embeddable":true,"href":"https:\/\/www.casadainjecao.com.br\/loja\/wp-json\/wp\/v2\/product_cat?post=14127"},{"taxonomy":"product_tag","embeddable":true,"href":"https:\/\/www.casadainjecao.com.br\/loja\/wp-json\/wp\/v2\/product_tag?post=14127"},{"taxonomy":"berocket_brand","embeddable":true,"href":"https:\/\/www.casadainjecao.com.br\/loja\/wp-json\/wp\/v2\/berocket_brand?post=14127"}],"curies":[{"name":"wp","href":"https:\/\/api.w.org\/{rel}","templated":true}]}}