{"id":14436,"date":"2021-12-23T12:00:11","date_gmt":"2021-12-23T15:00:11","guid":{"rendered":"https:\/\/www.casadainjecao.com.br\/loja\/?post_type=product&#038;p=14436"},"modified":"2026-02-12T17:06:54","modified_gmt":"2026-02-12T20:06:54","slug":"soquete-lampada-farol-renault-clio-7701047563","status":"publish","type":"product","link":"https:\/\/www.casadainjecao.com.br\/loja\/autopecas\/eletrica\/lampadas\/soquete-lampada-farol-renault-clio-7701047563\/","title":{"rendered":"Soquete Lampada Farol Renault Clio &#8211; 7701047563"},"content":{"rendered":"<h1>Soquete Lampada Farol Renault Clio &#8211; 7701047563<\/h1>\n","protected":false},"excerpt":{"rendered":"<h2>Soquete da Lampada Farol Original<\/h2>\n<h3 data-start=\"674\" data-end=\"697\"><strong data-start=\"681\" data-end=\"697\">Renault Clio<\/strong><\/h3>\n<p data-start=\"698\" data-end=\"782\">\u00a0<strong data-start=\"701\" data-end=\"728\">Clio Hatch \/ Clio Sedan &#8211; <\/strong><strong data-start=\"752\" data-end=\"780\">1998 1999 2000 2001 2002 2003 2004 2005 2006 2007 2008 2009 2010 2011 2012 2013\u00a0<\/strong><\/p>\n<h3 data-start=\"1158\" data-end=\"1185\"><strong data-start=\"1165\" data-end=\"1183\">Renault Symbol<\/strong><\/h3>\n<p data-start=\"1186\" data-end=\"1273\">\u00a0Modelos com farol semelhantes \u2014 <strong data-start=\"1221\" data-end=\"1236\">2008 2009 2010 2011 2012\u00a0 2013<\/strong> (dependendo da vers\u00e3o de acabamento)<\/p>\n<h3 data-start=\"1275\" data-end=\"1337\"><strong data-start=\"1282\" data-end=\"1335\">Renault Logan \/ Sandero (em vers\u00f5es mais antigas)<\/strong><\/h3>\n<p data-start=\"1338\" data-end=\"1433\">\u00a0Dependendo do farol, o <strong data-start=\"1364\" data-end=\"1396\">soquete pode ser equivalente<\/strong> \u2014 confirme pelo encaixe do conector.<\/p>\n<h2><\/h2>\n<h2><\/h2>\n<h2><\/h2>\n<h2>Codigo:\u00a0 7701047563<\/h2>\n<p>&nbsp;<\/p>\n<h3>Condi\u00e7\u00e3o do item: Novo<\/h3>\n<h3>Marca: Renault<\/h3>\n<h3>garantia: 3 meses<\/h3>\n<p>ATEN\u00c7\u00c3O: Antes de efetuar a compra verifique o c\u00f3digo da sua pe\u00e7a que est\u00e1 instalado no seu ve\u00edculo. e confirme se corresponde ao c\u00f3digo informado neste an\u00fancio.<br \/>\nEm caso de d\u00favida, utilize o campo de perguntas.<\/p>\n<p>&nbsp;<\/p>\n<p>A Casa da Inje\u00e7\u00e3o oferece total garantia nos produtos comprados em nosso site.<br \/>\nCada item \u00e9 rigorosamente testado antes do envio<br \/>\nSe os itens estiverem danificados ou parcialmente defeituosos, entre em contato conosco.<br \/>\nProcure um profissional devidamente licenciado para a instala\u00e7\u00e3o e fa\u00e7a revis\u00f5es periodicamente. A empresa n\u00e3o se responsabiliza por problemas oriundos da m\u00e1 instala\u00e7\u00e3o ou com a falta de cuidados peri\u00f3dicos dos componentes.<br \/>\nSe houver qualquer defeito, n\u00f3s lhe enviaremos uma substitui\u00e7\u00e3o ap\u00f3s receber o pacote ou devolvemos seu dinheiro.<br \/>\nLeia nossa pol\u00edtica de devolu\u00e7\u00e3o aqui<br \/>\nTem alguma d\u00favida?<br \/>\nEntre em contato que podemos ajudar!<br \/>\nConfira as informa\u00e7\u00f5es adicionais abaixo:<br \/>\nTodos os nossos produtos s\u00e3o novos, semi-novos, originais e paralelos possuem garantia.<br \/>\nTodos os produtos anunciados est\u00e3o dispon\u00edveis em estoque e s\u00e3o enviados com extrema rapidez.<br \/>\nO frete pode ser simulado antes de efetuar a compra, basta clicar em \u201cver custos de envio\u201d.<br \/>\nVerifique o endere\u00e7o de entrega cadastrado e atualize caso necess\u00e1rio.<br \/>\nConfirme se a pe\u00e7a \u00e9 correta para o seu modelo de ve\u00edculo.<br \/>\nPara pe\u00e7as automotivas, recomendamos a instala\u00e7\u00e3o por um profissional especializado.<br \/>\nCaso possua outras d\u00favidas, entre em contato.<\/p>\n","protected":false},"featured_media":14468,"template":"","meta":{"_seopress_robots_primary_cat":"none","_seopress_titles_title":"","_seopress_titles_desc":"","_seopress_robots_index":"","_joinchat":[]},"product_cat":[17,137],"product_tag":[49,50,51],"berocket_brand":[394],"_links":{"self":[{"href":"https:\/\/www.casadainjecao.com.br\/loja\/wp-json\/wp\/v2\/product\/14436"}],"collection":[{"href":"https:\/\/www.casadainjecao.com.br\/loja\/wp-json\/wp\/v2\/product"}],"about":[{"href":"https:\/\/www.casadainjecao.com.br\/loja\/wp-json\/wp\/v2\/types\/product"}],"wp:featuredmedia":[{"embeddable":true,"href":"https:\/\/www.casadainjecao.com.br\/loja\/wp-json\/wp\/v2\/media\/14468"}],"wp:attachment":[{"href":"https:\/\/www.casadainjecao.com.br\/loja\/wp-json\/wp\/v2\/media?parent=14436"}],"wp:term":[{"taxonomy":"product_cat","embeddable":true,"href":"https:\/\/www.casadainjecao.com.br\/loja\/wp-json\/wp\/v2\/product_cat?post=14436"},{"taxonomy":"product_tag","embeddable":true,"href":"https:\/\/www.casadainjecao.com.br\/loja\/wp-json\/wp\/v2\/product_tag?post=14436"},{"taxonomy":"berocket_brand","embeddable":true,"href":"https:\/\/www.casadainjecao.com.br\/loja\/wp-json\/wp\/v2\/berocket_brand?post=14436"}],"curies":[{"name":"wp","href":"https:\/\/api.w.org\/{rel}","templated":true}]}}