{"id":14542,"date":"2021-12-27T19:10:36","date_gmt":"2021-12-27T22:10:36","guid":{"rendered":"https:\/\/www.casadainjecao.com.br\/loja\/?post_type=product&#038;p=14542"},"modified":"2025-10-30T16:55:49","modified_gmt":"2025-10-30T19:55:49","slug":"polia-tensora-correia-dentada-hilux-2-4-2-8-1350354030","status":"publish","type":"product","link":"https:\/\/www.casadainjecao.com.br\/loja\/autopecas\/motor\/correias\/polia-tensora-correia-dentada-hilux-2-4-2-8-1350354030\/","title":{"rendered":"Polia Tensora Correia Dentada Hilux 2.4 2.8 &#8211; 13503540"},"content":{"rendered":"<h2>Polia Tensora da Correia Dentada<\/h2>\n<h3>Toyota Hilux 2.4 8v Diesel (1992 a 1998)<br \/>\nToyota Hilux 2.8 8v Diesel (1992 a 2001)<br \/>\nToyota Hilux 3.0 8v Diesel (2002 a 2005)<br \/>\nToyota Hilux SW4 2.8 8v Diesel (1992 a 1996)<br \/>\nToyota Hilux SW4 3.0 8v (1997 a 2005)<\/h3>\n<h3>C\u00f3digo de refer\u00eancia:<\/h3>\n<h3>Toyota &#8211; 1350354030, 1350354040, Cobra-1355, Ina-532009820, SKF-VKM81002, VT8199, Nytron2066, ATB2001<\/h3>\n<h5><strong>Condi\u00e7\u00f5es:<\/strong><\/h5>\n<h5>Novo Original\/ Marca Toyota<\/h5>\n<h5>Garantia:<\/h5>\n<h5>3 Meses<\/h5>\n<h5>APLICA\u00c7\u00c3O:<\/h5>\n<h5>Linha Toyota<\/h5>\n<h5>Especifica\u00e7\u00f5es:<\/h5>\n<h5>Medidas: 12x83x35<\/h5>\n<h5>28 dentes<\/h5>\n<h5><strong>O que \u00e9 e para que serve a Polia Tensora da Coreia Dentada?<\/strong><\/h5>\n<h5>A Polia Tensora da Correia Dentada \u00e9 um componente importante em sistemas de transmiss\u00e3o por correia dentada em motores de ve\u00edculos. Sua principal fun\u00e7\u00e3o \u00e9 manter a correia dentada sob tens\u00e3o adequada, consegue compensar as oscila\u00e7\u00f5es de temperatura, as mudan\u00e7as de carga e o alongamento da correia devido a longos per\u00edodos de funcionamento.<\/h5>\n<h5>A Casa da Inje\u00e7\u00e3o oferece total garantia nos produtos comprados em nosso site.<\/h5>\n<ol>\n<li>\n<h5>Cada item \u00e9 rigorosamente testado antes do envio<\/h5>\n<\/li>\n<li>\n<h5>Se os itens estiverem danificados ou parcialmente defeituosos, entre em contato conosco.<\/h5>\n<\/li>\n<\/ol>\n<h5>Se houver qualquer defeito, n\u00f3s lhe enviaremos uma substitui\u00e7\u00e3o ap\u00f3s receber o pacote ou devolvemos seu dinheiro.<\/h5>\n<h5>Leia nossa\u00a0<span style=\"color: #ff0000;\"><a style=\"color: #ff0000;\" href=\"https:\/\/www.casadainjecao.com.br\/loja\/politica-de-devolucao\">pol\u00edtica de devolu\u00e7\u00e3o aqui<\/a><\/span><\/h5>\n<h5>\u2014\u2014\u2014\u2014\u2014\u2014\u2014\u2014\u2014\u2014\u2014\u2014\u2014\u2014\u2014\u2014\u2014\u2014\u2014\u2013<\/h5>\n<h5><strong>ATEN\u00c7\u00c3O<\/strong>: Antes de efetuar a compra verifique o c\u00f3digo da pe\u00e7a que est\u00e1 instalada no seu ve\u00edculo.<\/h5>\n<h5>Tem alguma d\u00favida?<\/h5>\n<h5>Entre em contato que podemos ajudar!<\/h5>\n<h5>Confira as informa\u00e7\u00f5es adicionais abaixo:<\/h5>\n<ul>\n<li>\n<h5>Todos os nossos produtos s\u00e3o novos, semi-novos, originais, paralelos e possuem garantia.<\/h5>\n<\/li>\n<li>\n<h5>Todos os produtos anunciados est\u00e3o dispon\u00edveis em estoque e s\u00e3o enviados com extrema rapidez.<\/h5>\n<\/li>\n<li>\n<h5>O frete pode ser simulado antes de efetuar a compra, basta clicar em \u201cver custos de envio\u201d.<\/h5>\n<\/li>\n<li>\n<h5>Verifique o endere\u00e7o de entrega cadastrado e atualize caso necess\u00e1rio.<\/h5>\n<\/li>\n<li>\n<h5>Confirme se a pe\u00e7a \u00e9 correta para o seu modelo de ve\u00edculo.<\/h5>\n<\/li>\n<li>\n<h5>Para pe\u00e7as automotivas, recomendamos a instala\u00e7\u00e3o por um profissional especializado.<\/h5>\n<\/li>\n<\/ul>\n<h5>Caso possua outras d\u00favidas, entre em contato.<\/h5>\n","protected":false},"excerpt":{"rendered":"<h2>Polia Tensora Correia Dentada &#8211; 1350354030<\/h2>\n<h2><\/h2>\n<h2><\/h2>\n<p>&nbsp;<\/p>\n","protected":false},"featured_media":14546,"template":"","meta":{"_seopress_robots_primary_cat":"none","_seopress_titles_title":"","_seopress_titles_desc":"","_seopress_robots_index":"","_joinchat":[]},"product_cat":[213,22,231],"product_tag":[1423],"berocket_brand":[395],"_links":{"self":[{"href":"https:\/\/www.casadainjecao.com.br\/loja\/wp-json\/wp\/v2\/product\/14542"}],"collection":[{"href":"https:\/\/www.casadainjecao.com.br\/loja\/wp-json\/wp\/v2\/product"}],"about":[{"href":"https:\/\/www.casadainjecao.com.br\/loja\/wp-json\/wp\/v2\/types\/product"}],"wp:featuredmedia":[{"embeddable":true,"href":"https:\/\/www.casadainjecao.com.br\/loja\/wp-json\/wp\/v2\/media\/14546"}],"wp:attachment":[{"href":"https:\/\/www.casadainjecao.com.br\/loja\/wp-json\/wp\/v2\/media?parent=14542"}],"wp:term":[{"taxonomy":"product_cat","embeddable":true,"href":"https:\/\/www.casadainjecao.com.br\/loja\/wp-json\/wp\/v2\/product_cat?post=14542"},{"taxonomy":"product_tag","embeddable":true,"href":"https:\/\/www.casadainjecao.com.br\/loja\/wp-json\/wp\/v2\/product_tag?post=14542"},{"taxonomy":"berocket_brand","embeddable":true,"href":"https:\/\/www.casadainjecao.com.br\/loja\/wp-json\/wp\/v2\/berocket_brand?post=14542"}],"curies":[{"name":"wp","href":"https:\/\/api.w.org\/{rel}","templated":true}]}}