{"id":14939,"date":"2022-01-09T10:11:56","date_gmt":"2022-01-09T13:11:56","guid":{"rendered":"https:\/\/www.casadainjecao.com.br\/loja\/?post_type=product&#038;p=14939"},"modified":"2023-01-23T09:08:01","modified_gmt":"2023-01-23T12:08:01","slug":"tampa-plastica-vedacao-eixo-traseiro-renault-kangoo-7703074453","status":"publish","type":"product","link":"https:\/\/www.casadainjecao.com.br\/loja\/autopecas\/suspencao\/eixo-traseiro\/tampa-plastica-vedacao-eixo-traseiro-renault-kangoo-7703074453\/","title":{"rendered":"Tampa Plastica Veda\u00e7\u00e3o Eixo Traseiro Renault Kangoo &#8211"},"content":{"rendered":"<h1>Tampa Plastica Veda\u00e7\u00e3o Eixo Traseiro Renault Kangoo &#8211; 7703074453<\/h1>\n","protected":false},"excerpt":{"rendered":"<h2>Tampa Plastica Veda\u00e7\u00e3o Eixo Traseiro<\/h2>\n<h2>Renault Kangoo<\/h2>\n<h2>Codigo:- 7703074453 c=109<\/h2>\n","protected":false},"featured_media":14943,"template":"","meta":{"_seopress_robots_primary_cat":"none","_seopress_titles_title":"","_seopress_titles_desc":"","_seopress_robots_index":"","_joinchat":[]},"product_cat":[1394,1104],"product_tag":[57],"berocket_brand":[394],"_links":{"self":[{"href":"https:\/\/www.casadainjecao.com.br\/loja\/wp-json\/wp\/v2\/product\/14939"}],"collection":[{"href":"https:\/\/www.casadainjecao.com.br\/loja\/wp-json\/wp\/v2\/product"}],"about":[{"href":"https:\/\/www.casadainjecao.com.br\/loja\/wp-json\/wp\/v2\/types\/product"}],"wp:featuredmedia":[{"embeddable":true,"href":"https:\/\/www.casadainjecao.com.br\/loja\/wp-json\/wp\/v2\/media\/14943"}],"wp:attachment":[{"href":"https:\/\/www.casadainjecao.com.br\/loja\/wp-json\/wp\/v2\/media?parent=14939"}],"wp:term":[{"taxonomy":"product_cat","embeddable":true,"href":"https:\/\/www.casadainjecao.com.br\/loja\/wp-json\/wp\/v2\/product_cat?post=14939"},{"taxonomy":"product_tag","embeddable":true,"href":"https:\/\/www.casadainjecao.com.br\/loja\/wp-json\/wp\/v2\/product_tag?post=14939"},{"taxonomy":"berocket_brand","embeddable":true,"href":"https:\/\/www.casadainjecao.com.br\/loja\/wp-json\/wp\/v2\/berocket_brand?post=14939"}],"curies":[{"name":"wp","href":"https:\/\/api.w.org\/{rel}","templated":true}]}}