{"id":16542,"date":"2022-03-22T12:14:03","date_gmt":"2022-03-22T15:14:03","guid":{"rendered":"https:\/\/www.casadainjecao.com.br\/loja\/?post_type=product&#038;p=16542"},"modified":"2025-02-21T09:45:47","modified_gmt":"2025-02-21T12:45:47","slug":"tampa-da-vedacao-do-farol-renault-clio-7701051775","status":"publish","type":"product","link":"https:\/\/www.casadainjecao.com.br\/loja\/autopecas\/exterior\/farol\/tampa-da-vedacao-do-farol-renault-clio-7701051775\/","title":{"rendered":"Tampa da Veda\u00e7\u00e3o do Farol Renault Clio &#8211; 7701051775"},"content":{"rendered":"<h1>Tampa da Veda\u00e7\u00e3o do Farol Renault Clio &#8211; 7701051775<\/h1>\n","protected":false},"excerpt":{"rendered":"<h2>Tampa da Veda\u00e7\u00e3o do Farol<\/h2>\n<h2>Renault Clio Scenic<\/h2>\n<h2>Codigo: &#8211; 7701051775\u00a0 c=109<\/h2>\n","protected":false},"featured_media":16545,"template":"","meta":{"_seopress_robots_primary_cat":"","_seopress_titles_title":"","_seopress_titles_desc":"","_seopress_robots_index":"","_joinchat":[]},"product_cat":[1302,24],"product_tag":[49,51],"berocket_brand":[394],"_links":{"self":[{"href":"https:\/\/www.casadainjecao.com.br\/loja\/wp-json\/wp\/v2\/product\/16542"}],"collection":[{"href":"https:\/\/www.casadainjecao.com.br\/loja\/wp-json\/wp\/v2\/product"}],"about":[{"href":"https:\/\/www.casadainjecao.com.br\/loja\/wp-json\/wp\/v2\/types\/product"}],"wp:featuredmedia":[{"embeddable":true,"href":"https:\/\/www.casadainjecao.com.br\/loja\/wp-json\/wp\/v2\/media\/16545"}],"wp:attachment":[{"href":"https:\/\/www.casadainjecao.com.br\/loja\/wp-json\/wp\/v2\/media?parent=16542"}],"wp:term":[{"taxonomy":"product_cat","embeddable":true,"href":"https:\/\/www.casadainjecao.com.br\/loja\/wp-json\/wp\/v2\/product_cat?post=16542"},{"taxonomy":"product_tag","embeddable":true,"href":"https:\/\/www.casadainjecao.com.br\/loja\/wp-json\/wp\/v2\/product_tag?post=16542"},{"taxonomy":"berocket_brand","embeddable":true,"href":"https:\/\/www.casadainjecao.com.br\/loja\/wp-json\/wp\/v2\/berocket_brand?post=16542"}],"curies":[{"name":"wp","href":"https:\/\/api.w.org\/{rel}","templated":true}]}}