{"id":16756,"date":"2022-04-04T07:40:30","date_gmt":"2022-04-04T10:40:30","guid":{"rendered":"https:\/\/www.casadainjecao.com.br\/loja\/?post_type=product&#038;p=16756"},"modified":"2025-07-02T08:45:07","modified_gmt":"2025-07-02T11:45:07","slug":"filtro-bico-injetor-diesel-malha-de-metal-fbo-005","status":"publish","type":"product","link":"https:\/\/www.casadainjecao.com.br\/loja\/autopecas\/injecao-eletronica\/bico-injetor\/filtro-bico-injetor-diesel-malha-de-metal-fbo-005\/","title":{"rendered":"Filtro Bico Injetor Diesel &#8211; FBO-005"},"content":{"rendered":"<h1>Filtro Bico Injetor Malha<\/h1>\n<div class=\"thunk-single-product-summary-wrap\">\n<div class=\"summary entry-summary\">\n<div class=\"woocommerce-tabs wc-tabs-wrapper\">\n<div id=\"tab-description\" class=\"woocommerce-Tabs-panel woocommerce-Tabs-panel--description panel entry-content wc-tab\" role=\"tabpanel\" aria-labelledby=\"tab-title-description\">\n<h3>Kia<\/h3>\n<h3>Kia Besta 2.7 3.0 (1998 a 1999)<\/h3>\n<h3>Kia Bongo 2.5 2.7 (2004 a 2023)<\/h3>\n<h3>Kia Cadenza 3.5 (2011 a 2017)<\/h3>\n<h3>Kia Carens 1.8 2.0 (2001 a 2013)<\/h3>\n<h3>Kia Carnival 3.5 2.9 3.8 2.5 (1999 a 2022)<\/h3>\n<h3>Kia Cerato 1.6 2.0 (2006 a 2022)<\/h3>\n<h3>Kia Clarus 2.0 (1997 a 2000)<\/h3>\n<h3>Kia Grand Carnival 3.3 (2018 a 2021)<\/h3>\n<h3>Kia Grand Sportage 2.0 (1999 a 2003)<\/h3>\n<h3>Kia Magentis 2.0 (2006 a 2011)<\/h3>\n<h3>Kia Mohave 3.0 3.8 4.6 (2009 a 2017)<\/h3>\n<h3>Kia Opirus 3.5 3.8 (2004 a 2009)<\/h3>\n<h3>Kia Optima 2.0 2.4 (2013 a 2016)<\/h3>\n<h3>Kia Picanto 1.0 (2006 a 2018)<\/h3>\n<\/div>\n<\/div>\n<\/div>\n<\/div>\n<h3>C\u00f3digo de refer\u00eancia:<\/h3>\n<div class=\"thunk-single-product-summary-wrap\">\n<div class=\"summary entry-summary\">\n<div class=\"woocommerce-tabs wc-tabs-wrapper\">\n<div class=\"woocommerce-Tabs-panel woocommerce-Tabs-panel--description panel entry-content wc-tab\" role=\"tabpanel\" aria-labelledby=\"tab-title-description\">\n<h3>FBO-005<\/h3>\n<\/div>\n<\/div>\n<\/div>\n<\/div>\n<h5>Condi\u00e7\u00f5es:<\/h5>\n<div class=\"summary entry-summary\">\n<div class=\"woocommerce-tabs wc-tabs-wrapper\">\n<div class=\"woocommerce-Tabs-panel woocommerce-Tabs-panel--description panel entry-content wc-tab\" role=\"tabpanel\" aria-labelledby=\"tab-title-description\">\n<p>Novo Original\/ Marca Filter Flex<\/p>\n<\/div>\n<\/div>\n<\/div>\n<h5>Garantia:<\/h5>\n<div class=\"summary entry-summary\">\n<div class=\"woocommerce-tabs wc-tabs-wrapper\">\n<div class=\"woocommerce-Tabs-panel woocommerce-Tabs-panel--description panel entry-content wc-tab\" role=\"tabpanel\" aria-labelledby=\"tab-title-description\">\n<p>3 Meses<\/p>\n<\/div>\n<\/div>\n<\/div>\n<h5><strong>ATEN\u00c7\u00c3O<\/strong>: Antes de efetuar a compra verifique o c\u00f3digo da pe\u00e7a que est\u00e1 instalada\u00a0 no seu ve\u00edculo.<\/h5>\n<h5>APLICA\u00c7\u00c3O:<\/h5>\n<div class=\"summary entry-summary\">\n<div class=\"woocommerce-tabs wc-tabs-wrapper\">\n<div class=\"woocommerce-Tabs-panel woocommerce-Tabs-panel--description panel entry-content wc-tab\" role=\"tabpanel\" aria-labelledby=\"tab-title-description\">\n<p>Linha Kia<\/p>\n<\/div>\n<\/div>\n<\/div>\n<h5>O que \u00e9 e para que serve o Filtro Bico Injetor Malha?<\/h5>\n<div class=\"thunk-single-product-summary-wrap\">\n<div class=\"summary entry-summary\">\n<h5>O Filtro de Bico injetor de malha \u00e9 usado no sistema de inje\u00e7\u00e3o de combust\u00edvel.\u00a0 Sua fun\u00e7\u00e3o \u00e9 proteger os bicos injetores, que s\u00e3o respons\u00e1veis \u200b\u200bpor pulverizar o combust\u00edvel na combust\u00e3o do motor, ou seja o filtro impede a passagem de impurezas, detritos e part\u00edculas s\u00f3lidas presentes no combust\u00edvel, evitando que essas impurezas alcan\u00e7am os bicos injetores.<\/h5>\n<h5 class=\"western\">A Casa da Inje\u00e7\u00e3o oferece total garantia nos produtos comprados em nosso site.<\/h5>\n<h5 class=\"western\">Cada item \u00e9 rigorosamente testado antes do envio<\/h5>\n<h5 class=\"western\">Se os itens estiverem danificados ou parcialmente defeituosos, entre em contato conosco.<\/h5>\n<h5 class=\"western\">Procure um profissional devidamente licenciado para a instala\u00e7\u00e3o e fa\u00e7a revis\u00f5es periodicamente. A empresa n\u00e3o se responsabiliza por problemas oriundos da m\u00e1 instala\u00e7\u00e3o ou com a falta de cuidados peri\u00f3dicos dos componentes.<\/h5>\n<h5 class=\"western\">Se houver qualquer defeito, n\u00f3s lhe enviaremos uma substitui\u00e7\u00e3o ap\u00f3s receber o pacote ou devolvemos seu dinheiro.<\/h5>\n<h5 class=\"western\">Leia nossa\u00a0<span style=\"color: #0000ff;\"><a href=\"https:\/\/www.casadainjecao.com.br\/loja\/politica-de-devolucao\"><span style=\"color: #243f60;\">pol\u00edtica de devolu\u00e7\u00e3o aqui<\/span><\/a><\/span><\/h5>\n<h5 class=\"western\"><strong>Tem alguma d\u00favida?<\/strong><\/h5>\n<h5 class=\"western\">Entre em contato que podemos ajudar!<\/h5>\n<h5 class=\"western\">Confira as informa\u00e7\u00f5es adicionais abaixo:<\/h5>\n<h5 class=\"western\">Todos os nossos produtos s\u00e3o novos, semi-novos, originais e paralelos possuem garantia.<\/h5>\n<h5 class=\"western\">Todos os produtos anunciados est\u00e3o dispon\u00edveis em estoque e s\u00e3o enviados com extrema rapidez.<\/h5>\n<h5 class=\"western\">O frete pode ser simulado antes de efetuar a compra, basta clicar em \u201cver custos de envio\u201d.<\/h5>\n<h5 class=\"western\">Verifique o endere\u00e7o de entrega cadastrado e atualize caso necess\u00e1rio.<\/h5>\n<h5 class=\"western\">Confirme se a pe\u00e7a \u00e9 correta para o seu modelo de ve\u00edculo.<\/h5>\n<h5 class=\"western\">Para pe\u00e7as automotivas, recomendamos a instala\u00e7\u00e3o por um profissional especializado.<\/h5>\n<h5 class=\"western\">Caso possua outras d\u00favidas, entre em contato.<\/h5>\n<\/div>\n<\/div>\n","protected":false},"excerpt":{"rendered":"<h2>Filtro Bico Injetor\u00a0 Linha Diesel &#8211; FBO-005<\/h2>\n","protected":false},"featured_media":27498,"template":"","meta":{"_seopress_robots_primary_cat":"none","_seopress_titles_title":"","_seopress_titles_desc":"","_seopress_robots_index":"","_seopress_analysis_target_kw":"","_kad_blocks_custom_css":"","_kad_blocks_head_custom_js":"","_kad_blocks_body_custom_js":"","_kad_blocks_footer_custom_js":"","_kadence_starter_templates_imported_post":false,"_joinchat":[]},"product_brand":[],"product_cat":[256,259,21],"product_tag":[1464],"berocket_brand":[1326,388,1053],"class_list":{"0":"post-16756","1":"product","2":"type-product","3":"status-publish","4":"has-post-thumbnail","6":"product_cat-bico-injetor","7":"product_cat-filtro-bico-injetor","8":"product_cat-injecao-eletronica","9":"product_tag-kia","10":"berocket_brand-asia-motors","11":"berocket_brand-kia","12":"berocket_brand-geral","13":"thunk-woo-product-list","14":"big-store-woo-hover-zoom","15":"open-single-product-tab-horizontal","16":"open-shadow-","17":"open-shadow-hover-","19":"first","20":"instock","21":"sale","22":"taxable","23":"shipping-taxable","24":"purchasable","25":"product-type-simple"},"taxonomy_info":{"product_cat":[{"value":256,"label":"Bico Injetor"},{"value":259,"label":"Filtro Bico Injetor"},{"value":21,"label":"Inje\u00e7\u00e3o Eletr\u00f4nica"}],"product_tag":[{"value":1464,"label":"Kia"}],"berocket_brand":[{"value":1326,"label":"Asia Motors"},{"value":388,"label":"Kia"},{"value":1053,"label":"Outras"}]},"featured_image_src_large":["https:\/\/www.casadainjecao.com.br\/loja\/wp-content\/uploads\/2022\/04\/fbo-005-2-708x780.jpg",640,705,true],"author_info":[],"comment_info":"","_links":{"self":[{"href":"https:\/\/www.casadainjecao.com.br\/loja\/wp-json\/wp\/v2\/product\/16756","targetHints":{"allow":["GET"]}}],"collection":[{"href":"https:\/\/www.casadainjecao.com.br\/loja\/wp-json\/wp\/v2\/product"}],"about":[{"href":"https:\/\/www.casadainjecao.com.br\/loja\/wp-json\/wp\/v2\/types\/product"}],"wp:featuredmedia":[{"embeddable":true,"href":"https:\/\/www.casadainjecao.com.br\/loja\/wp-json\/wp\/v2\/media\/27498"}],"wp:attachment":[{"href":"https:\/\/www.casadainjecao.com.br\/loja\/wp-json\/wp\/v2\/media?parent=16756"}],"wp:term":[{"taxonomy":"product_brand","embeddable":true,"href":"https:\/\/www.casadainjecao.com.br\/loja\/wp-json\/wp\/v2\/product_brand?post=16756"},{"taxonomy":"product_cat","embeddable":true,"href":"https:\/\/www.casadainjecao.com.br\/loja\/wp-json\/wp\/v2\/product_cat?post=16756"},{"taxonomy":"product_tag","embeddable":true,"href":"https:\/\/www.casadainjecao.com.br\/loja\/wp-json\/wp\/v2\/product_tag?post=16756"},{"taxonomy":"berocket_brand","embeddable":true,"href":"https:\/\/www.casadainjecao.com.br\/loja\/wp-json\/wp\/v2\/berocket_brand?post=16756"}],"curies":[{"name":"wp","href":"https:\/\/api.w.org\/{rel}","templated":true}]}}