{"id":16792,"date":"2022-04-05T09:48:30","date_gmt":"2022-04-05T12:48:30","guid":{"rendered":"https:\/\/www.casadainjecao.com.br\/loja\/?post_type=product&#038;p=16792"},"modified":"2023-02-08T11:03:24","modified_gmt":"2023-02-08T14:03:24","slug":"sensor-velocidade-kombi-golf-audi-a3-polo-191919149e","status":"publish","type":"product","link":"https:\/\/www.casadainjecao.com.br\/loja\/autopecas\/injecao-eletronica\/sensores-injecao-eletronica\/sensor-velocidade-kombi-golf-audi-a3-polo-191919149e\/","title":{"rendered":"Sensor Velocidade Kombi Golf Audi A3 Polo &#8211; 191919149E"},"content":{"rendered":"<h1>Sensor Velocidade Kombi Golf Audi A3 Polo &#8211; 191919149E<\/h1>\n","protected":false},"excerpt":{"rendered":"<h2>Sensor Velocidade<\/h2>\n<h2>VW Kombi Golf Audi A3 Polo<\/h2>\n<h2>Codigo:- 191919149E c=148<\/h2>\n","protected":false},"featured_media":16794,"template":"","meta":{"_seopress_robots_primary_cat":"none","_seopress_titles_title":"","_seopress_titles_desc":"","_seopress_robots_index":"","_kad_blocks_custom_css":"","_kad_blocks_head_custom_js":"","_kad_blocks_body_custom_js":"","_kad_blocks_footer_custom_js":"","_joinchat":[]},"product_cat":[21,269],"product_tag":[1468,698,757],"berocket_brand":[396],"taxonomy_info":{"product_cat":[{"value":21,"label":"Inje\u00e7\u00e3o Eletr\u00f4nica"},{"value":269,"label":"Sensores"}],"product_tag":[{"value":1468,"label":"Audi A3"},{"value":698,"label":"Golf"},{"value":757,"label":"Kombi"}],"berocket_brand":[{"value":396,"label":"Volkswagen"}]},"featured_image_src_large":["https:\/\/www.casadainjecao.com.br\/loja\/wp-content\/uploads\/2022\/04\/191919149E-sensor-de-velocidade-vw-kombi-golf-audi.jpg",640,640,false],"author_info":[],"comment_info":"","_links":{"self":[{"href":"https:\/\/www.casadainjecao.com.br\/loja\/wp-json\/wp\/v2\/product\/16792"}],"collection":[{"href":"https:\/\/www.casadainjecao.com.br\/loja\/wp-json\/wp\/v2\/product"}],"about":[{"href":"https:\/\/www.casadainjecao.com.br\/loja\/wp-json\/wp\/v2\/types\/product"}],"wp:featuredmedia":[{"embeddable":true,"href":"https:\/\/www.casadainjecao.com.br\/loja\/wp-json\/wp\/v2\/media\/16794"}],"wp:attachment":[{"href":"https:\/\/www.casadainjecao.com.br\/loja\/wp-json\/wp\/v2\/media?parent=16792"}],"wp:term":[{"taxonomy":"product_cat","embeddable":true,"href":"https:\/\/www.casadainjecao.com.br\/loja\/wp-json\/wp\/v2\/product_cat?post=16792"},{"taxonomy":"product_tag","embeddable":true,"href":"https:\/\/www.casadainjecao.com.br\/loja\/wp-json\/wp\/v2\/product_tag?post=16792"},{"taxonomy":"berocket_brand","embeddable":true,"href":"https:\/\/www.casadainjecao.com.br\/loja\/wp-json\/wp\/v2\/berocket_brand?post=16792"}],"curies":[{"name":"wp","href":"https:\/\/api.w.org\/{rel}","templated":true}]}}