{"id":18286,"date":"2022-07-29T15:56:45","date_gmt":"2022-07-29T18:56:45","guid":{"rendered":"https:\/\/www.casadainjecao.com.br\/loja\/?post_type=product&#038;p=18286"},"modified":"2026-04-01T16:25:13","modified_gmt":"2026-04-01T19:25:13","slug":"mangueira-de-vacoo-audi-golf-passat-jetta-tiguan-04e133366fj","status":"publish","type":"product","link":"https:\/\/www.casadainjecao.com.br\/loja\/autopecas\/motor\/mangueiras-motor\/mangueira-de-vacoo-audi-golf-passat-jetta-tiguan-04e133366fj\/","title":{"rendered":"Mangueira de Vacoo Canister Audi Golf Passat Jetta Tiguan &#"},"content":{"rendered":"<h2>Mangueira de Vacoo Canister<\/h2>\n<p>Aplica\u00e7\u00e3o<\/p>\n<p>VOLKSWAGEN<\/p>\n<ul>\n<li>GOLF COMFORTLINE 1.4 TSI 1.4 L 16V DOHC L4 &#8211; 2014\u00a0 2015<\/li>\n<li>GOLF COMFORTLINE 1.4 TSI DSG 1.4 L 16V DOHC L4 &#8211; 2014\u00a0 2015<\/li>\n<li>GOLF HIGHLINE 1.4 TSI 1.4 L 16V DOHC L4 &#8211; 2013 2014 2015 2016<\/li>\n<li>GOLF HIGHLINE 1.4 TSI AT FLEX1.4 L 16V DOHC L4 &#8211; 2015 2016 2017<\/li>\n<li>GOLF HIGHLINE 1.4 TSI DSG 1.4 L 16V DOHC L4 &#8211; 2013 2014 2015<\/li>\n<li>GOLF HIGHLINE 1.4 TSI MT FLEX1.4 L 16V DOHC L4 &#8211; 2015 2016 2017<\/li>\n<li>GOLF HIGHLINE 250 TSI AT FLEX1.4 L 16V DOHC L4 &#8211; 2018\u00a0 2019<\/li>\n<li>GOLF VARIANT COMFORTLINE 1.4 TSI 1.4 L 16V DOHC L4 &#8211; 2015\u00a0 2016<\/li>\n<li>GOLF VARIANT COMFORTLINE 1.4 TSI AT FLEX 1.4 L 16V DOHC L4 &#8211; 2017\u00a0 2018<\/li>\n<li>GOLF VARIANT COMFORTLINE TSI DSG TIPTRONIC 1.4 L 16V DOHC L4 &#8211; 2014\u00a0 2015<\/li>\n<li>GOLF VARIANT HIGHLINE 1.4 TSI 1.4 L 16V DOHC L4 &#8211; 2016<\/li>\n<li>GOLF VARIANT HIGHLINE 1.4 TSI AT FLEX 1.4 L 16V DOHC L4 &#8211; 2017\u00a0 2018<\/li>\n<li>GOLF VARIANT HIGHLINE 250 TSI 1.4 AT FLEX1.4 L 16V DOHC L4 &#8211; 2018\u00a0 2019<\/li>\n<li>GOLF VARIANT HIGHLINE TSI DSG TIPTRONIC 1.4 L 16V DOHC L4 &#8211; 2014\u00a0 2015<\/li>\n<\/ul>\n<h4>C\u00f3digo de refer\u00eancia:<\/h4>\n<h4>04E133366FJ, 04E133277A, 05E906517A<\/h4>\n<h4>Condi\u00e7\u00f5es:<\/h4>\n<p>Marca: Volkswagen<br \/>\nCondi\u00e7\u00e3o do item: Novo<br \/>\nModelo: Mangueira de Vacoo<\/p>\n<p>N\u00famero de pe\u00e7a: 04E133366FJ, 04E133277A, 05E906517A<\/p>\n<h4>Garantia:<\/h4>\n<p>3 Meses<\/p>\n<h3>ATEN\u00c7\u00c3O: ATEN\u00c7\u00c3O<br \/>\n* IMPORTANTE confirmar a numera\u00e7\u00e3o antes da compra, e se a mesma bate com o c\u00f3digo original do carro. C\u00f3digo igual pe\u00e7a correta, caso seja diferente entre em contato conosco para confirma\u00e7\u00e3o do mesmo e para tirar suas duvidas.<\/h3>\n<p>A Casa da Inje\u00e7\u00e3o oferece total garantia nos produtos comprados em nosso site.<\/p>\n<ol>\n<li>Cada item \u00e9 rigorosamente testado antes do envio<\/li>\n<li>Se os itens estiverem danificados ou parcialmente defeituosos, entre em contato conosco.<\/li>\n<\/ol>\n<p>Se houver qualquer defeito, n\u00f3s lhe enviaremos uma substitui\u00e7\u00e3o ap\u00f3s receber o pacote ou devolvemos seu dinheiro.<\/p>\n<p>Leia nossa\u00a0<a href=\"https:\/\/www.casadainjecao.com.br\/loja\/politica-de-devolucao\">pol\u00edtica de devolu\u00e7\u00e3o aqui<\/a><\/p>\n<p>\u2014\u2014\u2014\u2014\u2014\u2014\u2014\u2014\u2014\u2014\u2014\u2014\u2014\u2014\u2014\u2014\u2014\u2014\u2014\u2013<\/p>\n<h4>Tem alguma d\u00favida?<\/h4>\n<p>Entre em contato que podemos ajudar!<\/p>\n<p>Confira as informa\u00e7\u00f5es adicionais abaixo:<\/p>\n<ul>\n<li>Todos os nossos produtos s\u00e3o novos, semi-novos, originais, paralelos e possuem garantia.<\/li>\n<li>Todos os produtos anunciados est\u00e3o dispon\u00edveis em estoque e s\u00e3o enviados com extrema rapidez.<\/li>\n<li>O frete pode ser simulado antes de efetuar a compra, basta clicar em \u201cver custos de envio\u201d.<\/li>\n<li>Verifique o endere\u00e7o de entrega cadastrado e atualize caso necess\u00e1rio.<\/li>\n<li>Confirme se a pe\u00e7a \u00e9 correta para o seu modelo de ve\u00edculo.<\/li>\n<li>Para pe\u00e7as automotivas, recomendamos a instala\u00e7\u00e3o por um profissional especializado.<\/li>\n<\/ul>\n<p>Caso possua outras d\u00favidas, entre em contato.<\/p>\n","protected":false},"excerpt":{"rendered":"<h2 class=\"ui-pdp-title\">Mangueira De Vacoo Canister Audi Golf Passat &#8211; 04e133366fj<\/h2>\n","protected":false},"featured_media":28117,"template":"","meta":{"_seopress_robots_primary_cat":"none","_seopress_titles_title":"","_seopress_titles_desc":"","_seopress_robots_index":"","_joinchat":[]},"product_cat":[21,223,22,241,271,244],"product_tag":[1413,1414,698,1498,848,1475,1497],"berocket_brand":[396],"_links":{"self":[{"href":"https:\/\/www.casadainjecao.com.br\/loja\/wp-json\/wp\/v2\/product\/18286"}],"collection":[{"href":"https:\/\/www.casadainjecao.com.br\/loja\/wp-json\/wp\/v2\/product"}],"about":[{"href":"https:\/\/www.casadainjecao.com.br\/loja\/wp-json\/wp\/v2\/types\/product"}],"wp:featuredmedia":[{"embeddable":true,"href":"https:\/\/www.casadainjecao.com.br\/loja\/wp-json\/wp\/v2\/media\/28117"}],"wp:attachment":[{"href":"https:\/\/www.casadainjecao.com.br\/loja\/wp-json\/wp\/v2\/media?parent=18286"}],"wp:term":[{"taxonomy":"product_cat","embeddable":true,"href":"https:\/\/www.casadainjecao.com.br\/loja\/wp-json\/wp\/v2\/product_cat?post=18286"},{"taxonomy":"product_tag","embeddable":true,"href":"https:\/\/www.casadainjecao.com.br\/loja\/wp-json\/wp\/v2\/product_tag?post=18286"},{"taxonomy":"berocket_brand","embeddable":true,"href":"https:\/\/www.casadainjecao.com.br\/loja\/wp-json\/wp\/v2\/berocket_brand?post=18286"}],"curies":[{"name":"wp","href":"https:\/\/api.w.org\/{rel}","templated":true}]}}