{"id":19370,"date":"2022-08-22T14:43:29","date_gmt":"2022-08-22T17:43:29","guid":{"rendered":"https:\/\/www.casadainjecao.com.br\/loja\/?post_type=product&#038;p=19370"},"modified":"2024-11-08T08:46:15","modified_gmt":"2024-11-08T11:46:15","slug":"emblema-grade-vw-gol-saveiro-voyage-5uo853601","status":"publish","type":"product","link":"https:\/\/www.casadainjecao.com.br\/loja\/autopecas\/carroceria\/grades\/emblema-grade-vw-gol-saveiro-voyage-5uo853601\/","title":{"rendered":"Emblema Logotipo Grade VW Gol Saveiro Voyage &#8211; 5Uo8536"},"content":{"rendered":"<h2>Emblema Logotipo da Grade<\/h2>\n<p><strong>VOLKSWAGEN<\/strong><\/p>\n<p>Volkswagen Gol (2013 a 2016)<\/p>\n<p>Volkswagen Saveiro (2014 a 2016)<\/p>\n<p>Volkswagen Voyage (2013 a 2016)<\/p>\n<h4>C\u00f3digo refer\u00eancia:<\/h4>\n<p>5Uo853601<\/p>\n<h4><strong>Condi\u00e7\u00f5es:<\/strong><\/h4>\n<p>Novo Original\/ Marca Volkswagen<\/p>\n<h4>Garantia:<\/h4>\n<p>3 Meses<\/p>\n<h4>Espec\u00edfica\u00e7\u00f5es:<\/h4>\n<p>di\u00e2metro: 12,5 cm<\/p>\n<p>fixa\u00e7\u00e3o por encaixe<\/p>\n<h3>APLICA\u00c7\u00c3O:<\/h3>\n<p>Linha Volkswagen<\/p>\n<h4><strong>O que \u00e9 e para que serve o Emblema <\/strong>Logotipo da Grade?<\/h4>\n<div class=\"group final-completion w-full text-token-text-primary border-b border-black\/10 gizmo:border-0 dark:border-gray-900\/50 gizmo:dark:border-0 bg-gray-50 gizmo:bg-transparent dark:bg-[#444654] gizmo:dark:bg-transparent\" data-testid=\"conversation-turn-9\">\n<div class=\"p-4 gizmo:py-2 justify-center text-base md:gap-6 md:py-6 m-auto\">\n<div class=\"flex flex-1 gap-4 text-base mx-auto md:gap-6 gizmo:gap-3 gizmo:md:px-5 gizmo:lg:px-1 gizmo:xl:px-5 md:max-w-2xl lg:max-w-[38rem] gizmo:md:max-w-3xl gizmo:lg:max-w-[40rem] gizmo:xl:max-w-[48rem] xl:max-w-3xl }\">\n<div class=\"relative flex w-[calc(100%-50px)] flex-col gizmo:w-full lg:w-[calc(100%-115px)] agent-turn\">\n<div class=\"flex-col gap-1 md:gap-3\">\n<div class=\"flex flex-grow flex-col gap-3 max-w-full\">\n<div class=\"min-h-[20px] flex flex-col items-start gap-3 whitespace-pre-wrap break-words overflow-x-auto\">O Emblema Logotipo da Grade dianteira serve principalmente para identificar a marca do carro. O emblema na grade dianteira \u00e9 uma representa\u00e7\u00e3o visual da marca do carro, excelente para que as pessoas possam identificar rapidamente o fabricante do ve\u00edculo.<\/div>\n<\/div>\n<div class=\"text-gray-400 flex self-end lg:self-center justify-center gizmo:lg:justify-start mt-2 gizmo:mt-0 visible lg:gap-1 lg:absolute lg:top-0 lg:translate-x-full lg:right-0 lg:mt-0 lg:pl-2 gap-2 md:gap-3\">\n<p>A Casa da Inje\u00e7\u00e3o oferece total garantia nos produtos comprados em nosso site.<\/p>\n<ol>\n<li>Cada item \u00e9 rigorosamente testado antes do envio<\/li>\n<li>Se os itens estiverem danificados ou parcialmente defeituosos, entre em contato conosco.<\/li>\n<\/ol>\n<p>Se houver qualquer defeito, n\u00f3s lhe enviaremos uma substitui\u00e7\u00e3o ap\u00f3s receber o pacote ou devolvemos seu dinheiro.<\/p>\n<p>Leia nossa<span style=\"color: #ff0000;\">\u00a0<a style=\"color: #ff0000;\" href=\"https:\/\/www.casadainjecao.com.br\/loja\/politica-de-devolucao\">pol\u00edtica de devolu\u00e7\u00e3o aqui<\/a><\/span><\/p>\n<p>\u2014\u2014\u2014\u2014\u2014\u2014\u2014\u2014\u2014\u2014\u2014\u2014\u2014\u2014\u2014\u2014\u2014\u2014\u2014\u2013<\/p>\n<p><strong>ATEN\u00c7\u00c3O<\/strong>: Antes de efetuar a compra verifique o c\u00f3digo do Emblema Logotipo da Grade que est\u00e1 instalado no seu ve\u00edculo.<\/p>\n<p>O Emblema Logotipo da Grade \u00e9 compat\u00edvel com as marcas, Volkswagen Gol, Saveiro, Voyage<\/p>\n<p>\u2014\u2014\u2014\u2014\u2014\u2014\u2014\u2014\u2014\u2014\u2014\u2014\u2014\u2014\u2014\u2014\u2014\u2014\u2014\u2014-<\/p>\n<h4>Tem alguma d\u00favida?<\/h4>\n<p>Entre em contato que podemos ajudar!<\/p>\n<p>Confira as informa\u00e7\u00f5es adicionais abaixo:<\/p>\n<ul>\n<li>Todos os nossos produtos s\u00e3o novos, semi-novos, originais, paralelos e possuem garantia.<\/li>\n<li>Todos os produtos anunciados est\u00e3o dispon\u00edveis em estoque e s\u00e3o enviados com extrema rapidez.<\/li>\n<li>O frete pode ser simulado antes de efetuar a compra, basta clicar em \u201cver custos de envio\u201d.<\/li>\n<li>Verifique o endere\u00e7o de entrega cadastrado e atualize caso necess\u00e1rio.<\/li>\n<li>Confirme se a pe\u00e7a \u00e9 correta para o seu modelo de ve\u00edculo.<\/li>\n<li>Para pe\u00e7as automotivas, recomendamos a instala\u00e7\u00e3o por um profissional especializado.<\/li>\n<\/ul>\n<p>Caso possua outras d\u00favidas, entre em contato.<\/p>\n<p>&nbsp;<\/p>\n<\/div>\n<\/div>\n<\/div>\n<\/div>\n<\/div>\n<\/div>\n","protected":false},"excerpt":{"rendered":"<h2>Emblema Logotipo da Grade VW Gol Saveiro Voyage &#8211; 5Uo853601<\/h2>\n","protected":false},"featured_media":27057,"template":"","meta":{"_seopress_robots_primary_cat":"none","_seopress_titles_title":"","_seopress_titles_desc":"","_seopress_robots_index":"","_joinchat":[]},"product_cat":[83,1057,23,93],"product_tag":[59,60,1086],"berocket_brand":[396],"_links":{"self":[{"href":"https:\/\/www.casadainjecao.com.br\/loja\/wp-json\/wp\/v2\/product\/19370"}],"collection":[{"href":"https:\/\/www.casadainjecao.com.br\/loja\/wp-json\/wp\/v2\/product"}],"about":[{"href":"https:\/\/www.casadainjecao.com.br\/loja\/wp-json\/wp\/v2\/types\/product"}],"wp:featuredmedia":[{"embeddable":true,"href":"https:\/\/www.casadainjecao.com.br\/loja\/wp-json\/wp\/v2\/media\/27057"}],"wp:attachment":[{"href":"https:\/\/www.casadainjecao.com.br\/loja\/wp-json\/wp\/v2\/media?parent=19370"}],"wp:term":[{"taxonomy":"product_cat","embeddable":true,"href":"https:\/\/www.casadainjecao.com.br\/loja\/wp-json\/wp\/v2\/product_cat?post=19370"},{"taxonomy":"product_tag","embeddable":true,"href":"https:\/\/www.casadainjecao.com.br\/loja\/wp-json\/wp\/v2\/product_tag?post=19370"},{"taxonomy":"berocket_brand","embeddable":true,"href":"https:\/\/www.casadainjecao.com.br\/loja\/wp-json\/wp\/v2\/berocket_brand?post=19370"}],"curies":[{"name":"wp","href":"https:\/\/api.w.org\/{rel}","templated":true}]}}

<h2>Emblema Logotipo da Grade</h2>
<p><strong>VOLKSWAGEN</strong></p>
<p>Volkswagen Gol (2013 a 2016)</p>
<p>Volkswagen Saveiro (2014 a 2016)</p>
<p>Volkswagen Voyage (2013 a 2016)</p>
<h4>Código referência:</h4>
<p>5Uo853601</p>
<h4><strong>Condições:</strong></h4>
<p>Novo Original/ Marca Volkswagen</p>
<h4>Garantia:</h4>
<p>3 Meses</p>
<h4>Específicações:</h4>
<p>diâmetro: 12,5 cm</p>
<p>fixação por encaixe</p>
<h3>APLICAÇÃO:</h3>
<p>Linha Volkswagen</p>
<h4><strong>O que é e para que serve o Emblema </strong>Logotipo da Grade?</h4>
<div class="group final-completion w-full text-token-text-primary border-b border-black/10 gizmo:border-0 dark:border-gray-900/50 gizmo:dark:border-0 bg-gray-50 gizmo:bg-transparent dark:bg-[#444654] gizmo:dark:bg-transparent" data-testid="conversation-turn-9">
<div class="p-4 gizmo:py-2 justify-center text-base md:gap-6 md:py-6 m-auto">
<div class="flex flex-1 gap-4 text-base mx-auto md:gap-6 gizmo:gap-3 gizmo:md:px-5 gizmo:lg:px-1 gizmo:xl:px-5 md:max-w-2xl lg:max-w-[38rem] gizmo:md:max-w-3xl gizmo:lg:max-w-[40rem] gizmo:xl:max-w-[48rem] xl:max-w-3xl }">
<div class="relative flex w-[calc(100%-50px)] flex-col gizmo:w-full lg:w-[calc(100%-115px)] agent-turn">
<div class="flex-col gap-1 md:gap-3">
<div class="flex flex-grow flex-col gap-3 max-w-full">
<div class="min-h-[20px] flex flex-col items-start gap-3 whitespace-pre-wrap break-words overflow-x-auto">O Emblema Logotipo da Grade dianteira serve principalmente para identificar a marca do carro. O emblema na grade dianteira é uma representação visual da marca do carro, excelente para que as pessoas possam identificar rapidamente o fabricante do veículo.</div>
</div>
<div class="text-gray-400 flex self-end lg:self-center justify-center gizmo:lg:justify-start mt-2 gizmo:mt-0 visible lg:gap-1 lg:absolute lg:top-0 lg:translate-x-full lg:right-0 lg:mt-0 lg:pl-2 gap-2 md:gap-3">
<p>A Casa da Injeção oferece total garantia nos produtos comprados em nosso site.</p>
<ol>
<li>Cada item é rigorosamente testado antes do envio</li>
<li>Se os itens estiverem danificados ou parcialmente defeituosos, entre em contato conosco.</li>
</ol>
<p>Se houver qualquer defeito, nós lhe enviaremos uma substituição após receber o pacote ou devolvemos seu dinheiro.</p>
<p>Leia nossa<span style="color: #ff0000;"> <a style="color: #ff0000;" href="https://www.casadainjecao.com.br/loja/politica-de-devolucao">política de devolução aqui</a></span></p>
<p>———————————————————–</p>
<p><strong>ATENÇÃO</strong>: Antes de efetuar a compra verifique o código do Emblema Logotipo da Grade que está instalado no seu veículo.</p>
<p>O Emblema Logotipo da Grade é compatível com as marcas, Volkswagen Gol, Saveiro, Voyage</p>
<p>————————————————————-</p>
<h4>Tem alguma dúvida?</h4>
<p>Entre em contato que podemos ajudar!</p>
<p>Confira as informações adicionais abaixo:</p>
<ul>
<li>Todos os nossos produtos são novos, semi-novos, originais, paralelos e possuem garantia.</li>
<li>Todos os produtos anunciados estão disponíveis em estoque e são enviados com extrema rapidez.</li>
<li>O frete pode ser simulado antes de efetuar a compra, basta clicar em “ver custos de envio”.</li>
<li>Verifique o endereço de entrega cadastrado e atualize caso necessário.</li>
<li>Confirme se a peça é correta para o seu modelo de veículo.</li>
<li>Para peças automotivas, recomendamos a instalação por um profissional especializado.</li>
</ul>
<p>Caso possua outras dúvidas, entre em contato.</p>
<p>&nbsp;</p>
</div>
</div>
</div>
</div>
</div>
</div>
