{"id":19846,"date":"2022-08-28T09:09:21","date_gmt":"2022-08-28T12:09:21","guid":{"rendered":"https:\/\/www.casadainjecao.com.br\/loja\/?post_type=product&#038;p=19846"},"modified":"2026-04-16T16:37:26","modified_gmt":"2026-04-16T19:37:26","slug":"oring-vedacao-mangueira-ar-condicionado-renault-master-7703065106","status":"publish","type":"product","link":"https:\/\/www.casadainjecao.com.br\/loja\/autopecas\/ar-condicionado\/mangueiras\/oring-vedacao-mangueira-ar-condicionado-renault-master-7703065106\/","title":{"rendered":"Oring Veda\u00e7\u00e3o Mangueira Ar Condicionado Renault Master &#8"},"content":{"rendered":"<h1>Oring Veda\u00e7\u00e3o Mangueira Ar Condicionado Renault Master &#8211; 7703065106<\/h1>\n","protected":false},"excerpt":{"rendered":"<h2>Oring Veda\u00e7\u00e3o Mangueira Ar Condicionado (7,65&#215;1,78mm)<\/h2>\n<h2>Renault Master Trafic Clio Laguna Logan Sandero Megane R19<\/h2>\n<h2>Codigo:- 7703065106<\/h2>\n","protected":false},"featured_media":19849,"template":"","meta":{"_seopress_robots_primary_cat":"none","_seopress_titles_title":"","_seopress_titles_desc":"","_seopress_robots_index":"","_joinchat":[]},"product_cat":[16,72],"product_tag":[49,128,66,81,50,90,91,152],"berocket_brand":[394],"_links":{"self":[{"href":"https:\/\/www.casadainjecao.com.br\/loja\/wp-json\/wp\/v2\/product\/19846"}],"collection":[{"href":"https:\/\/www.casadainjecao.com.br\/loja\/wp-json\/wp\/v2\/product"}],"about":[{"href":"https:\/\/www.casadainjecao.com.br\/loja\/wp-json\/wp\/v2\/types\/product"}],"wp:featuredmedia":[{"embeddable":true,"href":"https:\/\/www.casadainjecao.com.br\/loja\/wp-json\/wp\/v2\/media\/19849"}],"wp:attachment":[{"href":"https:\/\/www.casadainjecao.com.br\/loja\/wp-json\/wp\/v2\/media?parent=19846"}],"wp:term":[{"taxonomy":"product_cat","embeddable":true,"href":"https:\/\/www.casadainjecao.com.br\/loja\/wp-json\/wp\/v2\/product_cat?post=19846"},{"taxonomy":"product_tag","embeddable":true,"href":"https:\/\/www.casadainjecao.com.br\/loja\/wp-json\/wp\/v2\/product_tag?post=19846"},{"taxonomy":"berocket_brand","embeddable":true,"href":"https:\/\/www.casadainjecao.com.br\/loja\/wp-json\/wp\/v2\/berocket_brand?post=19846"}],"curies":[{"name":"wp","href":"https:\/\/api.w.org\/{rel}","templated":true}]}}