{"id":20890,"date":"2022-10-02T09:30:04","date_gmt":"2022-10-02T12:30:04","guid":{"rendered":"https:\/\/www.casadainjecao.com.br\/loja\/?post_type=product&#038;p=20890"},"modified":"2024-07-29T10:36:27","modified_gmt":"2024-07-29T13:36:27","slug":"molduta-botao-vidro-eletrico-porta-dianteira-esquerda-toyota-corolla-74232-02a50","status":"publish","type":"product","link":"https:\/\/www.casadainjecao.com.br\/loja\/autopecas\/eletrica\/botoes\/molduta-botao-vidro-eletrico-porta-dianteira-esquerda-toyota-corolla-74232-02a50\/","title":{"rendered":"Moldura Bot\u00e3o Vidro El\u00e9trico Porta Dianteira Esquerda Toyo"},"content":{"rendered":"<h1>Molduta Bot\u00e3o Vidro El\u00e9trico Porta Dianteira Esquerda<\/h1>\n<h1>Toyota Corolla 09&gt;12<\/h1>\n<h1>C\u00f3digo:- 74232-02A50<\/h1>\n","protected":false},"excerpt":{"rendered":"<h2>Moldura Bot\u00e3o Vidro El\u00e9trico Porta Dianteira Esquerda Toyota Corolla &#8211; 74232-02A50<\/h2>\n","protected":false},"featured_media":21011,"template":"","meta":{"_seopress_robots_primary_cat":"none","_seopress_titles_title":"","_seopress_titles_desc":"","_seopress_robots_index":"","_seopress_analysis_target_kw":"","_kad_blocks_custom_css":"","_kad_blocks_head_custom_js":"","_kad_blocks_body_custom_js":"","_kad_blocks_footer_custom_js":"","_kadence_starter_templates_imported_post":false,"_joinchat":[]},"product_brand":[],"product_cat":[118,17,24,1216],"product_tag":[850],"berocket_brand":[395],"class_list":{"0":"post-20890","1":"product","2":"type-product","3":"status-publish","4":"has-post-thumbnail","6":"product_cat-botoes","7":"product_cat-eletrica","8":"product_cat-interior","9":"product_cat-moldura","10":"product_tag-corolla","11":"berocket_brand-toyota","12":"thunk-woo-product-list","13":"big-store-woo-hover-zoom","14":"open-single-product-tab-horizontal","15":"open-shadow-","16":"open-shadow-hover-","18":"first","19":"outofstock","20":"sale","21":"taxable","22":"shipping-taxable","23":"purchasable","24":"product-type-simple"},"taxonomy_info":{"product_cat":[{"value":118,"label":"Bot\u00f5es"},{"value":17,"label":"El\u00e9trica"},{"value":24,"label":"Interior"},{"value":1216,"label":"Moldura"}],"product_tag":[{"value":850,"label":"Corolla"}],"berocket_brand":[{"value":395,"label":"Toyota"}]},"featured_image_src_large":["https:\/\/www.casadainjecao.com.br\/loja\/wp-content\/uploads\/2022\/10\/cats-6-285x780.jpg",285,780,true],"author_info":[],"comment_info":"","_links":{"self":[{"href":"https:\/\/www.casadainjecao.com.br\/loja\/wp-json\/wp\/v2\/product\/20890","targetHints":{"allow":["GET"]}}],"collection":[{"href":"https:\/\/www.casadainjecao.com.br\/loja\/wp-json\/wp\/v2\/product"}],"about":[{"href":"https:\/\/www.casadainjecao.com.br\/loja\/wp-json\/wp\/v2\/types\/product"}],"wp:featuredmedia":[{"embeddable":true,"href":"https:\/\/www.casadainjecao.com.br\/loja\/wp-json\/wp\/v2\/media\/21011"}],"wp:attachment":[{"href":"https:\/\/www.casadainjecao.com.br\/loja\/wp-json\/wp\/v2\/media?parent=20890"}],"wp:term":[{"taxonomy":"product_brand","embeddable":true,"href":"https:\/\/www.casadainjecao.com.br\/loja\/wp-json\/wp\/v2\/product_brand?post=20890"},{"taxonomy":"product_cat","embeddable":true,"href":"https:\/\/www.casadainjecao.com.br\/loja\/wp-json\/wp\/v2\/product_cat?post=20890"},{"taxonomy":"product_tag","embeddable":true,"href":"https:\/\/www.casadainjecao.com.br\/loja\/wp-json\/wp\/v2\/product_tag?post=20890"},{"taxonomy":"berocket_brand","embeddable":true,"href":"https:\/\/www.casadainjecao.com.br\/loja\/wp-json\/wp\/v2\/berocket_brand?post=20890"}],"curies":[{"name":"wp","href":"https:\/\/api.w.org\/{rel}","templated":true}]}}