{"id":22159,"date":"2022-11-25T15:54:47","date_gmt":"2022-11-25T18:54:47","guid":{"rendered":"https:\/\/www.casadainjecao.com.br\/loja\/?post_type=product&#038;p=22159"},"modified":"2025-07-04T09:02:09","modified_gmt":"2025-07-04T12:02:09","slug":"tubo-cano-agua-duplo-refrigeracao-renault-r19-1-8-8v","status":"publish","type":"product","link":"https:\/\/www.casadainjecao.com.br\/loja\/autopecas\/motor\/radiadores\/tubo-cano-agua-duplo-refrigeracao-renault-r19-1-8-8v\/","title":{"rendered":"Tubo Cano Agua Duplo Refrigera\u00e7\u00e3o Renault R19 1.8 8v &#821"},"content":{"rendered":"<h1>Tubo Cano Agua Duplo Refrigera\u00e7\u00e3o Motor Renault R19 1.8 8v &#8211; 7700866554<\/h1>\n","protected":false},"excerpt":{"rendered":"<h2>Tubo Cano Agua Duplo Refrigera\u00e7\u00e3o Motor<\/h2>\n<h2>Renault R19 1.8 8v<\/h2>\n<h2>Codigo:- 7700866554 C = 83<\/h2>\n","protected":false},"featured_media":22164,"template":"","meta":{"_seopress_robots_primary_cat":"none","_seopress_titles_title":"","_seopress_titles_desc":"","_seopress_robots_index":"","_joinchat":[]},"product_cat":[22,237],"product_tag":[90],"berocket_brand":[394],"_links":{"self":[{"href":"https:\/\/www.casadainjecao.com.br\/loja\/wp-json\/wp\/v2\/product\/22159"}],"collection":[{"href":"https:\/\/www.casadainjecao.com.br\/loja\/wp-json\/wp\/v2\/product"}],"about":[{"href":"https:\/\/www.casadainjecao.com.br\/loja\/wp-json\/wp\/v2\/types\/product"}],"wp:featuredmedia":[{"embeddable":true,"href":"https:\/\/www.casadainjecao.com.br\/loja\/wp-json\/wp\/v2\/media\/22164"}],"wp:attachment":[{"href":"https:\/\/www.casadainjecao.com.br\/loja\/wp-json\/wp\/v2\/media?parent=22159"}],"wp:term":[{"taxonomy":"product_cat","embeddable":true,"href":"https:\/\/www.casadainjecao.com.br\/loja\/wp-json\/wp\/v2\/product_cat?post=22159"},{"taxonomy":"product_tag","embeddable":true,"href":"https:\/\/www.casadainjecao.com.br\/loja\/wp-json\/wp\/v2\/product_tag?post=22159"},{"taxonomy":"berocket_brand","embeddable":true,"href":"https:\/\/www.casadainjecao.com.br\/loja\/wp-json\/wp\/v2\/berocket_brand?post=22159"}],"curies":[{"name":"wp","href":"https:\/\/api.w.org\/{rel}","templated":true}]}}