{"id":22590,"date":"2023-01-11T16:16:03","date_gmt":"2023-01-11T19:16:03","guid":{"rendered":"https:\/\/www.casadainjecao.com.br\/loja\/?post_type=product&#038;p=22590"},"modified":"2025-05-23T08:55:20","modified_gmt":"2025-05-23T11:55:20","slug":"corpo-de-borboleta-tbi-renault-clio-hi-power-1-0-16v-2005-8200284968","status":"publish","type":"product","link":"https:\/\/www.casadainjecao.com.br\/loja\/autopecas\/injecao-eletronica\/corpo-de-borboleta\/corpo-de-borboleta-tbi-renault-clio-hi-power-1-0-16v-2005-8200284968\/","title":{"rendered":"Corpo De Borboleta Renault Clio Hi Power &#8211; 8200284968"},"content":{"rendered":"<h2><strong>Corpo De Borboleta Tbi<\/strong><\/h2>\n<p><strong>RENAULT<\/strong><\/p>\n<p>Renault Clio II Hi Power 1.0 8v &#8211; 1998 a 2018<\/p>\n<p>Renault Clio II Hi Power 1.0 16v &#8211; 1998 a 2018<\/p>\n<p>Renault Clio II Hi Power 1.6 16v &#8211; 1998 a 2018<\/p>\n<p>Renault Sandero 1.0 8v &#8211; 2002 a 2013<\/p>\n<p>Renault Sandero 1.0 16v &#8211; 2002 a 2013<\/p>\n<p>Renault Sandero 1.6 16v &#8211; 2002 a 2013<\/p>\n<p>Renault Logan 1.0 16v &#8211; 2002 a 2013<\/p>\n<p>Renault Logan 1.6 8v &#8211; 2002 a 2013<\/p>\n<p>Renault Logan 1.6 16v &#8211; 2002 a 2013<\/p>\n<p>Renault Kangoo 1.0 8v &#8211; 1997 a 2018<\/p>\n<p>Renault Kangoo 1.6 8v &#8211; 1997 a 2018<\/p>\n<p>Renault Kangoo 1.6 16v &#8211; 1997 a 2018<\/p>\n<p>Renault Kangoo Express 1.0 8v &#8211; 1997 a 2018<\/p>\n<p>Renault Kangoo Express 1.6 8v &#8211; 1997 a 2018<\/p>\n<p>Renault Kangoo Express 1.6 16v &#8211; 1997 a 2018<\/p>\n<h4><b>C\u00f3digo de Refer\u00eancia:<\/b><\/h4>\n<p>8200284968, 8200285017B, 8200568712, 161202859R, 8200452016, 714038<\/p>\n<h4>Condi\u00e7\u00f5es:<\/h4>\n<p>Novo Original \/ Paralelo<\/p>\n<h4>Garantia:<\/h4>\n<p><strong>3 Meses de garantia<\/strong><\/p>\n<h3><strong>ATEN\u00c7\u00c3O<\/strong>: Antes de efetuar a compra verifique o c\u00f3digo da pe\u00e7a que est\u00e1 instalada no seu ve\u00edculo.<\/h3>\n<h3>APLICA\u00c7\u00c3O:<\/h3>\n<p>Linha Renault<\/p>\n<h3>O que \u00e9 e para que serve o Corpo de Borboleta?<\/h3>\n<p>O corpo de borboleta (tamb\u00e9m conhecido como TBI Throttle Body Injection) controla a entrada de ar na admiss\u00e3o do motor para o cilindro, auxiliando o funcionamento da marcha lenta e da acelera\u00e7\u00e3o.<\/p>\n<p>&nbsp;<\/p>\n<p>A Casa da Inje\u00e7\u00e3o oferece total garantia nos produtos comprados em nosso site.<\/p>\n<ol>\n<li>Cada item \u00e9 rigorosamente testado antes do envio<\/li>\n<li>Se os itens estiverem danificados ou parcialmente defeituosos, entre em contato conosco.<\/li>\n<\/ol>\n<p>Se houver qualquer defeito, n\u00f3s lhe enviaremos uma substitui\u00e7\u00e3o ap\u00f3s receber o pacote ou devolvemos seu dinheiro.<\/p>\n<p>Leia nossa <span style=\"color: #ff0000;\"><a style=\"color: #ff0000;\" href=\"https:\/\/www.casadainjecao.com.br\/loja\/politica-de-devolucao\/\" target=\"_blank\" rel=\"noopener\">pol\u00edtica de devolu\u00e7\u00e3o aqui<\/a>.<\/span><\/p>\n<hr \/>\n<p><strong>\u00a0Tem alguma d\u00favida?<\/strong><\/p>\n<p>Entre em contato que podemos ajudar!<\/p>\n<p>Confira as informa\u00e7\u00f5es adicionais abaixo:<\/p>\n<ul>\n<li>Todos os nossos produtos s\u00e3o novos, originais e possuem garantia.<\/li>\n<li>Todos os produtos anunciados est\u00e3o dispon\u00edveis em estoque e s\u00e3o enviados com extrema rapidez.<\/li>\n<li>O frete pode ser simulado antes de efetuar a compra, basta clicar em \u201cver custos de envio\u201d.<\/li>\n<li>Verifique o endere\u00e7o de entrega cadastrado e atualize caso necess\u00e1rio.<\/li>\n<li>Confirme se a pe\u00e7a \u00e9 correta para o seu modelo de ve\u00edculo.<\/li>\n<li>Para pe\u00e7as automotivas, recomendamos a instala\u00e7\u00e3o por um profissional especializado.<\/li>\n<\/ul>\n<p>Caso possua outras d\u00favidas, entre em contato.<\/p>\n<p>&nbsp;<\/p>\n<p>&nbsp;<\/p>\n","protected":false},"excerpt":{"rendered":"<h2>Corpo De Borboleta Tbi Renault Clio Hi Power &#8211; 8200284968<\/h2>\n<h2><\/h2>\n","protected":false},"featured_media":22595,"template":"","meta":{"_seopress_robots_primary_cat":"none","_seopress_titles_title":"","_seopress_titles_desc":"Corpo De Borboleta Tbi Renault Clio Hi Power e outros modelos da linha Renault. Produto novo com garantia e na promo\u00e7\u00e3o. Compre Agora","_seopress_robots_index":"","_seopress_analysis_target_kw":"","_kad_blocks_custom_css":"","_kad_blocks_head_custom_js":"","_kad_blocks_body_custom_js":"","_kad_blocks_footer_custom_js":"","_kadence_starter_templates_imported_post":false,"_joinchat":[]},"product_brand":[],"product_cat":[258,21],"product_tag":[49,57,66,91],"berocket_brand":[394],"class_list":{"0":"post-22590","1":"product","2":"type-product","3":"status-publish","4":"has-post-thumbnail","6":"product_cat-corpo-de-borboleta","7":"product_cat-injecao-eletronica","8":"product_tag-clio","9":"product_tag-kangoo","10":"product_tag-logan","11":"product_tag-sandero","12":"berocket_brand-renault","13":"thunk-woo-product-list","14":"big-store-woo-hover-zoom","15":"open-single-product-tab-horizontal","16":"open-shadow-","17":"open-shadow-hover-","19":"first","20":"outofstock","21":"sale","22":"taxable","23":"shipping-taxable","24":"purchasable","25":"product-type-simple"},"taxonomy_info":{"product_cat":[{"value":258,"label":"Corpo de Borboleta"},{"value":21,"label":"Inje\u00e7\u00e3o Eletr\u00f4nica"}],"product_tag":[{"value":49,"label":"Clio"},{"value":57,"label":"Kangoo"},{"value":66,"label":"Logan"},{"value":91,"label":"Sandero"}],"berocket_brand":[{"value":394,"label":"Renault"}]},"featured_image_src_large":["https:\/\/www.casadainjecao.com.br\/loja\/wp-content\/uploads\/2023\/01\/CBP-968-2-746x780.jpg",640,669,true],"author_info":[],"comment_info":"","_links":{"self":[{"href":"https:\/\/www.casadainjecao.com.br\/loja\/wp-json\/wp\/v2\/product\/22590","targetHints":{"allow":["GET"]}}],"collection":[{"href":"https:\/\/www.casadainjecao.com.br\/loja\/wp-json\/wp\/v2\/product"}],"about":[{"href":"https:\/\/www.casadainjecao.com.br\/loja\/wp-json\/wp\/v2\/types\/product"}],"wp:featuredmedia":[{"embeddable":true,"href":"https:\/\/www.casadainjecao.com.br\/loja\/wp-json\/wp\/v2\/media\/22595"}],"wp:attachment":[{"href":"https:\/\/www.casadainjecao.com.br\/loja\/wp-json\/wp\/v2\/media?parent=22590"}],"wp:term":[{"taxonomy":"product_brand","embeddable":true,"href":"https:\/\/www.casadainjecao.com.br\/loja\/wp-json\/wp\/v2\/product_brand?post=22590"},{"taxonomy":"product_cat","embeddable":true,"href":"https:\/\/www.casadainjecao.com.br\/loja\/wp-json\/wp\/v2\/product_cat?post=22590"},{"taxonomy":"product_tag","embeddable":true,"href":"https:\/\/www.casadainjecao.com.br\/loja\/wp-json\/wp\/v2\/product_tag?post=22590"},{"taxonomy":"berocket_brand","embeddable":true,"href":"https:\/\/www.casadainjecao.com.br\/loja\/wp-json\/wp\/v2\/berocket_brand?post=22590"}],"curies":[{"name":"wp","href":"https:\/\/api.w.org\/{rel}","templated":true}]}}