{"id":23988,"date":"2023-04-03T14:21:55","date_gmt":"2023-04-03T17:21:55","guid":{"rendered":"https:\/\/www.casadainjecao.com.br\/loja\/?post_type=product&#038;p=23988"},"modified":"2026-01-23T20:20:19","modified_gmt":"2026-01-23T23:20:19","slug":"kit-4-bicos-injetores-gm-vectra-blazer-s10-2-2-16v-mpfi-0280150452","status":"publish","type":"product","link":"https:\/\/www.casadainjecao.com.br\/loja\/autopecas\/injecao-eletronica\/bico-injetor\/kit-4-bicos-injetores-gm-vectra-blazer-s10-2-2-16v-mpfi-0280150452\/","title":{"rendered":"Kit 4 Bicos Injetores GM Vectra Blazer S10 2.2 16v Mpfi &#82"},"content":{"rendered":"<h2>Kit de Bicos Injetores<\/h2>\n<p><strong>CHEVROLET<\/strong><\/p>\n<p>Chevrolet S10 2.2 16V &#8211; 1996 em diante<\/p>\n<p>Chevolte Blazer 2.2 16V &#8211; 1996 em diante<\/p>\n<p>Chevrolet Vectra 2.2 16V 1998 a 2005<\/p>\n<p>Chevrolet Vectra 2.0 16V 1997 a 1998<\/p>\n<h4>C\u00f3digo de Refer\u00eancia:<\/h4>\n<p>0280150452<\/p>\n<p><strong>Condi\u00e7\u00f5es:<\/strong><\/p>\n<p>Novo Paralelo \/ Marca Torken<\/p>\n<h4><strong>Garantia:<\/strong><\/h4>\n<p>3 Meses<strong>\u00a0<\/strong><\/p>\n<h3>ATEN\u00c7\u00c3O: Antes de efetuar a compra verifique o c\u00f3digo da sua pe\u00e7a que est\u00e1 instalada no seu ve\u00edculo.<\/h3>\n<h3><strong>APLICA\u00c7\u00c3O:<\/strong><\/h3>\n<p>Linha Chevrolet<\/p>\n<h4><strong>\u00a0O que \u00e9 e para que serve o Bico Injetor?<\/strong><\/h4>\n<p>O Bico injetor atomiza o combust\u00edvel em finas part\u00edculas, facilitando a mistura adequada com o ar dentro da c\u00e2mara de combust\u00e3o. Essa atomiza\u00e7\u00e3o \u00e9 essencial para uma combust\u00e3o eficiente e completa.<\/p>\n","protected":false},"excerpt":{"rendered":"<h2 class=\"ui-pdp-title\">Kit 4 Bicos Injetores GM Vectra Blazer S10 2.2 16v Mpfi &#8211; 0280150452<\/h2>\n","protected":false},"featured_media":24057,"template":"","meta":{"_seopress_robots_primary_cat":"none","_seopress_titles_title":"","_seopress_titles_desc":"","_seopress_robots_index":"","_joinchat":[]},"product_cat":[256,21],"product_tag":[],"berocket_brand":[381],"_links":{"self":[{"href":"https:\/\/www.casadainjecao.com.br\/loja\/wp-json\/wp\/v2\/product\/23988"}],"collection":[{"href":"https:\/\/www.casadainjecao.com.br\/loja\/wp-json\/wp\/v2\/product"}],"about":[{"href":"https:\/\/www.casadainjecao.com.br\/loja\/wp-json\/wp\/v2\/types\/product"}],"wp:featuredmedia":[{"embeddable":true,"href":"https:\/\/www.casadainjecao.com.br\/loja\/wp-json\/wp\/v2\/media\/24057"}],"wp:attachment":[{"href":"https:\/\/www.casadainjecao.com.br\/loja\/wp-json\/wp\/v2\/media?parent=23988"}],"wp:term":[{"taxonomy":"product_cat","embeddable":true,"href":"https:\/\/www.casadainjecao.com.br\/loja\/wp-json\/wp\/v2\/product_cat?post=23988"},{"taxonomy":"product_tag","embeddable":true,"href":"https:\/\/www.casadainjecao.com.br\/loja\/wp-json\/wp\/v2\/product_tag?post=23988"},{"taxonomy":"berocket_brand","embeddable":true,"href":"https:\/\/www.casadainjecao.com.br\/loja\/wp-json\/wp\/v2\/berocket_brand?post=23988"}],"curies":[{"name":"wp","href":"https:\/\/api.w.org\/{rel}","templated":true}]}}