{"id":24270,"date":"2023-04-28T14:43:54","date_gmt":"2023-04-28T17:43:54","guid":{"rendered":"https:\/\/www.casadainjecao.com.br\/loja\/?post_type=product&#038;p=24270"},"modified":"2026-04-20T11:38:21","modified_gmt":"2026-04-20T14:38:21","slug":"valvula-termostatica-fiat-palio-uno-siena-46737644","status":"publish","type":"product","link":"https:\/\/www.casadainjecao.com.br\/loja\/autopecas\/motor\/valvula-termostatica-motor\/valvula-termostatica-fiat-palio-uno-siena-46737644\/","title":{"rendered":"V\u00e1lvula Termost\u00e1tica Fiat Palio Uno Siena Original 4673764"},"content":{"rendered":"<h1>V\u00e1lvula Termost\u00e1tica Fiat Original<\/h1>\n<h3>Fiat<\/h3>\n<h3>Doblo &#8211; 1.4 8V FIRE &#8211; Flex \/ Anos: 2010 em diante<\/h3>\n<h3>Fiorino &#8211; 1.3 8V FIRE &#8211; Flex e Gas \/ Anos: 2003 at\u00e9 2013<\/h3>\n<h3>Idea &#8211; 1.4 8V FIRE &#8211; Flex \/ Anos: 2006 em diante<\/h3>\n<h3>Mille &#8211; 1.0 8V FIRE &#8211; Flex e Gas \/ Anos: 2002 at\u00e9 2013<\/h3>\n<h3>Palio &#8211; 1.0 \/ 1.3 \/ 1.4 8V FIRE &#8211; Flex \/ Anos: 2003 at\u00e9 2012<\/h3>\n<h3>Palio Weekend &#8211; 1.3 \/ 1.4 8V FIRE &#8211; Flex e Gas \/ Anos: 2003 at\u00e9 2008<\/h3>\n<h3>Punto &#8211; 1.4 8V FIRE &#8211; Flex \/ Anos: 2008 at\u00e9 2012<\/h3>\n<h3>Siena &#8211; 1.0 \/ 1.3 \/ 1.4 8V FIRE &#8211; Flex \/ Anos: 2003 em diante<\/h3>\n<h3>Strada &#8211; 1.3 \/ 1.4 \/ 8V FIRE &#8211; Flex e Gas \/ Anos: 2003 at\u00e9 2013<\/h3>\n<h3>C\u00f3digo de Refer\u00eancia:<\/h3>\n<h3>46737644<\/h3>\n<h5>Especifica\u00e7\u00f5es:<\/h5>\n<h5>1 V\u00e1lvula Termost\u00e1tica Temperatura de abertura: 87C 2 furos<\/h5>\n<h5>Condi\u00e7\u00f5es:<\/h5>\n<h5>Produto Novo Original \/ Marca Fiat Mopar<\/h5>\n<h5>Garantia:<\/h5>\n<h5>3 Meses<\/h5>\n<h5>ATEN\u00c7\u00c3O: Antes de efetuar a compra verifique o c\u00f3digo da sua pe\u00e7a que est\u00e1 instalado no seu ve\u00edculo.<\/h5>\n<h5><strong>Condi\u00e7\u00f5es:<\/strong><\/h5>\n<h5>Produto Novo Original \/ Marca Fiat<\/h5>\n<h5><strong>Garantia:<\/strong><\/h5>\n<h5>3 Meses<\/h5>\n<h5><strong>ATEN\u00c7\u00c3O: Antes de efetuar a compra verifique o c\u00f3digo da sua pe\u00e7a que est\u00e1 instalado no seu ve\u00edculo.<\/strong><\/h5>\n<h5>A Casa da Inje\u00e7\u00e3o oferece total garantia nos produtos comprados em nosso site.<\/h5>\n<h5>Cada item \u00e9 rigorosamente testado antes do envio<\/h5>\n<h5>Se os itens estiverem danificados ou parcialmente defeituosos, entre em contato conosco.<\/h5>\n<h5>Procure um profissional devidamente licenciado para a instala\u00e7\u00e3o e fa\u00e7a revis\u00f5es periodicamente. A empresa n\u00e3o se responsabiliza por problemas oriundos da m\u00e1 instala\u00e7\u00e3o ou com a falta de cuidados peri\u00f3dicos dos componentes.<\/h5>\n<h5>Se houver qualquer defeito, n\u00f3s lhe enviaremos uma substitui\u00e7\u00e3o ap\u00f3s receber o pacote ou devolvemos seu dinheiro.<\/h5>\n<h5>Leia nossa\u00a0<a href=\"https:\/\/www.casadainjecao.com.br\/loja\/politica-de-devolucao\">pol\u00edtica de devolu\u00e7\u00e3o aqui<\/a><\/h5>\n<h5>\u2014\u2014\u2014\u2014\u2014\u2014\u2014\u2014\u2014\u2014\u2014\u2014\u2014\u2014\u2014\u2014\u2014\u2014\u2014\u2013<\/h5>\n<h5><strong>Tem alguma d\u00favida?<\/strong><\/h5>\n<h5>Entre em contato que podemos ajudar!<\/h5>\n<h5>Confira as informa\u00e7\u00f5es adicionais abaixo:<\/h5>\n<h5>Todos os nossos produtos s\u00e3o novos, semi-novos, originais e paralelos possuem garantia.<\/h5>\n<h5>Todos os produtos anunciados est\u00e3o dispon\u00edveis em estoque e s\u00e3o enviados com extrema rapidez.<\/h5>\n<h5>O frete pode ser simulado antes de efetuar a compra, basta clicar em \u201cver custos de envio\u201d.<\/h5>\n<h5>Verifique o endere\u00e7o de entrega cadastrado e atualize caso necess\u00e1rio.<\/h5>\n<h5>Confirme se a pe\u00e7a \u00e9 correta para o seu modelo de ve\u00edculo.<\/h5>\n<h5>Para pe\u00e7as automotivas, recomendamos a instala\u00e7\u00e3o por um profissional especializado.<\/h5>\n<h5>Caso possua outras d\u00favidas, entre em contato.<\/h5>\n","protected":false},"excerpt":{"rendered":"<h2>V\u00e1lvula Termost\u00e1tica Fiat Palio Uno Siena Original 46737644<\/h2>\n","protected":false},"featured_media":24273,"template":"","meta":{"_seopress_robots_primary_cat":"none","_seopress_titles_title":"","_seopress_titles_desc":"","_seopress_robots_index":"","_joinchat":[]},"product_cat":[22,1813],"product_tag":[247,280,709,119,108,120,121,1814],"berocket_brand":[383],"_links":{"self":[{"href":"https:\/\/www.casadainjecao.com.br\/loja\/wp-json\/wp\/v2\/product\/24270"}],"collection":[{"href":"https:\/\/www.casadainjecao.com.br\/loja\/wp-json\/wp\/v2\/product"}],"about":[{"href":"https:\/\/www.casadainjecao.com.br\/loja\/wp-json\/wp\/v2\/types\/product"}],"wp:featuredmedia":[{"embeddable":true,"href":"https:\/\/www.casadainjecao.com.br\/loja\/wp-json\/wp\/v2\/media\/24273"}],"wp:attachment":[{"href":"https:\/\/www.casadainjecao.com.br\/loja\/wp-json\/wp\/v2\/media?parent=24270"}],"wp:term":[{"taxonomy":"product_cat","embeddable":true,"href":"https:\/\/www.casadainjecao.com.br\/loja\/wp-json\/wp\/v2\/product_cat?post=24270"},{"taxonomy":"product_tag","embeddable":true,"href":"https:\/\/www.casadainjecao.com.br\/loja\/wp-json\/wp\/v2\/product_tag?post=24270"},{"taxonomy":"berocket_brand","embeddable":true,"href":"https:\/\/www.casadainjecao.com.br\/loja\/wp-json\/wp\/v2\/berocket_brand?post=24270"}],"curies":[{"name":"wp","href":"https:\/\/api.w.org\/{rel}","templated":true}]}}