{"id":24282,"date":"2023-04-28T16:48:58","date_gmt":"2023-04-28T19:48:58","guid":{"rendered":"https:\/\/www.casadainjecao.com.br\/loja\/?post_type=product&#038;p=24282"},"modified":"2024-03-10T18:29:18","modified_gmt":"2024-03-10T21:29:18","slug":"jogo-vela-de-ignicao-ngk-bkr5ez-fiat-palio-doblo-original-46531918","status":"publish","type":"product","link":"https:\/\/www.casadainjecao.com.br\/loja\/autopecas\/injecao-eletronica\/jogo-vela-de-ignicao-ngk-bkr5ez-fiat-palio-doblo-original-46531918\/","title":{"rendered":"Jogo Vela De Igni\u00e7\u00e3o Ngk Bkr5ez Fiat Palio Doblo Original "},"content":{"rendered":"<h1>Jogo Vela De Igni\u00e7\u00e3o Ngk Bkr5ez Fiat Palio Doblo Original &#8211; 46531918<\/h1>\n","protected":false},"excerpt":{"rendered":"<h2>JOGO VELA DE IGNI\u00c7\u00c3O NGK\u00a0 Bkr5ez\u00a0 ORIGINAL<\/h2>\n<h2>FIAT &#8211; DOBL\u00d2 (2002-2009)<br \/>\nFIAT &#8211; FIORINO (2004-2013)<br \/>\nFIAT &#8211; IDEA (2006-2010)<br \/>\nFIAT &#8211; IDEA FASE 1 (2011-2016)<br \/>\nFIAT &#8211; MAREA (1999-2007)<br \/>\nFIAT &#8211; PALIO FASE 1 (2001-2007)<br \/>\nFIAT &#8211; PALIO FASE 2 (2004-2017)<br \/>\nFIAT &#8211; PALIO FASE 3 (2008-2012)<br \/>\nFIAT &#8211; PALIO WEEKEND FASE 1 (2001-2007)<br \/>\nFIAT &#8211; PALIO WEEKEND FASE 2 (2004-2008)<br \/>\nFIAT &#8211; PALIO WEEKEND FASE 3 (2008-2012)<br \/>\nFIAT &#8211; PUNTO (2008-2012)<br \/>\nFIAT &#8211; PUNTO FASE 1 (2013-2017)<br \/>\nFIAT &#8211; SIENA FASE 1 (2001-2007)<br \/>\nFIAT &#8211; SIENA FASE 2 (2004-2013)<br \/>\nFIAT &#8211; SIENA FASE 3 (2008-2012)<br \/>\nFIAT &#8211; STRADA FASE 1 (2001-2007)<br \/>\nFIAT &#8211; STRADA FASE 2 (2004-2013)<br \/>\nFIAT &#8211; STRADA FASE 3 (2008-2012)<br \/>\nFIAT &#8211; STRADA FASE 4 (2013-&#8230;.)<br \/>\nFIAT &#8211; UNO FASE 1 (2004-2013)<\/h2>\n<h2>C\u00d3DIGO &#8211; 46531918<\/h2>\n<p>&nbsp;<\/p>\n","protected":false},"featured_media":24286,"template":"","meta":{"_seopress_robots_primary_cat":"none","_seopress_titles_title":"","_seopress_titles_desc":"","_seopress_robots_index":"","_joinchat":[]},"product_cat":[21,22],"product_tag":[],"berocket_brand":[383],"_links":{"self":[{"href":"https:\/\/www.casadainjecao.com.br\/loja\/wp-json\/wp\/v2\/product\/24282"}],"collection":[{"href":"https:\/\/www.casadainjecao.com.br\/loja\/wp-json\/wp\/v2\/product"}],"about":[{"href":"https:\/\/www.casadainjecao.com.br\/loja\/wp-json\/wp\/v2\/types\/product"}],"wp:featuredmedia":[{"embeddable":true,"href":"https:\/\/www.casadainjecao.com.br\/loja\/wp-json\/wp\/v2\/media\/24286"}],"wp:attachment":[{"href":"https:\/\/www.casadainjecao.com.br\/loja\/wp-json\/wp\/v2\/media?parent=24282"}],"wp:term":[{"taxonomy":"product_cat","embeddable":true,"href":"https:\/\/www.casadainjecao.com.br\/loja\/wp-json\/wp\/v2\/product_cat?post=24282"},{"taxonomy":"product_tag","embeddable":true,"href":"https:\/\/www.casadainjecao.com.br\/loja\/wp-json\/wp\/v2\/product_tag?post=24282"},{"taxonomy":"berocket_brand","embeddable":true,"href":"https:\/\/www.casadainjecao.com.br\/loja\/wp-json\/wp\/v2\/berocket_brand?post=24282"}],"curies":[{"name":"wp","href":"https:\/\/api.w.org\/{rel}","templated":true}]}}