{"id":24555,"date":"2023-05-14T10:23:15","date_gmt":"2023-05-14T13:23:15","guid":{"rendered":"https:\/\/www.casadainjecao.com.br\/loja\/?post_type=product&#038;p=24555"},"modified":"2023-07-01T11:02:46","modified_gmt":"2023-07-01T14:02:46","slug":"sensor-temperatura-ford-fiesta-ka-ecosport-7m51-12a648-aa","status":"publish","type":"product","link":"https:\/\/www.casadainjecao.com.br\/loja\/autopecas\/injecao-eletronica\/sensores-injecao-eletronica\/sensor-temperatura-ford-fiesta-ka-ecosport-7m51-12a648-aa\/","title":{"rendered":"Sensor Temperatura Ford Fiesta Ka Ecosport &#8211; 7M51-12A6"},"content":{"rendered":"<h1 class=\"ui-pdp-title\">Sensor Temperatura Ford Focus 1.6 16v Sigma &#8211; 7M51-12A648-AA<\/h1>\n","protected":false},"excerpt":{"rendered":"<h2 class=\"ui-pdp-title\">Sensor Temperatura<\/h2>\n<h2 class=\"ui-pdp-title\">Ford Focus 1.6 16v Sigma 10&gt;16<\/h2>\n<h2 class=\"ui-pdp-title\">Codigo:- 7M51-12A648-AA<\/h2>\n","protected":false},"featured_media":24561,"template":"","meta":{"_seopress_robots_primary_cat":"none","_seopress_titles_title":"","_seopress_titles_desc":"","_seopress_robots_index":"","_kad_blocks_custom_css":"","_kad_blocks_head_custom_js":"","_kad_blocks_body_custom_js":"","_kad_blocks_footer_custom_js":"","_joinchat":[]},"product_cat":[21,269],"product_tag":[],"berocket_brand":[384,397],"taxonomy_info":{"product_cat":[{"value":21,"label":"Inje\u00e7\u00e3o Eletr\u00f4nica"},{"value":269,"label":"Sensores"}],"berocket_brand":[{"value":384,"label":"Ford"},{"value":397,"label":"Volvo"}]},"featured_image_src_large":["https:\/\/www.casadainjecao.com.br\/loja\/wp-content\/uploads\/2023\/05\/Sensor-Temperatura-Ford-Fiesta-Ka-Ecosport-sigmA-volvo-7M51-12A648-AA-558x780.jpg",558,780,true],"author_info":[],"comment_info":"","_links":{"self":[{"href":"https:\/\/www.casadainjecao.com.br\/loja\/wp-json\/wp\/v2\/product\/24555"}],"collection":[{"href":"https:\/\/www.casadainjecao.com.br\/loja\/wp-json\/wp\/v2\/product"}],"about":[{"href":"https:\/\/www.casadainjecao.com.br\/loja\/wp-json\/wp\/v2\/types\/product"}],"wp:featuredmedia":[{"embeddable":true,"href":"https:\/\/www.casadainjecao.com.br\/loja\/wp-json\/wp\/v2\/media\/24561"}],"wp:attachment":[{"href":"https:\/\/www.casadainjecao.com.br\/loja\/wp-json\/wp\/v2\/media?parent=24555"}],"wp:term":[{"taxonomy":"product_cat","embeddable":true,"href":"https:\/\/www.casadainjecao.com.br\/loja\/wp-json\/wp\/v2\/product_cat?post=24555"},{"taxonomy":"product_tag","embeddable":true,"href":"https:\/\/www.casadainjecao.com.br\/loja\/wp-json\/wp\/v2\/product_tag?post=24555"},{"taxonomy":"berocket_brand","embeddable":true,"href":"https:\/\/www.casadainjecao.com.br\/loja\/wp-json\/wp\/v2\/berocket_brand?post=24555"}],"curies":[{"name":"wp","href":"https:\/\/api.w.org\/{rel}","templated":true}]}}