{"id":24672,"date":"2023-05-19T15:09:08","date_gmt":"2023-05-19T18:09:08","guid":{"rendered":"https:\/\/www.casadainjecao.com.br\/loja\/?post_type=product&#038;p=24672"},"modified":"2025-06-18T16:17:07","modified_gmt":"2025-06-18T19:17:07","slug":"suporte-valvula-solenoide-partida-frio-renault-sandero-8200821106","status":"publish","type":"product","link":"https:\/\/www.casadainjecao.com.br\/loja\/autopecas\/motor\/suporte\/suporte-valvula-solenoide-partida-frio-renault-sandero-8200821106\/","title":{"rendered":"Suporte Valvula Solenoide Partida Frio Renault Sandero &#821"},"content":{"rendered":"<h1>Suporte Valvula Solenoide Partida Frio<\/h1>\n<h3>Renault<\/h3>\n<h3>Clio II RL, RN, RT, SI, Authentique, Expression (power, hi flex, flex), Privil\u00e9ge, Alize, Campus, Clio (flex), Dynamique (power, flex) &#8211; 1.0 8v 1.0 16v 1.6 8v 16v &#8211; 1998 a 2018<\/h3>\n<h3>Logan Authentique, Expression, Privil\u00e9ge (flex) &#8211; 1.0 16v 1.6 8v 1.6 16v &#8211; 2002 a 2013<\/h3>\n<h3>Sandero Authentique, Expression, Privil\u00e9ge, Vibe, Stepway (flex), GT Line &#8211; 1.0 16v 1.6 8v 1.6 16v &#8211; 2002 a 2013<\/h3>\n<h3>C\u00f3digo de refer\u00eancia:<\/h3>\n<h3>8200821106<\/h3>\n<h5>Condi\u00e7\u00f5es:<\/h5>\n<h5>Novo \/ Marca Renault<\/h5>\n<h5>Garantia:<\/h5>\n<h5>3 Meses<\/h5>\n<h5><strong>ATEN\u00c7\u00c3O<\/strong>: Antes de efetuar a compra verifique o c\u00f3digo da pe\u00e7a que est\u00e1 instalada no seu ve\u00edculo.<\/h5>\n<h5>O que \u00e9 e para que serve o Suporte Valvula Solenoide Partida?<\/h5>\n<h5>O suporte V\u00e1lvula solenoide \u00e9 um componente do sistema de partida do motor, o suporte serve para fixar a v\u00e1lvula em sua posi\u00e7\u00e3o adequada no motor, tamb\u00e9m \u00e9 respons\u00e1vel por liberar o pinh\u00e3o do motor de arranque para que ele possa se engrenar com a coroa dentada do volante. O suporte tem a fun\u00e7\u00e3o de manter essa v\u00e1lvula no lugar correto, garantindo que ela funcione corretamente e seja devidamente acionada durante o processo de partida.<\/h5>\n<h5>A Casa da Inje\u00e7\u00e3o oferece total garantia nos produtos comprados em nosso site.<\/h5>\n<ol>\n<li>\n<h5>Cada item \u00e9 rigorosamente testado antes do envio<\/h5>\n<\/li>\n<li>\n<h5>Se os itens estiverem danificados ou parcialmente defeituosos, entre em contato conosco.<\/h5>\n<\/li>\n<\/ol>\n<h5>Se houver qualquer defeito, n\u00f3s lhe enviaremos uma substitui\u00e7\u00e3o ap\u00f3s receber o pacote ou devolvemos seu dinheiro.<\/h5>\n<h5>Leia nossa\u00a0<a href=\"https:\/\/www.casadainjecao.com.br\/loja\/politica-de-devolucao\">pol\u00edtica de devolu\u00e7\u00e3o aqui<\/a><\/h5>\n<h5>\u2014\u2014\u2014\u2014\u2014\u2014\u2014\u2014\u2014\u2014\u2014\u2014\u2014\u2014\u2014\u2014\u2014\u2014\u2014\u2014-<\/h5>\n<h5>Tem alguma d\u00favida?<\/h5>\n<h5>Entre em contato que podemos ajudar!<\/h5>\n<h5>Confira as informa\u00e7\u00f5es adicionais abaixo:<\/h5>\n<ul>\n<li>\n<h5>Todos os nossos produtos s\u00e3o novos, originais e paralelos possuem garantia.<\/h5>\n<\/li>\n<li>\n<h5>Todos os produtos anunciados est\u00e3o dispon\u00edveis em estoque e s\u00e3o enviados com extrema rapidez.<\/h5>\n<\/li>\n<li>\n<h5>O frete pode ser simulado antes de efetuar a compra, basta clicar em \u201cver custos de envio\u201d.<\/h5>\n<\/li>\n<li>\n<h5>Verifique o endere\u00e7o de entrega cadastrado e atualize caso necess\u00e1rio.<\/h5>\n<\/li>\n<li>\n<h5>Confirme se a pe\u00e7a \u00e9 correta para o seu modelo de ve\u00edculo.<\/h5>\n<\/li>\n<li>\n<h5>Para pe\u00e7as automotivas, recomendamos a instala\u00e7\u00e3o por um profissional especializado.<\/h5>\n<\/li>\n<\/ul>\n<h5>Caso possua outras d\u00favidas, entre em contato.<\/h5>\n","protected":false},"excerpt":{"rendered":"<h2>Suporte Valvula Solenoide Partida Frio Renault Sandero &#8211; 8200821106<\/h2>\n","protected":false},"featured_media":40783,"template":"","meta":{"_seopress_robots_primary_cat":"none","_seopress_titles_title":"","_seopress_titles_desc":"","_seopress_robots_index":"","_joinchat":[]},"product_cat":[22,242],"product_tag":[49,91],"berocket_brand":[394],"_links":{"self":[{"href":"https:\/\/www.casadainjecao.com.br\/loja\/wp-json\/wp\/v2\/product\/24672"}],"collection":[{"href":"https:\/\/www.casadainjecao.com.br\/loja\/wp-json\/wp\/v2\/product"}],"about":[{"href":"https:\/\/www.casadainjecao.com.br\/loja\/wp-json\/wp\/v2\/types\/product"}],"wp:featuredmedia":[{"embeddable":true,"href":"https:\/\/www.casadainjecao.com.br\/loja\/wp-json\/wp\/v2\/media\/40783"}],"wp:attachment":[{"href":"https:\/\/www.casadainjecao.com.br\/loja\/wp-json\/wp\/v2\/media?parent=24672"}],"wp:term":[{"taxonomy":"product_cat","embeddable":true,"href":"https:\/\/www.casadainjecao.com.br\/loja\/wp-json\/wp\/v2\/product_cat?post=24672"},{"taxonomy":"product_tag","embeddable":true,"href":"https:\/\/www.casadainjecao.com.br\/loja\/wp-json\/wp\/v2\/product_tag?post=24672"},{"taxonomy":"berocket_brand","embeddable":true,"href":"https:\/\/www.casadainjecao.com.br\/loja\/wp-json\/wp\/v2\/berocket_brand?post=24672"}],"curies":[{"name":"wp","href":"https:\/\/api.w.org\/{rel}","templated":true}]}}