{"id":25667,"date":"2023-07-18T10:41:33","date_gmt":"2023-07-18T13:41:33","guid":{"rendered":"https:\/\/www.casadainjecao.com.br\/loja\/?post_type=product&#038;p=25667"},"modified":"2026-03-30T15:56:44","modified_gmt":"2026-03-30T18:56:44","slug":"moldura-paralama-dianteiro-esquerdo-fiat-uno-way-100176756","status":"publish","type":"product","link":"https:\/\/www.casadainjecao.com.br\/loja\/autopecas\/exterior\/paralama\/moldura-paralama-dianteiro-esquerdo-fiat-uno-way-100176756\/","title":{"rendered":"Moldura Paralama Dianteiro Esquerdo Fiat Uno Way &#8211; 100"},"content":{"rendered":"<h1>Moldura Paralama Dianteiro Esquerdo Original<\/h1>\n<h3>Cor: Cinza<\/h3>\n<h3>Material: Plastico<\/h3>\n<h3>Sem Presilhas \/ Grampos de Fixacao<\/h3>\n<h2>Fiat<\/h2>\n<p>UNO FASE 1 (2004-2013)<br \/>\nUNO MILLE (2004-2013)<\/p>\n<h3>UNO WAY 1.3 MPI FIRE 8V BZ 2P\u00a0 &#8211; 2009 &#8211; 2011<\/h3>\n<h3>UNO WAY 1.3 MPI FIRE 8V BZ 4P &#8211; 2009 &#8211; 2013<\/h3>\n<h3>UNO WAY 1.3 MPI FIRE 8V BZ 4P &#8211; 2007 &#8211; 2008<\/h3>\n<h3>MILLE WAY ECONOMY 1.0 MPI FIRE 8V FLEX 2P &#8211; 2009 &#8211; 2013<\/h3>\n<h3>MILLE WAY ECONOMY 1.0 MPI FIRE 8V FLEX 4P &#8211; 2009 &#8211; 2013<\/h3>\n<h2>C\u00f3digo: &#8211; 100176756\/100165926<\/h2>\n<p>Condi\u00e7\u00f5es:<\/p>\n<p>Produto Novo Original<br \/>\nGarantia:<br \/>\n3 Meses<\/p>\n<p>ATEN\u00c7\u00c3O: Antes de efetuar a compra verifique o c\u00f3digo da sua pe\u00e7a que est\u00e1 instalado no seu ve\u00edculo.<br \/>\nA Casa da Inje\u00e7\u00e3o SP oferece total garantia nos produtos comprados em nosso site.<br \/>\nCada item \u00e9 rigorosamente inspecionado \u00a0antes do envio<br \/>\nSe os itens estiverem danificados ou parcialmente defeituosos, entre em contato conosco.<br \/>\nProcure um profissional devidamente licenciado para a instala\u00e7\u00e3o e fa\u00e7a revis\u00f5es periodicamente.<br \/>\nA empresa n\u00e3o se responsabiliza por problemas oriundos da m\u00e1 instala\u00e7\u00e3o ou com a falta de cuidados<br \/>\nperi\u00f3dicos dos componentes.<br \/>\nSe houver qualquer defeito, ficamos a disposi\u00e7\u00e3o para a substitui\u00e7\u00e3o ou devolvemos seu dinheiro.<br \/>\nTem alguma d\u00favida?<br \/>\nEntre em contato que podemos ajudar!<br \/>\nConfira as informa\u00e7\u00f5es adicionais abaixo:<br \/>\nTodos os produtos anunciados est\u00e3o dispon\u00edveis em estoque e s\u00e3o enviados com extrema rapidez .<br \/>\nO frete pode ser simulado antes de efetuar a compra, basta clicar em \u201cver custos de envio\u201d.<br \/>\nVerifique o endere\u00e7o de entrega cadastrado e atualize caso necess\u00e1rio.<br \/>\nConfirme se a pe\u00e7a \u00e9 correta para o seu modelo de ve\u00edculo.<br \/>\nPara pe\u00e7as automotivas, recomendamos a instala\u00e7\u00e3o por um profissional especializado.<br \/>\nCaso possua outras d\u00favidas, entre em contato.<\/p>\n<p>&nbsp;<\/p>\n","protected":false},"excerpt":{"rendered":"<h2>Moldura Paralama Dianteiro Esquerdo Original Fiat Uno Way &#8211; 100176756<\/h2>\n","protected":false},"featured_media":44898,"template":"","meta":{"_seopress_robots_primary_cat":"none","_seopress_titles_title":"","_seopress_titles_desc":"","_seopress_robots_index":"","_joinchat":[]},"product_cat":[23,2163,1858],"product_tag":[1859],"berocket_brand":[383],"_links":{"self":[{"href":"https:\/\/www.casadainjecao.com.br\/loja\/wp-json\/wp\/v2\/product\/25667"}],"collection":[{"href":"https:\/\/www.casadainjecao.com.br\/loja\/wp-json\/wp\/v2\/product"}],"about":[{"href":"https:\/\/www.casadainjecao.com.br\/loja\/wp-json\/wp\/v2\/types\/product"}],"wp:featuredmedia":[{"embeddable":true,"href":"https:\/\/www.casadainjecao.com.br\/loja\/wp-json\/wp\/v2\/media\/44898"}],"wp:attachment":[{"href":"https:\/\/www.casadainjecao.com.br\/loja\/wp-json\/wp\/v2\/media?parent=25667"}],"wp:term":[{"taxonomy":"product_cat","embeddable":true,"href":"https:\/\/www.casadainjecao.com.br\/loja\/wp-json\/wp\/v2\/product_cat?post=25667"},{"taxonomy":"product_tag","embeddable":true,"href":"https:\/\/www.casadainjecao.com.br\/loja\/wp-json\/wp\/v2\/product_tag?post=25667"},{"taxonomy":"berocket_brand","embeddable":true,"href":"https:\/\/www.casadainjecao.com.br\/loja\/wp-json\/wp\/v2\/berocket_brand?post=25667"}],"curies":[{"name":"wp","href":"https:\/\/api.w.org\/{rel}","templated":true}]}}