{"id":26024,"date":"2023-08-08T10:46:17","date_gmt":"2023-08-08T13:46:17","guid":{"rendered":"https:\/\/www.casadainjecao.com.br\/loja\/?post_type=product&#038;p=26024"},"modified":"2025-10-15T17:10:48","modified_gmt":"2025-10-15T20:10:48","slug":"valvula-termostatica-fiat-doblo-idea-palio-strada-1-6-1-8-e-torq-55242321","status":"publish","type":"product","link":"https:\/\/www.casadainjecao.com.br\/loja\/autopecas\/motor\/valvula-termostatica-motor\/valvula-termostatica-fiat-doblo-idea-palio-strada-1-6-1-8-e-torq-55242321\/","title":{"rendered":"V\u00e1lvula Termost\u00e1tica Doblo Idea 1.6 1.8 E-torq &#8211; 552"},"content":{"rendered":"<h2>V\u00e1lvula Termost\u00e1tica Completa Sem Sensor<\/h2>\n<h2>Marca: Genu\u00edno Fiat Mopar Original<\/h2>\n<h3>Todos motores E-TORQ<\/h3>\n<p>Fiat<\/p>\n<ul>\n<li>Fiat Strada Fase 3 &#8211; 2008 A 2012<\/li>\n<li>Fiat Strada Fase 4 &#8211; 2013 em Diante<\/li>\n<li>Fiat Punto &#8211; 2008 A 2012<\/li>\n<li>Fiat Punto Fase 1 &#8211; 2013 A 2017<\/li>\n<li>Fiat Ram 700 &#8211; 2015 em Diante<\/li>\n<li>Fiat Siena Fase 3 &#8211; 2008 A 2012<\/li>\n<li>Fiat Idea Fase 1 &#8211; 2011 A 2016<\/li>\n<li>Fiat Linea &#8211; 2009 A 2014<\/li>\n<li>Fiat Linea Fase 1- 2015 A 2016<\/li>\n<li>Fiat Novo Palio &#8211; 2012 em Diante<\/li>\n<li>Fiat Palio Fase 3 &#8211; 2008 A 2012<\/li>\n<li>Fiat Palio Weekend Fase 3 &#8211; 2008 A 2012<\/li>\n<li>Fiat Palio Weekend Fase 4 &#8211; 2013 em Diante<\/li>\n<li>Fiat Grand Siena &#8211; 2012\u00a0 em Diante<\/li>\n<li>Fiat Bravo &#8211; 2011 A 2015<\/li>\n<li>Fiat Dobl\u00f3 Fase 1 &#8211; 2010 em Diante<\/li>\n<\/ul>\n<h4>C\u00f3digo de Refer\u00eancia:\u00a0 &#8211; 55242321, 55224855, 55229837, 78605<\/h4>\n<h4>Condi\u00e7\u00f5es:<\/h4>\n<p>Novo Original<\/p>\n<p>Marca: FIAT GENU\u00cdNA<\/p>\n<p>Temperatura de abertura 90 \u00b0C<\/p>\n<h4>Garantia:<\/h4>\n<p>3 Meses<\/p>\n<h2><strong>ATEN\u00c7\u00c3O<\/strong>: Antes de efetuar a compra verifique o c\u00f3digo da pe\u00e7a que est\u00e1 instalada\u00a0 no seu ve\u00edculo.<\/h2>\n<div id=\"A8hXZazDIve35OUP96KduAg__5\">\n<div class=\"wDYxhc\" data-md=\"61\">\n<div class=\"LGOjhe\" role=\"heading\" data-attrid=\"wa:\/description\" aria-level=\"3\" data-hveid=\"CBwQAA\">\n<div class=\"w-full pt-2 md:pt-0 border-t md:border-t-0 gizmo:border-t-0 dark:border-white\/20 md:border-transparent md:dark:border-transparent md:pl-2 gizmo:pl-0 gizmo:md:pl-0 md:w-[calc(100%-.5rem)]\">\n<form class=\"stretch mx-2 flex flex-row gap-3 last:mb-2 md:mx-4 md:last:mb-6 lg:mx-auto lg:max-w-2xl xl:max-w-3xl\">\n<div class=\"relative flex h-full flex-1 items-stretch md:flex-col\">\n<div class=\"flex w-full items-center\">\n<h5><strong>A Casa da Inje\u00e7\u00e3o oferece total garantia nos produtos comprados em nosso site.<\/strong><\/h5>\n<h5><strong>Cada item \u00e9 rigorosamente testado antes do envio<\/strong><\/h5>\n<h5><strong>Se os itens estiverem danificados ou parcialmente defeituosos, entre em contato conosco.<\/strong><\/h5>\n<h5><strong>Procure um profissional devidamente licenciado para a instala\u00e7\u00e3o e fa\u00e7a revis\u00f5es periodicamente. A empresa n\u00e3o se responsabiliza por problemas oriundos da m\u00e1 instala\u00e7\u00e3o ou com a falta de cuidados peri\u00f3dicos dos componentes.<\/strong><\/h5>\n<h5><strong>Se houver qualquer defeito, n\u00f3s lhe enviaremos uma substitui\u00e7\u00e3o ap\u00f3s receber o pacote ou devolvemos seu dinheiro.<\/strong><\/h5>\n<h5><strong>Leia nossa\u00a0<\/strong><a href=\"https:\/\/www.casadainjecao.com.br\/loja\/politica-de-devolucao\"><strong>pol\u00edtica de devolu\u00e7\u00e3o aqui<\/strong><\/a><\/h5>\n<h5><strong>\u2014\u2014\u2014\u2014\u2014\u2014\u2014\u2014\u2014\u2014\u2014\u2014\u2014\u2014\u2014\u2014\u2014\u2014\u2014\u2013<\/strong><\/h5>\n<h5><strong>Tem alguma d\u00favida?<\/strong><\/h5>\n<h5><strong>Entre em contato que podemos ajudar!<\/strong><\/h5>\n<h5><strong>Confira as informa\u00e7\u00f5es adicionais abaixo:<\/strong><\/h5>\n<h5><strong>Todos os nossos produtos s\u00e3o novos, semi-novos, originais e paralelos possuem garantia.<\/strong><\/h5>\n<h5><strong>Todos os produtos anunciados est\u00e3o dispon\u00edveis em estoque e s\u00e3o enviados com extrema rapidez.<\/strong><\/h5>\n<h5><strong>O frete pode ser simulado antes de efetuar a compra, basta clicar em \u201cver custos de envio\u201d.<\/strong><\/h5>\n<h5><strong>Verifique o endere\u00e7o de entrega cadastrado e atualize caso necess\u00e1rio.<\/strong><\/h5>\n<h5><strong>Confirme se a pe\u00e7a \u00e9 correta para o seu modelo de ve\u00edculo.<\/strong><\/h5>\n<h5><strong>Para pe\u00e7as automotivas, recomendamos a instala\u00e7\u00e3o por um profissional especializado.<\/strong><\/h5>\n<h5><strong>Caso possua outras d\u00favidas, entre em contato.<\/strong><\/h5>\n<\/div>\n<\/div>\n<\/form>\n<\/div>\n<\/div>\n<\/div>\n<\/div>\n<h1><\/h1>\n","protected":false},"excerpt":{"rendered":"<h2>V\u00e1lvula Termost\u00e1tica<\/h2>\n<h2>Fiat Doblo Idea Palio Strada Original 1.6 1.8 E-torq &#8211; 55242321<\/h2>\n","protected":false},"featured_media":26114,"template":"","meta":{"_seopress_robots_primary_cat":"none","_seopress_titles_title":"","_seopress_titles_desc":"","_seopress_robots_index":"","_joinchat":[]},"product_cat":[22,1813],"product_tag":[1489,709,1100,119,108,1861,120,121],"berocket_brand":[383],"_links":{"self":[{"href":"https:\/\/www.casadainjecao.com.br\/loja\/wp-json\/wp\/v2\/product\/26024"}],"collection":[{"href":"https:\/\/www.casadainjecao.com.br\/loja\/wp-json\/wp\/v2\/product"}],"about":[{"href":"https:\/\/www.casadainjecao.com.br\/loja\/wp-json\/wp\/v2\/types\/product"}],"wp:featuredmedia":[{"embeddable":true,"href":"https:\/\/www.casadainjecao.com.br\/loja\/wp-json\/wp\/v2\/media\/26114"}],"wp:attachment":[{"href":"https:\/\/www.casadainjecao.com.br\/loja\/wp-json\/wp\/v2\/media?parent=26024"}],"wp:term":[{"taxonomy":"product_cat","embeddable":true,"href":"https:\/\/www.casadainjecao.com.br\/loja\/wp-json\/wp\/v2\/product_cat?post=26024"},{"taxonomy":"product_tag","embeddable":true,"href":"https:\/\/www.casadainjecao.com.br\/loja\/wp-json\/wp\/v2\/product_tag?post=26024"},{"taxonomy":"berocket_brand","embeddable":true,"href":"https:\/\/www.casadainjecao.com.br\/loja\/wp-json\/wp\/v2\/berocket_brand?post=26024"}],"curies":[{"name":"wp","href":"https:\/\/api.w.org\/{rel}","templated":true}]}}