{"id":26076,"date":"2023-08-08T19:40:06","date_gmt":"2023-08-08T22:40:06","guid":{"rendered":"https:\/\/www.casadainjecao.com.br\/loja\/?post_type=product&#038;p=26076"},"modified":"2026-04-12T13:28:32","modified_gmt":"2026-04-12T16:28:32","slug":"interruptor-cebolinha-pressao-oleo-peugeot-206-207-1131c5","status":"publish","type":"product","link":"https:\/\/www.casadainjecao.com.br\/loja\/autopecas\/motor\/oleo\/interruptor-cebolinha-pressao-oleo-peugeot-206-207-1131c5\/","title":{"rendered":"Interruptor Cebolinha Press\u00e3o \u00d3leo Peugeot 206 C3 &#8211; "},"content":{"rendered":"<h1>Interruptor Cebolinha Press\u00e3o \u00d3leo Original<\/h1>\n<h1>Aplica\u00e7\u00f5es:<\/h1>\n<h1>Peugeot<\/h1>\n<h1>206, 207, 306, 307, 308, 4007, 406, 407, 607, 806, 807, Hoggar, Boxer, Partner (todos os modelos)<\/h1>\n<h1>CITRO\u00cbN:<br \/>\nBerlingo, C3, C4, C4 Grand Picasso, C4 Picasso, C5, C6, C8, Jumper, Xantia, XM, Xsara, Xsara (todos os modelos)<\/h1>\n<h1>C\u00f3digo: \u2013 1131c5\/9631846480<\/h1>\n<h1><\/h1>\n","protected":false},"excerpt":{"rendered":"<h2 class=\"ui-pdp-title\">Interruptor Cebolinha Press\u00e3o \u00d3leo Peugeot 206 207 307 C3 C4 Original &#8211; 1131c5<\/h2>\n<h2 class=\"ui-pdp-bookmark ui-pdp-bookmark__link-bookmark\"><\/h2>\n","protected":false},"featured_media":26140,"template":"","meta":{"_seopress_robots_primary_cat":"none","_seopress_titles_title":"","_seopress_titles_desc":"","_seopress_robots_index":"","_joinchat":[]},"product_cat":[21,1926,22,228,241,269],"product_tag":[132],"berocket_brand":[382,393],"_links":{"self":[{"href":"https:\/\/www.casadainjecao.com.br\/loja\/wp-json\/wp\/v2\/product\/26076"}],"collection":[{"href":"https:\/\/www.casadainjecao.com.br\/loja\/wp-json\/wp\/v2\/product"}],"about":[{"href":"https:\/\/www.casadainjecao.com.br\/loja\/wp-json\/wp\/v2\/types\/product"}],"wp:featuredmedia":[{"embeddable":true,"href":"https:\/\/www.casadainjecao.com.br\/loja\/wp-json\/wp\/v2\/media\/26140"}],"wp:attachment":[{"href":"https:\/\/www.casadainjecao.com.br\/loja\/wp-json\/wp\/v2\/media?parent=26076"}],"wp:term":[{"taxonomy":"product_cat","embeddable":true,"href":"https:\/\/www.casadainjecao.com.br\/loja\/wp-json\/wp\/v2\/product_cat?post=26076"},{"taxonomy":"product_tag","embeddable":true,"href":"https:\/\/www.casadainjecao.com.br\/loja\/wp-json\/wp\/v2\/product_tag?post=26076"},{"taxonomy":"berocket_brand","embeddable":true,"href":"https:\/\/www.casadainjecao.com.br\/loja\/wp-json\/wp\/v2\/berocket_brand?post=26076"}],"curies":[{"name":"wp","href":"https:\/\/api.w.org\/{rel}","templated":true}]}}