{"id":26200,"date":"2023-08-15T18:40:18","date_gmt":"2023-08-15T21:40:18","guid":{"rendered":"https:\/\/www.casadainjecao.com.br\/loja\/?post_type=product&#038;p=26200"},"modified":"2026-04-15T09:13:49","modified_gmt":"2026-04-15T12:13:49","slug":"conexao-valvula-egr-fiat-ducato-boxer-jumper-original-504377461","status":"publish","type":"product","link":"https:\/\/www.casadainjecao.com.br\/loja\/autopecas\/injecao-eletronica\/valvula-egr\/conexao-valvula-egr-fiat-ducato-boxer-jumper-original-504377461\/","title":{"rendered":"Conex\u00e3o Valvula Egr Fiat Ducato Boxer Jumper Original &#821"},"content":{"rendered":"<p>VERIFIQUE O C\u00d3DIGO DA PE\u00c7A INSTALADA NO SEU VE\u00cdCULO ANTES DE EFETUAR A COMPRA.<\/p>\n<h2>Conex\u00e3o Valvula Egr Fiat Ducato<\/h2>\n<h3>Para marcas Fiat, Peugeot e Citroen, modelos Ducato, Boxer e Jumper<\/h3>\n<p>Esse produto \u00e9 uma v\u00e1lvula que vai acoplada no escapamento.<\/p>\n<h3>FIAT:<\/h3>\n<p><u>DUCATO FURG\u00c3O:<\/u><\/p>\n<ul>\n<li>DUCATO FURG\u00c3O 2.3 MULTIJET EURO 5 &#8211; 2013,2014,2015,2016,2017<\/li>\n<li>DUCATO FURG\u00c3O 2.3 MULTIJET EURO 5 &#8211; 2013,2014,2015,2016,2017<\/li>\n<\/ul>\n<p><u>DUCATO MINIBUS:<\/u><\/p>\n<ul>\n<li>DUCATO MINIBUS 2.3 MULTIJET EURO 5 &#8211; 2013,2014,2015,2016,2017<\/li>\n<li>DUCATO MINIBUS 2.3 MULTIJET EURO 5 &#8211; 2013,2014,2015,2016,2017<\/li>\n<\/ul>\n<h3>CITRO\u00cbN:<\/h3>\n<p><u>JUMPER FURG\u00c3O:<\/u><\/p>\n<ul>\n<li>JUMPER FURG\u00c3O 2.3 HDI EURO 5 &#8211; 2013,2014,2015,2016,2017<\/li>\n<li>JUMPER FURG\u00c3O 2.3 HDI EURO 5 &#8211; 2013,2014,2015,2016,2017<\/li>\n<\/ul>\n<p><u>JUMPER MINIBUS:<\/u><\/p>\n<ul>\n<li>JUMPER MINIBUS 2.3 HDI EURO 5 &#8211;\u00a0 2013,2014,2015,2016,2017<\/li>\n<li>JUMPER MINIBUS 2.3 HDI EURO 5 &#8211; 2013,2014,2015,2016,2017<\/li>\n<\/ul>\n<h3>PEUGEOT:<\/h3>\n<p><u>BOXER FURG\u00c3O:<\/u><\/p>\n<ul>\n<li>BOXER FURG\u00c3O 2.3 HDI EURO 5 &#8211; 2013,2014,2015,2016,2017<\/li>\n<li>BOXER FURG\u00c3O 2.3 HDI EURO 5 &#8211; 2013,2014,2015,2016,2017<\/li>\n<\/ul>\n<p><u>BOXER MINIBUS:<\/u><\/p>\n<ul>\n<li>BOXER MINIBUS 2.3 HDI EURO 5 &#8211; 2013,2014,2015,2016,2017<\/li>\n<li>BOXER MINIBUS 2.3 HDI EURO 5 &#8211; 2013,2014,2015,2016,2017<\/li>\n<\/ul>\n<h2><\/h2>\n<h3>C\u00f3digo de refer\u00eancia: 504377461<\/h3>\n<h4><strong>Condi\u00e7\u00f5es: <\/strong>Novo Genu\u00edno \/ Marca Fiat Mopar<\/h4>\n<h4><strong>Garantia: <\/strong>3 Meses<\/h4>\n<p>&nbsp;<\/p>\n<p><strong>O que \u00e9 e para que serve a Conex\u00e3o de V\u00e1lvula EGR<\/strong><\/p>\n<p>A <strong>V\u00e1lvula EGR<\/strong> permite que uma parte dos gases de escape seja recirculada para o circuito de admiss\u00e3o, para que sejam combinados com a mistura e ajudem a baixar a temperatura de combust\u00e3o. Isso reduz muito a emiss\u00e3o de gases poluentes e, no caso do diesel, reduz as emiss\u00f5es de \u00f3xido de nitrog\u00eanio nocivo.<\/p>\n<p>&nbsp;<\/p>\n<p>A Casa da Inje\u00e7\u00e3o oferece total garantia nos produtos comprados em nosso site.<\/p>\n<ol>\n<li>Cada item \u00e9 rigorosamente testado antes do envio<\/li>\n<li>Se os itens estiverem danificados ou parcialmente defeituosos, entre em contato conosco.<\/li>\n<\/ol>\n<p>Se houver qualquer defeito, n\u00f3s lhe enviaremos uma substitui\u00e7\u00e3o ap\u00f3s receber o pacote ou devolvemos seu dinheiro.<\/p>\n<p>Leia nossa <a href=\"https:\/\/www.casadainjecao.com.br\/loja\/politica-de-devolucao\">pol\u00edtica de devolu\u00e7\u00e3o aqui<\/a><\/p>\n<p>&#8212;&#8212;&#8212;&#8212;&#8212;&#8212;&#8212;&#8212;&#8212;&#8212;&#8212;&#8212;&#8212;&#8212;&#8212;&#8212;&#8212;&#8212;&#8212;&#8211;<\/p>\n<p><strong>ATEN\u00c7\u00c3O<\/strong>: Antes de efetuar a compra verifique o c\u00f3digo do Guia Parachoque que est\u00e1 instalado no seu ve\u00edculo.<\/p>\n<p>O Guia Parachoque \u00e9 compat\u00edvel com as marcas, Fiat Nova Strada<\/p>\n<p>&#8212;&#8212;&#8212;&#8212;&#8212;&#8212;&#8212;&#8212;&#8212;&#8212;&#8212;&#8212;&#8212;&#8212;&#8212;&#8212;&#8212;&#8212;&#8212;&#8212;-<\/p>\n<p><strong>Tem alguma d\u00favida?<\/strong><\/p>\n<p>Entre em contato que podemos ajudar!<\/p>\n<p>Confira as informa\u00e7\u00f5es adicionais abaixo:<\/p>\n<ul>\n<li>Todos os nossos produtos s\u00e3o novos, originais e possuem garantia.<\/li>\n<li>Todos os produtos anunciados est\u00e3o dispon\u00edveis em estoque e s\u00e3o enviados com extrema rapidez.<\/li>\n<li>O frete pode ser simulado antes de efetuar a compra, basta clicar em \u201cver custos de envio\u201d.<\/li>\n<li>Verifique o endere\u00e7o de entrega cadastrado e atualize caso necess\u00e1rio.<\/li>\n<li>Confirme se a pe\u00e7a \u00e9 correta para o seu modelo de ve\u00edculo.<\/li>\n<li>Para pe\u00e7as automotivas, recomendamos a instala\u00e7\u00e3o por um profissional especializado.<\/li>\n<\/ul>\n<p>Caso possua outras d\u00favidas, entre em contato.<\/p>\n","protected":false},"excerpt":{"rendered":"<h2>Conex\u00e3o Valvula Egr Fiat Ducato Boxer Jumper Original<\/h2>\n","protected":false},"featured_media":26228,"template":"","meta":{"_seopress_robots_primary_cat":"none","_seopress_titles_title":"","_seopress_titles_desc":"","_seopress_robots_index":"","_kad_blocks_custom_css":"","_kad_blocks_head_custom_js":"","_kad_blocks_body_custom_js":"","_kad_blocks_footer_custom_js":"","_joinchat":[]},"product_cat":[21,272],"product_tag":[],"berocket_brand":[383],"taxonomy_info":{"product_cat":[{"value":21,"label":"Inje\u00e7\u00e3o Eletr\u00f4nica"},{"value":272,"label":"Valvula EGR"}],"berocket_brand":[{"value":383,"label":"Fiat"}]},"featured_image_src_large":["https:\/\/www.casadainjecao.com.br\/loja\/wp-content\/uploads\/2023\/08\/504377461-2-900x740.jpg",640,526,true],"author_info":[],"comment_info":"","_links":{"self":[{"href":"https:\/\/www.casadainjecao.com.br\/loja\/wp-json\/wp\/v2\/product\/26200"}],"collection":[{"href":"https:\/\/www.casadainjecao.com.br\/loja\/wp-json\/wp\/v2\/product"}],"about":[{"href":"https:\/\/www.casadainjecao.com.br\/loja\/wp-json\/wp\/v2\/types\/product"}],"wp:featuredmedia":[{"embeddable":true,"href":"https:\/\/www.casadainjecao.com.br\/loja\/wp-json\/wp\/v2\/media\/26228"}],"wp:attachment":[{"href":"https:\/\/www.casadainjecao.com.br\/loja\/wp-json\/wp\/v2\/media?parent=26200"}],"wp:term":[{"taxonomy":"product_cat","embeddable":true,"href":"https:\/\/www.casadainjecao.com.br\/loja\/wp-json\/wp\/v2\/product_cat?post=26200"},{"taxonomy":"product_tag","embeddable":true,"href":"https:\/\/www.casadainjecao.com.br\/loja\/wp-json\/wp\/v2\/product_tag?post=26200"},{"taxonomy":"berocket_brand","embeddable":true,"href":"https:\/\/www.casadainjecao.com.br\/loja\/wp-json\/wp\/v2\/berocket_brand?post=26200"}],"curies":[{"name":"wp","href":"https:\/\/api.w.org\/{rel}","templated":true}]}}