{"id":26210,"date":"2023-08-15T19:31:08","date_gmt":"2023-08-15T22:31:08","guid":{"rendered":"https:\/\/www.casadainjecao.com.br\/loja\/?post_type=product&#038;p=26210"},"modified":"2026-02-15T07:46:23","modified_gmt":"2026-02-15T10:46:23","slug":"valvula-termostatica-chevrolet-cruze-1-8-16v-flex-96984104","status":"publish","type":"product","link":"https:\/\/www.casadainjecao.com.br\/loja\/autopecas\/motor\/valvula-termostatica-motor\/valvula-termostatica-chevrolet-cruze-1-8-16v-flex-96984104\/","title":{"rendered":"V\u00e1lvula Termostatica Chevrolet Cruze 1.8 16v Flex &#8211; 9"},"content":{"rendered":"<h2>V\u00e1lvula Termostatica<\/h2>\n<p>Aplica\u00e7\u00e3o:<\/p>\n<ul>\n<li>CHEVROLET CRUZE 1.8 16V FLEX (ECOTEC) &#8211; 2012 A 2016<\/li>\n<li>CHEVROLET CRUZE SEDAN 1.8 16V FLEX (ECOTEC) &#8211; 2012 A 2016<\/li>\n<li>CHEVROLET NOVA TRACKER 1.8 16V FLEX (ECOTEC) &#8211; 2012 A 2016<\/li>\n<li>CHEVROLET SONIC 1.6 16V &#8211; 2012 A 2014<\/li>\n<li>Especifica\u00e7\u00f5es:<\/li>\n<li>Tipo: V\u00e1lvula termost\u00e1tica<\/li>\n<li>Temperatura de Abertura: 105 C<\/li>\n<li>Marca: TORKEN<\/li>\n<li>C\u00f3digo de Referencia: &#8211; 96984104, 55564891, 411259.092, 94672761, 95039027, 24435102, 710015<\/li>\n<\/ul>\n<p>Garantia 3 Meses<\/p>\n<p>&nbsp;<\/p>\n<h3 aria-level=\"3\"><span data-contrast=\"none\">ATEN\u00c7\u00c3O: Antes de efetuar a compra, verifique o c\u00f3digo da pe\u00e7a instalada em seu ve\u00edculo. Recomendamos a instala\u00e7\u00e3o por um profissional licenciado e revis\u00f5es peri\u00f3dicas. A empresa n\u00e3o se responsabiliza por problemas decorrentes de m\u00e1 instala\u00e7\u00e3o ou falta de cuidados peri\u00f3dicos.<\/span><span data-contrast=\"none\">\u00a0<\/span><span data-ccp-props=\"{&quot;134233117&quot;:false,&quot;134233118&quot;:false,&quot;134245418&quot;:true,&quot;134245529&quot;:true,&quot;201341983&quot;:1,&quot;335559738&quot;:0,&quot;335559739&quot;:0,&quot;335559740&quot;:480}\">\u00a0<\/span><\/h3>\n<h3><\/h3>\n<h3>GARANTIA DO PRODUTO<br \/>\nA troca ou desist\u00eancia deste item pode ser feita em at\u00e9 7 dias corridos a partir do recebimento do produto.<br \/>\nO fabricante oferece 3 meses de garantia.<\/h3>\n<h3>Um carro do mesmo ano e modelo pode ter pe\u00e7as diferentes, por isso \u00e9 necess\u00e1rio confirmar o c\u00f3digo da pe\u00e7a com mec\u00e2nico ou ligar na concession\u00e1ria e informar o n\u00famero do chassi para identifica\u00e7\u00e3o do c\u00f3digo da pe\u00e7a original do ve\u00edculo.<br \/>\n\u2014\u2014\u2014\u2014\u2014\u2014\u2014\u2014\u2014\u2014\u2014\u2014\u2014\u2014\u2014\u2014\u2014\u2014\u2014\u2014\u2014\u2014\u2014\u2014\u2014\u2014\u2014\u2014\u2014\u2014\u2014\u2014\u2014\u2014\u2014\u2014-<\/h3>\n<div id=\"A8hXZazDIve35OUP96KduAg__5\">\n<div class=\"wDYxhc\" data-md=\"61\">\n<div class=\"LGOjhe\" role=\"heading\" data-attrid=\"wa:\/description\" aria-level=\"3\" data-hveid=\"CBwQAA\">\n<div class=\"w-full pt-2 md:pt-0 border-t md:border-t-0 gizmo:border-t-0 dark:border-white\/20 md:border-transparent md:dark:border-transparent md:pl-2 gizmo:pl-0 gizmo:md:pl-0 md:w-[calc(100%-.5rem)]\">\n<div class=\"relative flex h-full flex-1 items-stretch md:flex-col\"><\/div>\n<div>A Casa da Inje\u00e7\u00e3o oferece total garantia nos produtos comprados em nosso site.<\/div>\n<\/div>\n<\/div>\n<\/div>\n<\/div>\n<ol>\n<li>Cada item \u00e9 rigorosamente testado antes do envio<\/li>\n<li>Se os itens estiverem danificados ou parcialmente defeituosos, entre em contato conosco.<\/li>\n<\/ol>\n<p>Se houver qualquer defeito, n\u00f3s lhe enviaremos uma substitui\u00e7\u00e3o ap\u00f3s receber o pacote ou devolvemos seu dinheiro.<\/p>\n<p>Leia nossa\u00a0<a href=\"https:\/\/www.casadainjecao.com.br\/loja\/politica-de-devolucao\">pol\u00edtica de devolu\u00e7\u00e3o aqui<\/a><\/p>\n<p>\u2014\u2014\u2014\u2014\u2014\u2014\u2014\u2014\u2014\u2014\u2014\u2014\u2014\u2014\u2014\u2014\u2014\u2014\u2014\u2013<\/p>\n<h4>Tem alguma d\u00favida?<\/h4>\n<p>Entre em contato que podemos ajudar!<\/p>\n<p>Confira as informa\u00e7\u00f5es adicionais abaixo:<\/p>\n<ul>\n<li>Todos os nossos produtos s\u00e3o novos, semi-novos, originais e paralelos possuem garantia.<\/li>\n<li>Todos os produtos anunciados est\u00e3o dispon\u00edveis em estoque e s\u00e3o enviados com extrema rapidez.<\/li>\n<li>O frete pode ser simulado antes de efetuar a compra, basta clicar em \u201cver custos de envio\u201d.<\/li>\n<li>Verifique o endere\u00e7o de entrega cadastrado e atualize caso necess\u00e1rio.<\/li>\n<li>Confirme se a pe\u00e7a \u00e9 correta para o seu modelo de ve\u00edculo.<\/li>\n<li>Para pe\u00e7as automotivas, recomendamos a instala\u00e7\u00e3o por um profissional especializado.<\/li>\n<\/ul>\n<p>Caso possua outras d\u00favidas, entre em contato.<\/p>\n","protected":false},"excerpt":{"rendered":"<h2>V\u00e1lvula Termostatica Chevrolet Cruze 1.8 16v Flex<\/h2>\n<p>Aplica\u00e7\u00e3o:<\/p>\n<ul>\n<li>CHEVROLET CRUZE 1.8 16V FLEX (ECOTEC) &#8211; 2012 A 2016<\/li>\n<li>CHEVROLET CRUZE SEDAN 1.8 16V FLEX (ECOTEC) &#8211; 2012 A 2016<\/li>\n<li>CHEVROLET NOVA TRACKER 1.8 16V FLEX (ECOTEC) &#8211; 2012 A 2016<\/li>\n<li>CHEVROLET SONIC 1.6 16V &#8211; 2012 A 2014<\/li>\n<li>Especifica\u00e7\u00f5es:<\/li>\n<li>Tipo: V\u00e1lvula termost\u00e1tica<\/li>\n<li>Temperatura de Abertura: 105 C<\/li>\n<li>Marca: TORKEN<\/li>\n<li>C\u00f3digo de Referencia: &#8211; 96984104, 55564891<\/li>\n<\/ul>\n","protected":false},"featured_media":30523,"template":"","meta":{"_seopress_robots_primary_cat":"none","_seopress_titles_title":"","_seopress_titles_desc":"","_seopress_robots_index":"","_kad_blocks_custom_css":"","_kad_blocks_head_custom_js":"","_kad_blocks_body_custom_js":"","_kad_blocks_footer_custom_js":"","_joinchat":[]},"product_cat":[22,1813],"product_tag":[847,110,111],"berocket_brand":[381],"taxonomy_info":{"product_cat":[{"value":22,"label":"Motor"},{"value":1813,"label":"V\u00e1lvula Termost\u00e1tica"}],"product_tag":[{"value":847,"label":"Cruze"},{"value":110,"label":"Sonic"},{"value":111,"label":"Tracker"}],"berocket_brand":[{"value":381,"label":"Chevrolet"}]},"featured_image_src_large":["https:\/\/www.casadainjecao.com.br\/loja\/wp-content\/uploads\/2023\/08\/96984104-4-1-920x920.jpg",640,640,true],"author_info":[],"comment_info":"","_links":{"self":[{"href":"https:\/\/www.casadainjecao.com.br\/loja\/wp-json\/wp\/v2\/product\/26210"}],"collection":[{"href":"https:\/\/www.casadainjecao.com.br\/loja\/wp-json\/wp\/v2\/product"}],"about":[{"href":"https:\/\/www.casadainjecao.com.br\/loja\/wp-json\/wp\/v2\/types\/product"}],"wp:featuredmedia":[{"embeddable":true,"href":"https:\/\/www.casadainjecao.com.br\/loja\/wp-json\/wp\/v2\/media\/30523"}],"wp:attachment":[{"href":"https:\/\/www.casadainjecao.com.br\/loja\/wp-json\/wp\/v2\/media?parent=26210"}],"wp:term":[{"taxonomy":"product_cat","embeddable":true,"href":"https:\/\/www.casadainjecao.com.br\/loja\/wp-json\/wp\/v2\/product_cat?post=26210"},{"taxonomy":"product_tag","embeddable":true,"href":"https:\/\/www.casadainjecao.com.br\/loja\/wp-json\/wp\/v2\/product_tag?post=26210"},{"taxonomy":"berocket_brand","embeddable":true,"href":"https:\/\/www.casadainjecao.com.br\/loja\/wp-json\/wp\/v2\/berocket_brand?post=26210"}],"curies":[{"name":"wp","href":"https:\/\/api.w.org\/{rel}","templated":true}]}}