{"id":26418,"date":"2023-09-04T14:10:18","date_gmt":"2023-09-04T17:10:18","guid":{"rendered":"https:\/\/www.casadainjecao.com.br\/loja\/?post_type=product&#038;p=26418"},"modified":"2025-04-30T17:23:26","modified_gmt":"2025-04-30T20:23:26","slug":"coxim-central-inferior-renault-scenic-i-8200493821","status":"publish","type":"product","link":"https:\/\/www.casadainjecao.com.br\/loja\/autopecas\/escapamento\/coxim-central-inferior-renault-scenic-i-8200493821\/","title":{"rendered":"Coxim Central Renault Sc\u00e9nic I Original &#8211; 8200493821"},"content":{"rendered":"<h2><strong>Coxim Central<\/strong><\/h2>\n<h3>Serve Para Renault modelos Kangoo express, Sc\u00e9nic I e Symbol<\/h3>\n<p>O Coxim Central est\u00e1 vinculado com sistema <a href=\"https:\/\/www.casadainjecao.com.br\/loja\/?s=motor&amp;product_cat=0&amp;post_type=product\">motor<\/a>, <a href=\"https:\/\/www.casadainjecao.com.br\/loja\/?s=escapamento&amp;product_cat=0&amp;post_type=product\">escapamento<\/a>, <a href=\"https:\/\/www.casadainjecao.com.br\/loja\/?s=suspensao&amp;product_cat=0&amp;post_type=product\">suspens\u00e3o<\/a> e no<a href=\"https:\/\/www.casadainjecao.com.br\/loja\/?s=cambio&amp;product_cat=0&amp;post_type=product\"> c\u00e2mbio<\/a>.<\/p>\n<h3>APLICA\u00c7\u00c3O:<\/h3>\n<p>O Coxim Central \u00e9 compat\u00edvel com os seguintes ve\u00edculos:<\/p>\n<ul>\n<li><strong>RENAULT<\/strong><\/li>\n<li>Renault Kangoo Express Expression,\u00a0 Authentique, RL, RL (flex) &#8211; 1997 a 2018<\/li>\n<li>\u00a0Renault Sc\u00e9nic I Privil\u00e8ge, Alize, Authentique, Expression, Privil\u00e8ge, Sportway, RN, RT, RXE &#8211; 1996 a 2017<\/li>\n<li>Renault Symbol Expression, Connection, Privil\u00e8ge, Flex 1.6 8v, 1.6 16v &#8211; 2007 a 2018<\/li>\n<\/ul>\n<h3><span style=\"font-size: 16px;\">O que \u00e9<\/span> e para que serve o Coxim Central?<\/h3>\n<p>O Coxim \u00e9 produzido em borracha e a\u00e7o localizado em alguns pontos estrat\u00e9gicos do carro, como no motor, no escapamento, na suspens\u00e3o e no c\u00e2mbio. Sua principal fun\u00e7\u00e3o \u00e9 proteger o ve\u00edculo dos efeitos da vibra\u00e7\u00e3o do carro.<\/p>\n<h4>C\u00f3digo de refer\u00eancia:<\/h4>\n<p>8200493821<\/p>\n<h4>Condi\u00e7\u00f5es:<\/h4>\n<p>Novo Original \/ Marca Renault<\/p>\n<h4>Garantia:<\/h4>\n<p>3 Meses<\/p>\n<p>A Casa da Inje\u00e7\u00e3o oferece total garantia nos produtos comprados em nosso site.<\/p>\n<ol>\n<li>Cada item \u00e9 rigorosamente testado antes do envio<\/li>\n<li>Se os itens estiverem danificados ou parcialmente defeituosos, entre em contato conosco.<\/li>\n<\/ol>\n<p>Se houver qualquer defeito, n\u00f3s lhe enviaremos uma substitui\u00e7\u00e3o ap\u00f3s receber o pacote ou devolvemos seu dinheiro.<\/p>\n<p>Leia nossa <a href=\"https:\/\/www.casadainjecao.com.br\/loja\/politica-de-devolucao\">pol\u00edtica de devolu\u00e7\u00e3o aqui<\/a><\/p>\n<p>&#8212;&#8212;&#8212;&#8212;&#8212;&#8212;&#8212;&#8212;&#8212;&#8212;&#8212;&#8212;&#8212;&#8212;&#8212;&#8212;&#8212;&#8212;&#8212;&#8211;<\/p>\n<p><strong>ATEN\u00c7\u00c3O<\/strong>: Antes de efetuar a compra verifique o c\u00f3digo do Coxim Inferior Central que est\u00e1 instalado no seu ve\u00edculo.<\/p>\n<p>O Coxim Central \u00e9 compat\u00edvel com as marcas Renault Kangoo, Sc\u00e9nic e Symbol.<\/p>\n<p>&#8212;&#8212;&#8212;&#8212;&#8212;&#8212;&#8212;&#8212;&#8212;&#8212;&#8212;&#8212;&#8212;&#8212;&#8212;&#8212;&#8212;&#8212;&#8212;&#8212;-<\/p>\n<h4>Tem alguma d\u00favida?<\/h4>\n<p>Entre em contato que podemos ajudar!<\/p>\n<p>Confira as informa\u00e7\u00f5es adicionais abaixo:<\/p>\n<ul>\n<li>Todos os nossos produtos s\u00e3o novos, semi-novos, originais, paralelos e possuem garantia.<\/li>\n<li>Todos os produtos anunciados est\u00e3o dispon\u00edveis em estoque e s\u00e3o enviados com extrema rapidez.<\/li>\n<li>O frete pode ser simulado antes de efetuar a compra, basta clicar em \u201cver custos de envio\u201d.<\/li>\n<li>Verifique o endere\u00e7o de entrega cadastrado e atualize caso necess\u00e1rio.<\/li>\n<li>Confirme se a pe\u00e7a \u00e9 correta para o seu modelo de ve\u00edculo.<\/li>\n<li>Para pe\u00e7as automotivas, recomendamos a instala\u00e7\u00e3o por um profissional especializado.<\/li>\n<\/ul>\n<p>Caso possua outras d\u00favidas, entre em contato.<\/p>\n<p>&nbsp;<\/p>\n<p>&nbsp;<\/p>\n","protected":false},"excerpt":{"rendered":"<h2>Coxim Central Renault Sc\u00e9nic I Original &#8211; 8200493821<\/h2>\n","protected":false},"featured_media":26432,"template":"","meta":{"_seopress_robots_primary_cat":"none","_seopress_titles_title":"","_seopress_titles_desc":"","_seopress_robots_index":"","_seopress_analysis_target_kw":"","_kad_blocks_custom_css":"","_kad_blocks_head_custom_js":"","_kad_blocks_body_custom_js":"","_kad_blocks_footer_custom_js":"","_kadence_starter_templates_imported_post":false,"_joinchat":[]},"product_brand":[],"product_cat":[18,22,1104],"product_tag":[1886,1843,89],"berocket_brand":[394],"class_list":{"0":"post-26418","1":"product","2":"type-product","3":"status-publish","4":"has-post-thumbnail","6":"product_cat-escapamento","7":"product_cat-motor","8":"product_cat-suspencao","9":"product_tag-kangoo-express","10":"product_tag-scenic-i","11":"product_tag-symbol","12":"berocket_brand-renault","13":"thunk-woo-product-list","14":"big-store-woo-hover-zoom","15":"open-single-product-tab-horizontal","16":"open-shadow-","17":"open-shadow-hover-","19":"first","20":"outofstock","21":"sale","22":"taxable","23":"shipping-taxable","24":"purchasable","25":"product-type-simple"},"taxonomy_info":{"product_cat":[{"value":18,"label":"Escapamento"},{"value":22,"label":"Motor"},{"value":1104,"label":"Suspen\u00e7\u00e3o"}],"product_tag":[{"value":1886,"label":"Kangoo Express"},{"value":1843,"label":"Scenic\u00a0 I"},{"value":89,"label":"Symbol"}],"berocket_brand":[{"value":394,"label":"Renault"}]},"featured_image_src_large":["https:\/\/www.casadainjecao.com.br\/loja\/wp-content\/uploads\/2023\/09\/8200493821-2-900x517.jpg",640,368,true],"author_info":[],"comment_info":"","_links":{"self":[{"href":"https:\/\/www.casadainjecao.com.br\/loja\/wp-json\/wp\/v2\/product\/26418","targetHints":{"allow":["GET"]}}],"collection":[{"href":"https:\/\/www.casadainjecao.com.br\/loja\/wp-json\/wp\/v2\/product"}],"about":[{"href":"https:\/\/www.casadainjecao.com.br\/loja\/wp-json\/wp\/v2\/types\/product"}],"wp:featuredmedia":[{"embeddable":true,"href":"https:\/\/www.casadainjecao.com.br\/loja\/wp-json\/wp\/v2\/media\/26432"}],"wp:attachment":[{"href":"https:\/\/www.casadainjecao.com.br\/loja\/wp-json\/wp\/v2\/media?parent=26418"}],"wp:term":[{"taxonomy":"product_brand","embeddable":true,"href":"https:\/\/www.casadainjecao.com.br\/loja\/wp-json\/wp\/v2\/product_brand?post=26418"},{"taxonomy":"product_cat","embeddable":true,"href":"https:\/\/www.casadainjecao.com.br\/loja\/wp-json\/wp\/v2\/product_cat?post=26418"},{"taxonomy":"product_tag","embeddable":true,"href":"https:\/\/www.casadainjecao.com.br\/loja\/wp-json\/wp\/v2\/product_tag?post=26418"},{"taxonomy":"berocket_brand","embeddable":true,"href":"https:\/\/www.casadainjecao.com.br\/loja\/wp-json\/wp\/v2\/berocket_brand?post=26418"}],"curies":[{"name":"wp","href":"https:\/\/api.w.org\/{rel}","templated":true}]}}