{"id":26595,"date":"2023-09-27T12:00:44","date_gmt":"2023-09-27T15:00:44","guid":{"rendered":"https:\/\/www.casadainjecao.com.br\/loja\/?post_type=product&#038;p=26595"},"modified":"2024-10-03T18:24:25","modified_gmt":"2024-10-03T21:24:25","slug":"resistencia-ventoinha-renault-clio-sandero-8200045082","status":"publish","type":"product","link":"https:\/\/www.casadainjecao.com.br\/loja\/autopecas\/ar-condicionado\/ventoinha\/resistencia-ventoinha-renault-clio-sandero-8200045082\/","title":{"rendered":"Resist\u00eancia Ventoinha Renault Clio Sandero &#8211; 82000450"},"content":{"rendered":"<h1>Resist\u00eancia da Ventoinha<\/h1>\n<p><strong>Serve para Renault modelos: Renault Clio, Logan, Master, M\u00e9gane, Sandero, Sc\u00e9nic, Twingo<\/strong><\/p>\n<p>A Resist\u00eancia da Ventoinha est\u00e1 vinculada ao sistema de <a href=\"https:\/\/www.casadainjecao.com.br\/loja\/?s=ventoinha&amp;product_cat=0&amp;post_type=product\">ventila\u00e7\u00e3o.<\/a><\/p>\n<h2>Aplica\u00e7\u00e3o:<\/h2>\n<ul>\n<li><strong>RENAULT<\/strong><\/li>\n<li>Renault Clio &#8211; 1999 em diante<\/li>\n<li>Renault Logan &#8211; 2013 em diante<\/li>\n<li>Renault Master 2.5 16v &#8211; 2014 em diante<\/li>\n<li>Renault Master 2.8 8v &#8211; 2014 em diante<\/li>\n<li>Renault Megane &#8211; 1999 em diante<\/li>\n<li>Renault Sandero &#8211; 2013 em diante<\/li>\n<li>Renault Scenic &#8211; 1999 em diante<\/li>\n<li>Twingo &#8211; 1999 em diante<\/li>\n<\/ul>\n<p><strong>codigo refer\u00eacia:<\/strong><\/p>\n<p>8200045082<\/p>\n<h4>O que \u00e9 e para que serve\u00a0 a Resist\u00eancia da Ventoinha?<\/h4>\n<div class=\"flex-1 overflow-hidden\">\n<div class=\"react-scroll-to-bottom--css-prhxc-79elbk h-full dark:bg-gray-800\">\n<div class=\"react-scroll-to-bottom--css-prhxc-1n7m0yu\">\n<div class=\"flex flex-col text-sm dark:bg-gray-800\">\n<div class=\"group w-full text-token-text-primary border-b border-black\/10 gizmo:border-0 dark:border-gray-900\/50 gizmo:dark:border-0 bg-gray-50 gizmo:bg-transparent dark:bg-[#444654] gizmo:dark:bg-transparent\" data-testid=\"conversation-turn-17\">\n<div class=\"p-4 justify-center text-base md:gap-6 md:py-6 m-auto\">\n<div class=\"flex flex-1 gap-4 text-base mx-auto md:gap-6 md:max-w-2xl lg:max-w-[38rem] xl:max-w-3xl }\">\n<div class=\"relative flex w-[calc(100%-50px)] flex-col gap-1 md:gap-3 lg:w-[calc(100%-115px)] agent-turn\">\n<div class=\"flex flex-grow flex-col gap-3 max-w-full\">\n<div class=\"min-h-[20px] flex flex-col items-start gap-3 overflow-x-auto whitespace-pre-wrap break-words\">\n<div class=\"markdown prose w-full break-words dark:prose-invert light\">\n<p>A resist\u00eancia da ventoinha \u00e9 respons\u00e1vel por controlar a velocidade da ventoinha do radiador para garantir que o motor funcione dentro da faixa de temperatura ideal.\u00a0 A resist\u00eancia da ventoinha alcan\u00e7a isso variando a quantidade de energia el\u00e9trica fornecida \u00e0 ventoinha. Quando o motor est\u00e1 funcionando a uma temperatura mais baixa ou n\u00e3o requer resfriamento intenso, a resist\u00eancia reduz a pot\u00eancia fornecida \u00e0 ventoinha, fazendo com que ela gire mais devagar. Quando o motor aquece e precisa de resfriamento adicional, a resist\u00eancia aumenta a pot\u00eancia fornecida \u00e0 ventoinha, fazendo com que ela gire mais rapidamente.<\/p>\n<h4>Condi\u00e7\u00f5es:<\/h4>\n<p>Novo Original \/ Marca Torken<\/p>\n<h4>Garantia:<\/h4>\n<p>3 Meses<\/p>\n<p>A Casa da Inje\u00e7\u00e3o oferece total garantia nos produtos comprados em nosso site.<\/p>\n<ol>\n<li>Cada item \u00e9 rigorosamente testado antes do envio<\/li>\n<li>Se os itens estiverem danificados ou parcialmente defeituosos, entre em contato conosco.<\/li>\n<\/ol>\n<p>Se houver qualquer defeito, n\u00f3s lhe enviaremos uma substitui\u00e7\u00e3o ap\u00f3s receber o pacote ou devolvemos seu dinheiro.<\/p>\n<p>Leia nossa <a href=\"https:\/\/www.casadainjecao.com.br\/loja\/politica-de-devolucao\">pol\u00edtica de devolu\u00e7\u00e3o aqui<\/a><\/p>\n<p>&#8212;&#8212;&#8212;&#8212;&#8212;&#8212;&#8212;&#8212;&#8212;&#8212;&#8212;&#8212;&#8212;&#8212;&#8212;&#8212;&#8212;&#8212;&#8212;&#8211;<\/p>\n<p><strong>ATEN\u00c7\u00c3O<\/strong>: Antes de efetuar a compra verifique o c\u00f3digo da Resist\u00eancia da Ventoinha que est\u00e1 instalado no seu ve\u00edculo.<\/p>\n<p>A Resist\u00eancia da Ventoinha \u00e9 compat\u00edvel com as marcas Renault Clio, Logan, Master, M\u00e9gane, Sandero, Sc\u00e9nic, Twingo<\/p>\n<p>&#8212;&#8212;&#8212;&#8212;&#8212;&#8212;&#8212;&#8212;&#8212;&#8212;&#8212;&#8212;&#8212;&#8212;&#8212;&#8212;&#8212;&#8212;&#8212;&#8212;-<\/p>\n<h4>Tem alguma d\u00favida?<\/h4>\n<p>Entre em contato que podemos ajudar!<\/p>\n<p>Confira as informa\u00e7\u00f5es adicionais abaixo:<\/p>\n<ul>\n<li>Todos os nossos produtos s\u00e3o novos, semi-novos, originais, paralelos e possuem garantia.<\/li>\n<li>Todos os produtos anunciados est\u00e3o dispon\u00edveis em estoque e s\u00e3o enviados com extrema rapidez.<\/li>\n<li>O frete pode ser simulado antes de efetuar a compra, basta clicar em \u201cver custos de envio\u201d.<\/li>\n<li>Verifique o endere\u00e7o de entrega cadastrado e atualize caso necess\u00e1rio.<\/li>\n<li>Confirme se a pe\u00e7a \u00e9 correta para o seu modelo de ve\u00edculo.<\/li>\n<li>Para pe\u00e7as automotivas, recomendamos a instala\u00e7\u00e3o por um profissional especializado.<\/li>\n<\/ul>\n<p>Caso possua outras d\u00favidas, entre em contato.<\/p>\n<p>&nbsp;<\/p>\n<p>&nbsp;<\/p>\n<p>&nbsp;<\/p>\n<\/div>\n<\/div>\n<\/div>\n<div class=\"flex justify-between lg:block\">\n<div class=\"text-gray-400 flex self-end lg:self-center justify-center gizmo:lg:justify-start mt-2 gizmo:mt-0 visible lg:gap-1 lg:absolute lg:top-0 lg:translate-x-full lg:right-0 lg:mt-0 lg:pl-2 gap-2 md:gap-3\">\n<p>&nbsp;<\/p>\n<div class=\"flex gap-1 gizmo:gap-3\"><\/div>\n<\/div>\n<\/div>\n<\/div>\n<\/div>\n<\/div>\n<\/div>\n<div class=\"h-32 md:h-48 flex-shrink-0\"><\/div>\n<p>&nbsp;<\/p>\n<\/div>\n<\/div>\n<\/div>\n<\/div>\n<div class=\"absolute bottom-0 left-0 w-full border-t md:border-t-0 dark:border-white\/20 md:border-transparent md:dark:border-transparent md:bg-vert-light-gradient bg-white dark:bg-gray-800 md:!bg-transparent dark:md:bg-vert-dark-gradient pt-2 md:pl-2 md:w-[calc(100%-.5rem)]\">\n<form class=\"stretch mx-2 flex flex-row gap-3 last:mb-2 md:mx-4 md:last:mb-6 lg:mx-auto lg:max-w-2xl xl:max-w-3xl\">\n<div class=\"relative flex h-full flex-1 items-stretch md:flex-col\">\n<div>\n<div class=\"h-full flex ml-1 md:w-full md:m-auto md:mb-4 gap-0 md:gap-2 justify-center\"><\/div>\n<\/div>\n<\/div>\n<\/form>\n<\/div>\n<p>&nbsp;<\/p>\n","protected":false},"excerpt":{"rendered":"<p>Resist\u00eancia da Ventoinha &#8211; 8200045082<\/p>\n<p>Renault Clio, Logan, Master, M\u00e9gane, Sandero, Sc\u00e9nic, Twingo<\/p>\n<p>Codigo: 8200045082, 8200538452, 81112<\/p>\n","protected":false},"featured_media":26615,"template":"","meta":{"_seopress_robots_primary_cat":"","_seopress_titles_title":"","_seopress_titles_desc":"","_seopress_robots_index":"","_joinchat":[]},"product_cat":[82],"product_tag":[],"berocket_brand":[394],"_links":{"self":[{"href":"https:\/\/www.casadainjecao.com.br\/loja\/wp-json\/wp\/v2\/product\/26595"}],"collection":[{"href":"https:\/\/www.casadainjecao.com.br\/loja\/wp-json\/wp\/v2\/product"}],"about":[{"href":"https:\/\/www.casadainjecao.com.br\/loja\/wp-json\/wp\/v2\/types\/product"}],"wp:featuredmedia":[{"embeddable":true,"href":"https:\/\/www.casadainjecao.com.br\/loja\/wp-json\/wp\/v2\/media\/26615"}],"wp:attachment":[{"href":"https:\/\/www.casadainjecao.com.br\/loja\/wp-json\/wp\/v2\/media?parent=26595"}],"wp:term":[{"taxonomy":"product_cat","embeddable":true,"href":"https:\/\/www.casadainjecao.com.br\/loja\/wp-json\/wp\/v2\/product_cat?post=26595"},{"taxonomy":"product_tag","embeddable":true,"href":"https:\/\/www.casadainjecao.com.br\/loja\/wp-json\/wp\/v2\/product_tag?post=26595"},{"taxonomy":"berocket_brand","embeddable":true,"href":"https:\/\/www.casadainjecao.com.br\/loja\/wp-json\/wp\/v2\/berocket_brand?post=26595"}],"curies":[{"name":"wp","href":"https:\/\/api.w.org\/{rel}","templated":true}]}}