{"id":27274,"date":"2023-11-03T14:09:54","date_gmt":"2023-11-03T17:09:54","guid":{"rendered":"https:\/\/www.casadainjecao.com.br\/loja\/?post_type=product&#038;p=27274"},"modified":"2026-04-09T19:35:46","modified_gmt":"2026-04-09T22:35:46","slug":"fechadura-tampa-traseira-fiat-strada-esquerda-51856374","status":"publish","type":"product","link":"https:\/\/www.casadainjecao.com.br\/loja\/autopecas\/carroceria\/fechadura\/fechadura-tampa-traseira-fiat-strada-esquerda-51856374\/","title":{"rendered":"Fechadura Tampa Traseira Fiat Strada Esquerdo &#8211; 518563"},"content":{"rendered":"<h2>Fechadura Tampa Traseira Lado Esquerdo ( Lado do motorista)<\/h2>\n<h2>Aplica\u00e7\u00e3o:<\/h2>\n<h2>FIAT<\/h2>\n<p>Modelos Compat\u00edveis:<\/p>\n<ul>\n<li>FIAT MAREAWEEKEND 2000 a 2003<\/li>\n<li>FIAT STRADA FASE II 2004 a 2007<\/li>\n<li>FIAT STRADA FASE II 2008 a 2012<\/li>\n<li>FIAT STRADA FASE IV 2013 a 2019<\/li>\n<li>FIAT STRADA FASE V 2020 a 2023<\/li>\n<\/ul>\n<p>Lado esquerdo ( Lado do motorista)<\/p>\n<p>C\u00f3digo da pe\u00e7a: 67243304<br \/>\nC\u00f3digo Fiat: 51856374<\/p>\n<h3><strong>Condi\u00e7\u00f5es:<\/strong><\/h3>\n<p>PRODUTO NOVO, ORIGINAL FIAT MOPAR<\/p>\n<h3><strong>Garantia:<\/strong><\/h3>\n<p>3 Meses<\/p>\n<h3>ATEN\u00c7\u00c3O: Antes de efetuar a compra verifique o c\u00f3digo da sua pe\u00e7a que est\u00e1 instalado no seu ve\u00edculo.<\/h3>\n<h4><strong>O que \u00e9 e para que serve <\/strong>Fechadura Tampa Traseira?<\/h4>\n<p>A fechadura da tampa traseira automotiva \u00e9 um componente que garante a seguran\u00e7a, o acesso e a privacidade no compartimento de carga de ve\u00edculos, al\u00e9m de ser fundamental para o funcionamento pr\u00e1tico do ve\u00edculo.<\/p>\n<p>&nbsp;<\/p>\n<p>A Casa da Inje\u00e7\u00e3o oferece total garantia nos produtos comprados em nosso site.<\/p>\n<ol>\n<li>Cada item \u00e9 rigorosamente testado antes do envio<\/li>\n<li>Se os itens estiverem danificados ou parcialmente defeituosos, entre em contato conosco.<\/li>\n<\/ol>\n<p>Se houver qualquer defeito, n\u00f3s lhe enviaremos uma substitui\u00e7\u00e3o ap\u00f3s receber o pacote ou devolvemos seu dinheiro.<\/p>\n<p>Leia nossa\u00a0<span style=\"color: #ff0000;\"><a style=\"color: #ff0000;\" href=\"https:\/\/www.casadainjecao.com.br\/loja\/politica-de-devolucao\">pol\u00edtica de devolu\u00e7\u00e3o aqui<\/a><\/span><\/p>\n<p>\u2014\u2014\u2014\u2014\u2014\u2014\u2014\u2014\u2014\u2014\u2014\u2014\u2014\u2014\u2014\u2014\u2014\u2014\u2014\u2013<\/p>\n<p><strong>Tem alguma d\u00favida?<\/strong><\/p>\n<p>Entre em contato que podemos ajudar!<\/p>\n<p>Confira as informa\u00e7\u00f5es adicionais abaixo:<\/p>\n<ul>\n<li>Todos os nossos produtos s\u00e3o novos, semi-novos, originais e paralelos possuem garantia.<\/li>\n<li>Todos os produtos anunciados est\u00e3o dispon\u00edveis em estoque e s\u00e3o enviados com extrema rapidez.<\/li>\n<li>O frete pode ser simulado antes de efetuar a compra, basta clicar em \u201cver custos de envio\u201d.<\/li>\n<li>Verifique o endere\u00e7o de entrega cadastrado e atualize caso necess\u00e1rio.<\/li>\n<li>Confirme se a pe\u00e7a \u00e9 correta para o seu modelo de ve\u00edculo.<\/li>\n<li>Para pe\u00e7as automotivas, recomendamos a instala\u00e7\u00e3o por um profissional especializado.<\/li>\n<\/ul>\n<p>Caso possua outras d\u00favidas, entre em contato.<\/p>\n","protected":false},"excerpt":{"rendered":"<h2>Fechadura Tampa Traseira Lado Esquerdo Fiat Strada Original &#8211; 51856374<\/h2>\n","protected":false},"featured_media":31647,"template":"","meta":{"_seopress_robots_primary_cat":"none","_seopress_titles_title":"","_seopress_titles_desc":"","_seopress_robots_index":"","_joinchat":[]},"product_cat":[83,92],"product_tag":[1469,121],"berocket_brand":[383],"_links":{"self":[{"href":"https:\/\/www.casadainjecao.com.br\/loja\/wp-json\/wp\/v2\/product\/27274"}],"collection":[{"href":"https:\/\/www.casadainjecao.com.br\/loja\/wp-json\/wp\/v2\/product"}],"about":[{"href":"https:\/\/www.casadainjecao.com.br\/loja\/wp-json\/wp\/v2\/types\/product"}],"wp:featuredmedia":[{"embeddable":true,"href":"https:\/\/www.casadainjecao.com.br\/loja\/wp-json\/wp\/v2\/media\/31647"}],"wp:attachment":[{"href":"https:\/\/www.casadainjecao.com.br\/loja\/wp-json\/wp\/v2\/media?parent=27274"}],"wp:term":[{"taxonomy":"product_cat","embeddable":true,"href":"https:\/\/www.casadainjecao.com.br\/loja\/wp-json\/wp\/v2\/product_cat?post=27274"},{"taxonomy":"product_tag","embeddable":true,"href":"https:\/\/www.casadainjecao.com.br\/loja\/wp-json\/wp\/v2\/product_tag?post=27274"},{"taxonomy":"berocket_brand","embeddable":true,"href":"https:\/\/www.casadainjecao.com.br\/loja\/wp-json\/wp\/v2\/berocket_brand?post=27274"}],"curies":[{"name":"wp","href":"https:\/\/api.w.org\/{rel}","templated":true}]}}