{"id":27604,"date":"2023-11-23T16:19:37","date_gmt":"2023-11-23T19:19:37","guid":{"rendered":"https:\/\/www.casadainjecao.com.br\/loja\/?post_type=product&#038;p=27604"},"modified":"2026-04-15T11:25:01","modified_gmt":"2026-04-15T14:25:01","slug":"botao-interruptor-vidro-eletrico-nissan-march-tiida-25411-ax010","status":"publish","type":"product","link":"https:\/\/www.casadainjecao.com.br\/loja\/autopecas\/eletrica\/botoes\/botao-interruptor-vidro-eletrico-nissan-march-tiida-25411-ax010\/","title":{"rendered":"Bot\u00e3o Interruptor Vidro El\u00e9trico Nissan March Tiida &#8211"},"content":{"rendered":"<h2>Bot\u00e3o Interruptor do Vidro El\u00e9trico<\/h2>\n<p><strong>NISSAN<\/strong><\/p>\n<p>Nissan March (2012 a 2020)<br \/>\nNissab Tiida (2008 a 2013)<br \/>\nNissan Versa (2012 a 2019)<br \/>\nNissan Livina (2009 a 2014)<br \/>\nNissan Frontier (2007 a 2017)<br \/>\nNissan Sentra (2007 a 2013)<\/p>\n<h4>C\u00f3digo de Refer\u00eancia:<\/h4>\n<p>25411-AX010, 25401-1JY0A, 25401-ED500, 25401-EL30A, 25411-ED000<\/p>\n<h4>Condi\u00e7\u00f5es:<\/h4>\n<p>Novo Similar \/ Marca Torken<\/p>\n<h4>Garantia:<\/h4>\n<p>3 Meses<\/p>\n<h4><strong>ATEN\u00c7\u00c3O: N\u00e3o serve para o dianteiro esquerdo (lado do motorista)<\/strong><\/h4>\n<h4>Especifica\u00e7\u00f5es de Uso:<\/h4>\n<p>Porta Dianteira Direita<\/p>\n<p>Porta Traseira Direita<\/p>\n<p>Porta Traseira Esquerda<\/p>\n<h3><strong>ATEN\u00c7\u00c3O<\/strong>: Antes de efetuar a compra verifique o c\u00f3digo da pe\u00e7a que est\u00e1 instalada\u00a0 no seu ve\u00edculo.<\/h3>\n<h3>APLICA\u00c7\u00c3O:<\/h3>\n<p>Linha Nissan<\/p>\n<h4>O que \u00e9 e para que serve o Bot\u00e3o Interruptor do Vidro El\u00e9trico?<\/h4>\n<div id=\"A8hXZazDIve35OUP96KduAg__5\">\n<div class=\"wDYxhc\" data-md=\"61\">\n<div class=\"LGOjhe\" role=\"heading\" data-attrid=\"wa:\/description\" aria-level=\"3\" data-hveid=\"CBwQAA\">\n<div class=\"w-full pt-2 md:pt-0 border-t md:border-t-0 gizmo:border-t-0 dark:border-white\/20 md:border-transparent md:dark:border-transparent md:pl-2 gizmo:pl-0 gizmo:md:pl-0 md:w-[calc(100%-.5rem)]\">\n<form class=\"stretch mx-2 flex flex-row gap-3 last:mb-2 md:mx-4 md:last:mb-6 lg:mx-auto lg:max-w-2xl xl:max-w-3xl\">\n<div class=\"relative flex h-full flex-1 items-stretch md:flex-col\">\n<div class=\"flex w-full items-center\">\n<p>O Bot\u00e3o Interruptor do vidro el\u00e9trico \u00e9 usado para controlar a opera\u00e7\u00e3o dos vidros das janelas do ve\u00edculo. Ele permite que o ocupante suba ou des\u00e7a o vidro conforme desejado, controlando a opera\u00e7\u00e3o dos vidros das janelas do ve\u00edculo.<\/p>\n<p>&nbsp;<\/p>\n<\/div>\n<\/div>\n<div>A Casa da Inje\u00e7\u00e3o oferece total garantia nos produtos comprados em nosso site.<\/div>\n<\/form>\n<\/div>\n<\/div>\n<\/div>\n<\/div>\n<ol>\n<li>Cada item \u00e9 rigorosamente testado antes do envio<\/li>\n<li>Se os itens estiverem danificados ou parcialmente defeituosos, entre em contato conosco.<\/li>\n<\/ol>\n<p>Se houver qualquer defeito, n\u00f3s lhe enviaremos uma substitui\u00e7\u00e3o ap\u00f3s receber o pacote ou devolvemos seu dinheiro.<\/p>\n<p>Leia nossa<span style=\"color: #ff0000;\">\u00a0<a style=\"color: #ff0000;\" href=\"https:\/\/www.casadainjecao.com.br\/loja\/politica-de-devolucao\">pol\u00edtica de devolu\u00e7\u00e3o aqui<\/a><\/span><\/p>\n<p>\u2014\u2014\u2014\u2014\u2014\u2014\u2014\u2014\u2014\u2014\u2014\u2014\u2014\u2014\u2014\u2014\u2014\u2014\u2014\u2013<\/p>\n<h4>Tem alguma d\u00favida?<\/h4>\n<p>Entre em contato que podemos ajudar!<\/p>\n<p>Confira as informa\u00e7\u00f5es adicionais abaixo:<\/p>\n<ul>\n<li>Todos os nossos produtos s\u00e3o novos, semi-novos, originais e paralelos possuem garantia.<\/li>\n<li>Todos os produtos anunciados est\u00e3o dispon\u00edveis em estoque e s\u00e3o enviados com extrema rapidez.<\/li>\n<li>O frete pode ser simulado antes de efetuar a compra, basta clicar em \u201cver custos de envio\u201d.<\/li>\n<li>Verifique o endere\u00e7o de entrega cadastrado e atualize caso necess\u00e1rio.<\/li>\n<li>Confirme se a pe\u00e7a \u00e9 correta para o seu modelo de ve\u00edculo.<\/li>\n<li>Para pe\u00e7as automotivas, recomendamos a instala\u00e7\u00e3o por um profissional especializado.<\/li>\n<\/ul>\n<p>Caso possua outras d\u00favidas, entre em contato.<\/p>\n","protected":false},"excerpt":{"rendered":"<h2>Bot\u00e3o Interruptor Vidro El\u00e9trico Nissan March Tiida &#8211; 25411-ax010, 25401-1JY0A, 25401-ED500, 25401-EL30A, 25411-ED000<\/h2>\n","protected":false},"featured_media":27609,"template":"","meta":{"_seopress_robots_primary_cat":"none","_seopress_titles_title":"","_seopress_titles_desc":"","_seopress_robots_index":"","_kad_blocks_custom_css":"","_kad_blocks_head_custom_js":"","_kad_blocks_body_custom_js":"","_kad_blocks_footer_custom_js":"","_joinchat":[]},"product_cat":[118,17],"product_tag":[1554,243,1190,1921,1920,760,1919,1466],"berocket_brand":[392],"taxonomy_info":{"product_cat":[{"value":118,"label":"Bot\u00f5es"},{"value":17,"label":"El\u00e9trica"}],"product_tag":[{"value":1554,"label":"Frontier"},{"value":243,"label":"Livina"},{"value":1190,"label":"March"},{"value":1921,"label":"Pathefinder"},{"value":1920,"label":"Rogue"},{"value":760,"label":"Sentra"},{"value":1919,"label":"Teana"},{"value":1466,"label":"Tiida"}],"berocket_brand":[{"value":392,"label":"Nissan"}]},"featured_image_src_large":["https:\/\/www.casadainjecao.com.br\/loja\/wp-content\/uploads\/2023\/11\/25411-ax010-5-805x780.jpg",640,620,true],"author_info":[],"comment_info":"","_links":{"self":[{"href":"https:\/\/www.casadainjecao.com.br\/loja\/wp-json\/wp\/v2\/product\/27604"}],"collection":[{"href":"https:\/\/www.casadainjecao.com.br\/loja\/wp-json\/wp\/v2\/product"}],"about":[{"href":"https:\/\/www.casadainjecao.com.br\/loja\/wp-json\/wp\/v2\/types\/product"}],"wp:featuredmedia":[{"embeddable":true,"href":"https:\/\/www.casadainjecao.com.br\/loja\/wp-json\/wp\/v2\/media\/27609"}],"wp:attachment":[{"href":"https:\/\/www.casadainjecao.com.br\/loja\/wp-json\/wp\/v2\/media?parent=27604"}],"wp:term":[{"taxonomy":"product_cat","embeddable":true,"href":"https:\/\/www.casadainjecao.com.br\/loja\/wp-json\/wp\/v2\/product_cat?post=27604"},{"taxonomy":"product_tag","embeddable":true,"href":"https:\/\/www.casadainjecao.com.br\/loja\/wp-json\/wp\/v2\/product_tag?post=27604"},{"taxonomy":"berocket_brand","embeddable":true,"href":"https:\/\/www.casadainjecao.com.br\/loja\/wp-json\/wp\/v2\/berocket_brand?post=27604"}],"curies":[{"name":"wp","href":"https:\/\/api.w.org\/{rel}","templated":true}]}}