{"id":27806,"date":"2023-12-08T14:05:10","date_gmt":"2023-12-08T17:05:10","guid":{"rendered":"https:\/\/www.casadainjecao.com.br\/loja\/?post_type=product&#038;p=27806"},"modified":"2026-04-20T19:26:09","modified_gmt":"2026-04-20T22:26:09","slug":"bomba-de-combustivel-gm-montana-1-4-econo-flex-0580454008","status":"publish","type":"product","link":"https:\/\/www.casadainjecao.com.br\/loja\/autopecas\/motor\/bombas\/bomba-de-combustivel-gm-montana-1-4-econo-flex-0580454008\/","title":{"rendered":"Kit Refil Bomba De Combust\u00edvel Sistema Universal Flex &#821"},"content":{"rendered":"<h2>BOMBA DE COMBUST\u00cdVEL FLEX UNIVERSAL &#8211; 4 BAR<\/h2>\n<h2>PRESS\u00c3O 4 BAR \/ 12 VOLTS \/ 5,8 AMPERES \/ VAZ\u00c3O L\/H: 90 \/ TUDO SA\u00cdDA ESTRIADO<\/h2>\n<h3>Bomba de Combust\u00edvel Refil Fiat\/Ford\/Gm\/Renault\/Volkswagen Flex<\/h3>\n<p>Fiat Fiorino 1.5 MPI &#8211; 2000 at\u00e9 2004<\/p>\n<p>Fiat Palio 1.0 8v MPI &#8211; 1999 at\u00e9 2001<\/p>\n<p>Fiat Palio 1.5 8v MPI &#8211; 1998 at\u00e9 2004<\/p>\n<p>Fiat Siena 1.5 8v MPI &#8211; 1998 at\u00e9 2004<\/p>\n<p>Fiat Strada 1.5 8v MPI &#8211; 1999 at\u00e9 2004<\/p>\n<p>Fiat Uno Furgoneta 1.5 8v MPI &#8211; 2000 at\u00e9 2003<\/p>\n<p>Fiat Uno Mille 1.0 MPI &#8211; 1998 at\u00e9 2003<\/p>\n<p>Ford Escort 2.0I &#8211; 1994 at\u00e9 1996<\/p>\n<p>Ford Escort XR3 2.0 &#8211; 1994 at\u00e9 1996<\/p>\n<p>Ford Royale 2.0I &#8211; 2000 at\u00e9 2002<\/p>\n<p>Ford Verona 2.0I &#8211; 1994 at\u00e9 1996<\/p>\n<p>Ford Versailles 2.0I &#8211; 2000 at\u00e9 2002<\/p>\n<p>GM Corsa 1.0 MPFI &#8211; 2000 at\u00e9 2002<\/p>\n<p>GM Sedan MPFI &#8211; 2000 at\u00e9 2002<\/p>\n<p>Renault Clio 1.0I 16v &#8211; 2004 em diante<\/p>\n<p>Renault Clio 1.6I 16v &#8211; 2004 em diante<\/p>\n<p>Renault Scenic 1.6I 16v &#8211; 2004 em diante<\/p>\n<p>Renault Sedan 1.0I 16v &#8211; 2004 em diante<\/p>\n<p>Renault Sedan 1.6I 16v &#8211; 2004 em diante<\/p>\n<p>VW Gol G2 1.0 MI 8v \u2013 1998 at\u00e9 1999<\/p>\n<p>VW Gol G2 1.0 Special &#8211; 1994 at\u00e9 2004<\/p>\n<p>VW Gol G2 1.6 MI &#8211; 1996 at\u00e9 1999<\/p>\n<p>VW Gol G2 1.6 Special &#8211; 1994 at\u00e9 2004<\/p>\n<p>VW Gol G2 1.6I &#8211; 1994 at\u00e9 1996<\/p>\n<p>VW Gol G2 1.8 MI &#8211; 1997 at\u00e9 1999<\/p>\n<p>VW Gol G2 1.8I &#8211; 1994 at\u00e9 1997<\/p>\n<p>VW Gol G2 2.0I &#8211; 1994 at\u00e9 1997<\/p>\n<p>VW Gol G3 1.6 MI &#8211; 2003 at\u00e9 2004<\/p>\n<p>VW Gol G3 1.0 MI 8V &#8211; 1999 at\u00e9 2004<\/p>\n<p>VW Gol G3 1.6 MI &#8211; 1999 at\u00e9 2004<\/p>\n<p>VW Kombi 1.6 MI &#8211; 1998 at\u00e9 2005<\/p>\n<p>VW Logus 2.0I &#8211; 1994 at\u00e9 1996<\/p>\n<p>VW Parati G2 1.6 MI &#8211; 1997 at\u00e9 1999<\/p>\n<p>VW Parati G2 1.6I &#8211; 1995 at\u00e9 1996<\/p>\n<p>VW Parati G2 1.8 MI &#8211; 1997 at\u00e9 1999<\/p>\n<p>VW Parati G2 1.8I &#8211; 1995 at\u00e9 1996<\/p>\n<p>VW Parati G2 2.0 MI &#8211; 1997 at\u00e9 1999<\/p>\n<p>VW Parati G2 2.0I &#8211; 1994 at\u00e9 1997<\/p>\n<p>VW Parati G3 1.6 MI &#8211; 2003 at\u00e9 2004<\/p>\n<p>VW Parati G3 1.6 MI &#8211; 1999 at\u00e9 2004<\/p>\n<p>VW Pointer 2.0I &#8211; 1994 at\u00e9 1996<\/p>\n<p>VW Quantum 1.8 MI &#8211; 1996<\/p>\n<p>VW Quantum 1.8I &#8211; 1996<\/p>\n<p>VW Quantum 2.0I &#8211; 1996<\/p>\n<p>VW Santana 1.8 MI &#8211; 1996<\/p>\n<p>VW Santana 1.8I &#8211; 1996<\/p>\n<p>VW Santana 2.0I &#8211; 1996<\/p>\n<p>VW Saveiro G2 1.6 MI &#8211; 1997 at\u00e9 2000<\/p>\n<p>VW Saveiro G2 1.8 MI &#8211; 1997 at\u00e9 2000<\/p>\n<p>VW Saveiro G3 1.6 MI &#8211; 2000 at\u00e9 2004<\/p>\n<p>VW Saveiro G3 1.8 MI &#8211; 2000 at\u00e9 2004<\/p>\n<h4>C\u00f3digo de Refer\u00eancia:<\/h4>\n<p>E10128, 2379190515 , 32591905115 , 32591905121 , 373919051L , 373919051N , 377919051AB , 46532393 , 46748505 , 50014087 , 547919051AA , 93380796<\/p>\n<h4>Bosch:<\/h4>\n<p>0580454008 , F000TE0120<\/p>\n<h4>Delphi:<\/h4>\n<p>FE10120 , FE20120<\/p>\n<h4>Magneti Marelli:<\/h4>\n<p>MM120<\/p>\n<h4>Weber:<\/h4>\n<p>WB0022<\/p>\n<h4>Condi\u00e7\u00f5es:<\/h4>\n<p>Novo Importado \/ Marca: Torken<\/p>\n<h4>Garantia:<\/h4>\n<p>3 Meses<\/p>\n<h4>Especifica\u00e7\u00f5es:<\/h4>\n<p>Amperes: 5,8 Combust\u00edvel: Flex | \u00c1lcool | Gasolina Press\u00e3o (Bar)4,0 Tipo: Interna Tipo de Sa\u00edda: Estriada Vaz\u00e3o (L\/H): 9 Volts: 12V<\/p>\n<h3>ATEN\u00c7\u00c3O: Antes de efetuar a compra verifique o c\u00f3digo da sua pe\u00e7a que est\u00e1 instalado no seu ve\u00edculo.<\/h3>\n<div id=\"A8hXZazDIve35OUP96KduAg__5\">\n<div class=\"wDYxhc\" data-md=\"61\">\n<div class=\"LGOjhe\" role=\"heading\" data-attrid=\"wa:\/description\" aria-level=\"3\" data-hveid=\"CBwQAA\">\n<div class=\"w-full pt-2 md:pt-0 border-t md:border-t-0 gizmo:border-t-0 dark:border-white\/20 md:border-transparent md:dark:border-transparent md:pl-2 gizmo:pl-0 gizmo:md:pl-0 md:w-[calc(100%-.5rem)]\">\n<form class=\"stretch mx-2 flex flex-row gap-3 last:mb-2 md:mx-4 md:last:mb-6 lg:mx-auto lg:max-w-2xl xl:max-w-3xl\">\n<div class=\"relative flex h-full flex-1 items-stretch md:flex-col\"><\/div>\n<div>A Casa da Inje\u00e7\u00e3o oferece total garantia nos produtos comprados em nosso site.<\/div>\n<\/form>\n<\/div>\n<\/div>\n<\/div>\n<\/div>\n<ol>\n<li>Cada item \u00e9 rigorosamente testado antes do envio<\/li>\n<li>Se os itens estiverem danificados ou parcialmente defeituosos, entre em contato conosco.<\/li>\n<\/ol>\n<p>Se houver qualquer defeito, n\u00f3s lhe enviaremos uma substitui\u00e7\u00e3o ap\u00f3s receber o pacote ou devolvemos seu dinheiro.<\/p>\n<p>Leia nossa\u00a0<a href=\"https:\/\/www.casadainjecao.com.br\/loja\/politica-de-devolucao\">pol\u00edtica de devolu\u00e7\u00e3o aqui<\/a><\/p>\n<p>\u2014\u2014\u2014\u2014\u2014\u2014\u2014\u2014\u2014\u2014\u2014\u2014\u2014\u2014\u2014\u2014\u2014\u2014\u2014\u2013<\/p>\n<h4>Tem alguma d\u00favida?<\/h4>\n<p>Entre em contato que podemos ajudar!<\/p>\n<p>Confira as informa\u00e7\u00f5es adicionais abaixo:<\/p>\n<ul>\n<li>Todos os nossos produtos s\u00e3o novos, semi-novos, originais e paralelos possuem garantia.<\/li>\n<li>Todos os produtos anunciados est\u00e3o dispon\u00edveis em estoque e s\u00e3o enviados com extrema rapidez.<\/li>\n<li>O frete pode ser simulado antes de efetuar a compra, basta clicar em \u201cver custos de envio\u201d.<\/li>\n<li>Verifique o endere\u00e7o de entrega cadastrado e atualize caso necess\u00e1rio.<\/li>\n<li>Confirme se a pe\u00e7a \u00e9 correta para o seu modelo de ve\u00edculo.<\/li>\n<li>Para pe\u00e7as automotivas, recomendamos a instala\u00e7\u00e3o por um profissional especializado.<\/li>\n<\/ul>\n<p>Caso possua outras d\u00favidas, entre em contato.<\/p>\n","protected":false},"excerpt":{"rendered":"<h2 class=\"ui-pdp-title\">Kit Refil Bomba De Combust\u00edvel Sistema\u00a0 Universal Flex<\/h2>\n<h2>Press\u00e3o 4 BAR \/ 12 VOLTS \/ 5,8 AMPERES \/ Vaz\u00e3o L\/H: 90\/Tipo de Sa\u00edda: Estriada<\/h2>\n<h2>Bomba de Combust\u00edvel Refil Fiat\/Ford\/Gm\/Renault\/Volkswagen Flex<\/h2>\n","protected":false},"featured_media":43931,"template":"","meta":{"_seopress_robots_primary_cat":"none","_seopress_titles_title":"","_seopress_titles_desc":"","_seopress_robots_index":"","_joinchat":[]},"product_cat":[195,22],"product_tag":[],"berocket_brand":[381,383,384,394,396],"_links":{"self":[{"href":"https:\/\/www.casadainjecao.com.br\/loja\/wp-json\/wp\/v2\/product\/27806"}],"collection":[{"href":"https:\/\/www.casadainjecao.com.br\/loja\/wp-json\/wp\/v2\/product"}],"about":[{"href":"https:\/\/www.casadainjecao.com.br\/loja\/wp-json\/wp\/v2\/types\/product"}],"wp:featuredmedia":[{"embeddable":true,"href":"https:\/\/www.casadainjecao.com.br\/loja\/wp-json\/wp\/v2\/media\/43931"}],"wp:attachment":[{"href":"https:\/\/www.casadainjecao.com.br\/loja\/wp-json\/wp\/v2\/media?parent=27806"}],"wp:term":[{"taxonomy":"product_cat","embeddable":true,"href":"https:\/\/www.casadainjecao.com.br\/loja\/wp-json\/wp\/v2\/product_cat?post=27806"},{"taxonomy":"product_tag","embeddable":true,"href":"https:\/\/www.casadainjecao.com.br\/loja\/wp-json\/wp\/v2\/product_tag?post=27806"},{"taxonomy":"berocket_brand","embeddable":true,"href":"https:\/\/www.casadainjecao.com.br\/loja\/wp-json\/wp\/v2\/berocket_brand?post=27806"}],"curies":[{"name":"wp","href":"https:\/\/api.w.org\/{rel}","templated":true}]}}