{"id":27815,"date":"2023-12-10T22:40:04","date_gmt":"2023-12-11T01:40:04","guid":{"rendered":"https:\/\/www.casadainjecao.com.br\/loja\/?post_type=product&#038;p=27815"},"modified":"2026-01-28T10:32:04","modified_gmt":"2026-01-28T13:32:04","slug":"sensor-velocidade-clio-kangoo-logan-sandero-8200547283","status":"publish","type":"product","link":"https:\/\/www.casadainjecao.com.br\/loja\/autopecas\/injecao-eletronica\/sensor-de-velocidade\/sensor-velocidade-clio-kangoo-logan-sandero-8200547283\/","title":{"rendered":"Sensor Velocidade Clio Kangoo Logan Sandero &#8211; 82005472"},"content":{"rendered":"<h2>Sensor de Velocidade 3 Pinos<\/h2>\n<ul>\n<li>APLICA\u00c7\u00c3O:<\/li>\n<li>RENAULT CLIO 1.0 4Cil 16v FLEX &#8211; 2005 2006 2007 2008 2009 2010 2011 2012 2013<\/li>\n<li>RENAULT CLIO 1.0 4Cil 8v FLEX &#8211; 2005 2006 2007 2008 2009 2010 2011 2012 2013<\/li>\n<li>RENAULT CLIO 1.6 4Cil 16v FLEX &#8211; 2005 2006 2007 2008 2009 2010 2011 2012 2013<\/li>\n<li>RENAULT CLIO 1.6 4Cil 8v FLEX &#8211; 2005 2006 2007 2008 2009 2010 2011 2012 2013<\/li>\n<li>RENAULT KANGOO 1.6 4Cil 16v FLEX &#8211; 2005 2006 2007 2008 2009 2010 2011 2012 2013<\/li>\n<li>RENAULT LOGAN 1.0 4Cil 16v FLEX &#8211; 2007 2008 2009 2010 2011 2012 2013 2014 2015 2016<\/li>\n<li>RENAULT LOGAN 1.6 4Cil 16v FLEX &#8211; 2007 2008 2009 2010 2011 2012 2013 2014 2015 2016<\/li>\n<li>RENAULT LOGAN 1.6 4Cil 8v FLEX &#8211; 2007 2008 2009 2010 2011 2012 2013 2014 2015 2016<\/li>\n<li>RENAULT SANDERO 1.0 4Cil 16v FLEX &#8211; 2007 2008 2009 2010 2011 2012 2013 2014 2015 2016<\/li>\n<li>RENAULT SANDERO 1.6 4Cil 16v FLEX &#8211; 2005 2006 2007 2008 2009 2010 2011 2012 2013<\/li>\n<li>RENAULT SANDERO 1.6 4Cil 8v FLEX &#8211; 2005 2006 2007 2008 2009 2010 2011 2012 2013<\/li>\n<li>RENAULT SCENIC 1.6 4Cil 16v FLEX &#8211; 2005 2006 2007 2008 2009 2010 2011 2012 2013<\/li>\n<\/ul>\n<h3>ESPECIFICA\u00c7\u00d5ES T\u00c9CNICAS:<\/h3>\n<h4>MARCA: TORKEN<\/h4>\n<h4>PRODUTO NOVO, SIMILAR AO ORIGINAL<\/h4>\n<h4>G\u00caNERO DO CONECTOR: MACHO<\/h4>\n<h4>CONTEUDO: 01 SENSOR VELOCIDADE<\/h4>\n<h3>C\u00d3DIGOS REFER\u00caNCIA:<\/h3>\n<h3>E-KLASS: ESV919<br \/>\nMAXAUTO:010072<br \/>\nMAXAUTO:5151<br \/>\nMTE:7328<br \/>\nRENAULT:8200547283<br \/>\nRENAULT:6001548870<br \/>\nSENSORAUTO:SA034P<br \/>\nTSA:T110021<\/h3>\n<p>&nbsp;<\/p>\n<h3>GARANTIA DO PRODUTO<br \/>\nA troca ou desist\u00eancia deste item pode ser feita em at\u00e9 7 dias corridos a partir do recebimento do produto.<br \/>\nO fabricante oferece 3 meses de garantia.<\/h3>\n<ul>\n<li>\n<h3>Favor verificar o c\u00f3digo antes da compra<\/h3>\n<h3>Um carro do mesmo ano e modelo pode ter pe\u00e7as diferentes, por isso \u00e9 necess\u00e1rio confirmar o c\u00f3digo da pe\u00e7a com mec\u00e2nico ou ligar na concession\u00e1ria e informar o n\u00famero do chassi para identifica\u00e7\u00e3o do c\u00f3digo da pe\u00e7a original do ve\u00edculo.<br \/>\n\u2014\u2014\u2014\u2014\u2014\u2014\u2014\u2014\u2014\u2014\u2014\u2014\u2014\u2014\u2014\u2014\u2014\u2014\u2014\u2014\u2014\u2014\u2014\u2014\u2014\u2014\u2014\u2014\u2014\u2014\u2014\u2014\u2014\u2014\u2014\u2014-<\/h3>\n<\/li>\n<\/ul>\n<div id=\"A8hXZazDIve35OUP96KduAg__5\">\n<div class=\"wDYxhc\" data-md=\"61\">\n<div class=\"LGOjhe\" role=\"heading\" data-attrid=\"wa:\/description\" aria-level=\"3\" data-hveid=\"CBwQAA\">\n<div class=\"w-full pt-2 md:pt-0 border-t md:border-t-0 gizmo:border-t-0 dark:border-white\/20 md:border-transparent md:dark:border-transparent md:pl-2 gizmo:pl-0 gizmo:md:pl-0 md:w-[calc(100%-.5rem)]\">\n<form class=\"stretch mx-2 flex flex-row gap-3 last:mb-2 md:mx-4 md:last:mb-6 lg:mx-auto lg:max-w-2xl xl:max-w-3xl\">\n<div class=\"relative flex h-full flex-1 items-stretch md:flex-col\"><\/div>\n<div>A Casa da Inje\u00e7\u00e3o oferece total garantia nos produtos comprados em nosso site.<\/div>\n<\/form>\n<\/div>\n<\/div>\n<\/div>\n<\/div>\n<ol>\n<li>Cada item \u00e9 rigorosamente testado antes do envio<\/li>\n<li>Se os itens estiverem danificados ou parcialmente defeituosos, entre em contato conosco.<\/li>\n<\/ol>\n<p>Se houver qualquer defeito, n\u00f3s lhe enviaremos uma substitui\u00e7\u00e3o ap\u00f3s receber o pacote ou devolvemos seu dinheiro.<\/p>\n<p>Leia nossa\u00a0<a href=\"https:\/\/www.casadainjecao.com.br\/loja\/politica-de-devolucao\">pol\u00edtica de devolu\u00e7\u00e3o aqui<\/a><\/p>\n<p>\u2014\u2014\u2014\u2014\u2014\u2014\u2014\u2014\u2014\u2014\u2014\u2014\u2014\u2014\u2014\u2014\u2014\u2014\u2014\u2013<\/p>\n<h4>Tem alguma d\u00favida?<\/h4>\n<p>Entre em contato que podemos ajudar!<\/p>\n<p>Confira as informa\u00e7\u00f5es adicionais abaixo:<\/p>\n<ul>\n<li>Todos os nossos produtos s\u00e3o novos, semi-novos, originais e paralelos possuem garantia.<\/li>\n<li>Todos os produtos anunciados est\u00e3o dispon\u00edveis em estoque e s\u00e3o enviados com extrema rapidez.<\/li>\n<li>O frete pode ser simulado antes de efetuar a compra, basta clicar em \u201cver custos de envio\u201d.<\/li>\n<li>Verifique o endere\u00e7o de entrega cadastrado e atualize caso necess\u00e1rio.<\/li>\n<li>Confirme se a pe\u00e7a \u00e9 correta para o seu modelo de ve\u00edculo.<\/li>\n<li>Para pe\u00e7as automotivas, recomendamos a instala\u00e7\u00e3o por um profissional especializado.<\/li>\n<\/ul>\n<p>Caso possua outras d\u00favidas, entre em contato.<\/p>\n","protected":false},"excerpt":{"rendered":"<h2 class=\"ui-pdp-title\">Sensor Velocidade Clio Kangoo Logan Sandero &#8211; 8200547283<\/h2>\n","protected":false},"featured_media":27894,"template":"","meta":{"_seopress_robots_primary_cat":"none","_seopress_titles_title":"","_seopress_titles_desc":"","_seopress_robots_index":"","_joinchat":[]},"product_cat":[21,1472],"product_tag":[49,57,66,91,51],"berocket_brand":[394],"_links":{"self":[{"href":"https:\/\/www.casadainjecao.com.br\/loja\/wp-json\/wp\/v2\/product\/27815"}],"collection":[{"href":"https:\/\/www.casadainjecao.com.br\/loja\/wp-json\/wp\/v2\/product"}],"about":[{"href":"https:\/\/www.casadainjecao.com.br\/loja\/wp-json\/wp\/v2\/types\/product"}],"wp:featuredmedia":[{"embeddable":true,"href":"https:\/\/www.casadainjecao.com.br\/loja\/wp-json\/wp\/v2\/media\/27894"}],"wp:attachment":[{"href":"https:\/\/www.casadainjecao.com.br\/loja\/wp-json\/wp\/v2\/media?parent=27815"}],"wp:term":[{"taxonomy":"product_cat","embeddable":true,"href":"https:\/\/www.casadainjecao.com.br\/loja\/wp-json\/wp\/v2\/product_cat?post=27815"},{"taxonomy":"product_tag","embeddable":true,"href":"https:\/\/www.casadainjecao.com.br\/loja\/wp-json\/wp\/v2\/product_tag?post=27815"},{"taxonomy":"berocket_brand","embeddable":true,"href":"https:\/\/www.casadainjecao.com.br\/loja\/wp-json\/wp\/v2\/berocket_brand?post=27815"}],"curies":[{"name":"wp","href":"https:\/\/api.w.org\/{rel}","templated":true}]}}