{"id":27956,"date":"2023-12-15T14:40:58","date_gmt":"2023-12-15T17:40:58","guid":{"rendered":"https:\/\/www.casadainjecao.com.br\/loja\/?post_type=product&#038;p=27956"},"modified":"2026-04-29T14:48:25","modified_gmt":"2026-04-29T17:48:25","slug":"sonda-lambda-planar-nissan-sentra-2-0-16v-esl0154","status":"publish","type":"product","link":"https:\/\/www.casadainjecao.com.br\/loja\/autopecas\/injecao-eletronica\/sonda-lambda\/sonda-lambda-planar-nissan-sentra-2-0-16v-esl0154\/","title":{"rendered":"Sonda Lambda Planar Nissan Sentra 2.0 16v &#8211;  025801015"},"content":{"rendered":"<h2>Sonda Lambda Planar Pr\u00e9\u00a0 Catalisador<\/h2>\n<p>&nbsp;<\/p>\n<p style=\"font-weight: 400;\">Livina Pr\u00e9 catalisador &#8211; 2009 2010 2011 2012 2013 2014<br \/>\nSentra 2.0 16V Pr\u00e9 catalisador &#8211; 2013 2014 2015 2016 2017<br \/>\nTiida Pr\u00e9 catalisador &#8211; 2008 2009 2010 2011 2012 2013<\/p>\n<p style=\"font-weight: 400;\">Especifica\u00e7\u00f5es T\u00e9cnicas:<br \/>\n&#8211; Marca: Torken<br \/>\n&#8211; Condi\u00e7\u00e3o do item: NOVO<br \/>\n&#8211; Modelo: SONDA LAMBDA PLANAR PR\u00c9 CATALISADOR<br \/>\n&#8211; OEM: 226A0ZJ80A \/ 0258010154 \/ 180434 \/ GI3226\/\u00a0ESL0154<\/p>\n<p style=\"font-weight: 400;\">&#8211; C\u00d3DIGOS EQUIVALENTES<br \/>\nNissan &#8211; 226A0ZJ80A<br \/>\nBosch &#8211; 0258010154<\/p>\n<p style=\"font-weight: 400;\">4 Pinos &#8211; Comprimento do cabo 19cm<\/p>\n<h4>Condi\u00e7\u00f5es:<\/h4>\n<p style=\"font-weight: 400;\">Produto Novo<\/p>\n<p style=\"font-weight: 400;\">Marca Torken<\/p>\n<h4><strong>Garantia:<\/strong><\/h4>\n<p style=\"font-weight: 400;\">3 Meses<strong>\u00a0<\/strong><\/p>\n<p style=\"font-weight: 400;\">Para garantir total compatibilidade, nos envie o n\u00famero do chassi para verifica\u00e7\u00e3o. Em alguns casos, ve\u00edculos do mesmo ano e modelo podem utilizar pe\u00e7as com numera\u00e7\u00f5es diferentes.<\/p>\n<h3>ATEN\u00c7\u00c3O: Antes de efetuar a compra verifique o c\u00f3digo da sua pe\u00e7a que est\u00e1 instalada no seu ve\u00edculo.<\/h3>\n<div class=\"thunk-single-product-summary-wrap\">\n<div class=\"summary entry-summary\">\n<div class=\"woocommerce-tabs wc-tabs-wrapper\">\n<div id=\"tab-description\" class=\"woocommerce-Tabs-panel woocommerce-Tabs-panel--description panel entry-content wc-tab\" role=\"tabpanel\" aria-labelledby=\"tab-title-description\"><\/div>\n<\/div>\n<\/div>\n<\/div>\n<p><strong>O que \u00e9 e para que serve a Sonda Lambda?<\/strong><\/p>\n<p>A Sonda Lambda \u00e9 um componente importante em sistemas de controle de emiss\u00f5es de ve\u00edculos a combust\u00e3o interna, como carros a gasolina e diesel. Seu principal objetivo \u00e9 medir a quantidade de oxig\u00eanio nos gases de escape do motor. Essa informa\u00e7\u00e3o \u00e9 crucial para otimizar a mistura ar\/combust\u00edvel, garantindo uma combust\u00e3o mais eficiente e reduzindo as emiss\u00f5es de poluentes.<\/p>\n<p>A Casa da Inje\u00e7\u00e3o oferece total garantia nos produtos comprados em nosso site.<\/p>\n<ol>\n<li>Cada item \u00e9 rigorosamente testado antes do envio<\/li>\n<li>Se os itens estiverem danificados ou parcialmente defeituosos, entre em contato conosco.<\/li>\n<\/ol>\n<p>Se houver qualquer defeito, n\u00f3s lhe enviaremos uma substitui\u00e7\u00e3o ap\u00f3s receber o pacote ou devolvemos seu dinheiro.<\/p>\n<p>Leia nossa\u00a0<a href=\"https:\/\/www.casadainjecao.com.br\/loja\/politica-de-devolucao\">pol\u00edtica de devolu\u00e7\u00e3o aqui<\/a><\/p>\n<p>\u2014\u2014\u2014\u2014\u2014\u2014\u2014\u2014\u2014\u2014\u2014\u2014\u2014\u2014\u2014\u2014\u2014\u2014\u2014\u2013<\/p>\n<p><strong>Tem alguma d\u00favida?<\/strong><\/p>\n<p>Entre em contato que podemos ajudar!<\/p>\n<p>Confira as informa\u00e7\u00f5es adicionais abaixo:<\/p>\n<ul>\n<li>Todos os nossos produtos s\u00e3o novos, semi-novos, originais e paralelos possuem garantia.<\/li>\n<li>Todos os produtos anunciados est\u00e3o dispon\u00edveis em estoque e s\u00e3o enviados com extrema rapidez.<\/li>\n<li>O frete pode ser simulado antes de efetuar a compra, basta clicar em \u201cver custos de envio\u201d.<\/li>\n<li>Verifique o endere\u00e7o de entrega cadastrado e atualize caso necess\u00e1rio.<\/li>\n<li>Confirme se a pe\u00e7a \u00e9 correta para o seu modelo de ve\u00edculo.<\/li>\n<li>Para pe\u00e7as automotivas, recomendamos a instala\u00e7\u00e3o por um profissional especializado.<\/li>\n<\/ul>\n<p>Caso possua outras d\u00favidas, entre em contato.<\/p>\n<p>&nbsp;<\/p>\n<p>&nbsp;<\/p>\n","protected":false},"excerpt":{"rendered":"<h2>Sonda Lambda Planar Nissan Sentra 2.0 16v Esl0154, 0258010154, 0.258.010.154<\/h2>\n","protected":false},"featured_media":27959,"template":"","meta":{"_seopress_robots_primary_cat":"none","_seopress_titles_title":"","_seopress_titles_desc":"","_seopress_robots_index":"","_joinchat":[]},"product_cat":[21,270],"product_tag":[1790],"berocket_brand":[392],"_links":{"self":[{"href":"https:\/\/www.casadainjecao.com.br\/loja\/wp-json\/wp\/v2\/product\/27956"}],"collection":[{"href":"https:\/\/www.casadainjecao.com.br\/loja\/wp-json\/wp\/v2\/product"}],"about":[{"href":"https:\/\/www.casadainjecao.com.br\/loja\/wp-json\/wp\/v2\/types\/product"}],"wp:featuredmedia":[{"embeddable":true,"href":"https:\/\/www.casadainjecao.com.br\/loja\/wp-json\/wp\/v2\/media\/27959"}],"wp:attachment":[{"href":"https:\/\/www.casadainjecao.com.br\/loja\/wp-json\/wp\/v2\/media?parent=27956"}],"wp:term":[{"taxonomy":"product_cat","embeddable":true,"href":"https:\/\/www.casadainjecao.com.br\/loja\/wp-json\/wp\/v2\/product_cat?post=27956"},{"taxonomy":"product_tag","embeddable":true,"href":"https:\/\/www.casadainjecao.com.br\/loja\/wp-json\/wp\/v2\/product_tag?post=27956"},{"taxonomy":"berocket_brand","embeddable":true,"href":"https:\/\/www.casadainjecao.com.br\/loja\/wp-json\/wp\/v2\/berocket_brand?post=27956"}],"curies":[{"name":"wp","href":"https:\/\/api.w.org\/{rel}","templated":true}]}}