{"id":28012,"date":"2023-12-18T16:32:59","date_gmt":"2023-12-18T19:32:59","guid":{"rendered":"https:\/\/www.casadainjecao.com.br\/loja\/?post_type=product&#038;p=28012"},"modified":"2026-05-08T19:54:49","modified_gmt":"2026-05-08T22:54:49","slug":"sonda-lambda-pre-catalisador-honda-fit-2008-esl539","status":"publish","type":"product","link":"https:\/\/www.casadainjecao.com.br\/loja\/autopecas\/injecao-eletronica\/sonda-lambda\/sonda-lambda-pre-catalisador-honda-fit-2008-esl539\/","title":{"rendered":"Sonda Lambda Pr\u00e9  Honda Fit 1.4 1.5 16V &#8211;  0258006539"},"content":{"rendered":"<h2><strong>Sonda Lambda Pr\u00e9 Catalisador<\/strong><\/h2>\n<p>&nbsp;<\/p>\n<p>Aplica\u00e7\u00e3o:<\/p>\n<p>HONDA<\/p>\n<p>FIT 1.4i 8V POT\u00caNCIA 80 113 GASOLINA &#8211;\u00a0 2003 2004 2005 2006 2007 2008<\/p>\n<p>FIT 1.4i 8V FLEX POT\u00caNCIA 80 83 FLEX\u00a0 &#8211; 2006 2007 2008 C\u00c2MBIO MANUAL<\/p>\n<p>FIT 1.5i 16V POT\u00caNCIA 105 GASOLINA &#8211; 2005 2006 2007 2008<\/p>\n<p>&nbsp;<\/p>\n<p>Especifica\u00e7\u00f5es T\u00e9cnicas:<\/p>\n<p>&#8211; Marca:Torken<\/p>\n<p>&#8211; Condi\u00e7\u00e3o do item: Novo<\/p>\n<p>&#8211; Modelo: SONDA LAMBDA PR\u00c9 CATALISADOR<\/p>\n<p>&#8211; C\u00f3digo: ESL539 \/ 0258006539 \/ MRMK2938 \/ 36531PWEG01<\/p>\n<p>&#8211; Cont\u00e9m 4 cabos (2 brancos \/ 1 preto \/ 1 cinza )<\/p>\n<p>Comprimento do cabo: 71cm<\/p>\n<p><strong>Garantia:<\/strong><\/p>\n<p>3 Meses<strong>\u00a0<\/strong><\/p>\n<p><strong>ATEN\u00c7\u00c3O: Antes de efetuar a compra verifique o c\u00f3digo da sua pe\u00e7a que est\u00e1 instalada no seu ve\u00edculo.<\/strong><\/p>\n<p>&nbsp;<\/p>\n<p>A Casa da Inje\u00e7\u00e3o oferece total garantia nos produtos adquiridos em nosso site. Cada item \u00e9 rigorosamente testado antes do envio.<\/p>\n<p>Se os itens estiverem danificados ou parcialmente defeituosos, entre em contato conosco.<\/p>\n<p>Caso haja qualquer defeito, enviaremos uma substitui\u00e7\u00e3o ap\u00f3s o recebimento do pacote ou devolveremos seu dinheiro.<\/p>\n<p>Leia nossa pol\u00edtica de devolu\u00e7\u00e3o aqui<\/p>\n<p>.<\/p>\n<p>Tem alguma d\u00favida?<\/p>\n<p>Entre em contato, estamos aqui para ajudar!<\/p>\n<p>Informa\u00e7\u00f5es adicionais:<\/p>\n<p>Todos os nossos produtos s\u00e3o novos, semi-novos, originais ou paralelos com garantia.<\/p>\n<p>Todos os produtos anunciados est\u00e3o dispon\u00edveis em estoque e s\u00e3o enviados com extrema rapidez.<\/p>\n<p>O frete pode ser simulado antes de efetuar a compra. Basta clicar em \u201cver custos de envio\u201d.<\/p>\n<p>Verifique o endere\u00e7o de entrega cadastrado e atualize-o caso necess\u00e1rio.<\/p>\n<p>Confirme se a pe\u00e7a \u00e9 compat\u00edvel com o modelo de seu ve\u00edculo.<\/p>\n<p>Para pe\u00e7as automotivas, recomendamos a instala\u00e7\u00e3o por um profissional especializado.<\/p>\n<p>Caso tenha outras d\u00favidas, n\u00e3o hesite em entrar em contato.<\/p>\n","protected":false},"excerpt":{"rendered":"<h2>Sonda Lambda Pr\u00e9 Honda Fit 1.4 1.5 16V &#8211; 0258006539<\/h2>\n","protected":false},"featured_media":44826,"template":"","meta":{"_seopress_robots_primary_cat":"none","_seopress_titles_title":"","_seopress_titles_desc":"","_seopress_robots_index":"","_kad_blocks_custom_css":"","_kad_blocks_head_custom_js":"","_kad_blocks_body_custom_js":"","_kad_blocks_footer_custom_js":"","_joinchat":[]},"product_cat":[21,270],"product_tag":[105],"berocket_brand":[385],"taxonomy_info":{"product_cat":[{"value":21,"label":"Inje\u00e7\u00e3o Eletr\u00f4nica"},{"value":270,"label":"Sonda Lambda"}],"product_tag":[{"value":105,"label":"Honda Fit"}],"berocket_brand":[{"value":385,"label":"Honda"}]},"featured_image_src_large":["https:\/\/www.casadainjecao.com.br\/loja\/wp-content\/uploads\/2023\/12\/0258006539-920x920.jpg",640,640,true],"author_info":[],"comment_info":"","_links":{"self":[{"href":"https:\/\/www.casadainjecao.com.br\/loja\/wp-json\/wp\/v2\/product\/28012"}],"collection":[{"href":"https:\/\/www.casadainjecao.com.br\/loja\/wp-json\/wp\/v2\/product"}],"about":[{"href":"https:\/\/www.casadainjecao.com.br\/loja\/wp-json\/wp\/v2\/types\/product"}],"wp:featuredmedia":[{"embeddable":true,"href":"https:\/\/www.casadainjecao.com.br\/loja\/wp-json\/wp\/v2\/media\/44826"}],"wp:attachment":[{"href":"https:\/\/www.casadainjecao.com.br\/loja\/wp-json\/wp\/v2\/media?parent=28012"}],"wp:term":[{"taxonomy":"product_cat","embeddable":true,"href":"https:\/\/www.casadainjecao.com.br\/loja\/wp-json\/wp\/v2\/product_cat?post=28012"},{"taxonomy":"product_tag","embeddable":true,"href":"https:\/\/www.casadainjecao.com.br\/loja\/wp-json\/wp\/v2\/product_tag?post=28012"},{"taxonomy":"berocket_brand","embeddable":true,"href":"https:\/\/www.casadainjecao.com.br\/loja\/wp-json\/wp\/v2\/berocket_brand?post=28012"}],"curies":[{"name":"wp","href":"https:\/\/api.w.org\/{rel}","templated":true}]}}