{"id":28279,"date":"2024-01-05T10:54:22","date_gmt":"2024-01-05T13:54:22","guid":{"rendered":"https:\/\/www.casadainjecao.com.br\/loja\/?post_type=product&#038;p=28279"},"modified":"2026-03-30T22:20:43","modified_gmt":"2026-03-31T01:20:43","slug":"retentor-anel-vedacao-valvula-renault-clio-sandero-logan-kangoo-8200082487","status":"publish","type":"product","link":"https:\/\/www.casadainjecao.com.br\/loja\/autopecas\/motor\/retentor\/retentor-anel-vedacao-valvula-renault-clio-sandero-logan-kangoo-8200082487\/","title":{"rendered":"Retentor Anel Veda\u00e7\u00e3o V\u00e1lvula Renault Clio Sandero &#8211"},"content":{"rendered":"<h2>RETENTOR \/ ANEL DE VEDA\u00c7\u00c3O DE V\u00c1LVULA RENAULT \u2013 ORIGINAL<\/h2>\n<p>Produto original Renault, desenvolvido para garantir veda\u00e7\u00e3o eficiente e maior durabilidade do motor. Essencial para evitar vazamentos de \u00f3leo no cabe\u00e7ote, mantendo o desempenho e a vida \u00fatil do motor.<\/p>\n<p>PRONTA ENTREGA \u2013 ENVIO IMEDIATO<\/p>\n<p>ESPECIFICA\u00c7\u00d5ES:<\/p>\n<p>Produto: Retentor \/ Anel de Veda\u00e7\u00e3o de V\u00e1lvula<br \/>\nC\u00f3digo: 8200082487<br \/>\nCondi\u00e7\u00e3o: Novo<br \/>\nMarca: Original Renault<br \/>\nGarantia: 3 meses<\/p>\n<p>APLICA\u00c7\u00c3O:<\/p>\n<p>Renault Clio (1998 a 2018)<br \/>\nVers\u00f5es: SI, RL, RN, RT, Campus, Authentique, Expression, Dynamique, Privil\u00e9ge, Aliz\u00e9<br \/>\nMotores: 1.0 8v \/ 1.0 16v \/ 1.6 8v \/ 1.6 16v<\/p>\n<p>Renault Sandero (2007 a 2013)<br \/>\nVers\u00f5es: Authentique, Expression, Privil\u00e9ge, Stepway, Vibe, GT Line<br \/>\nMotores: 1.0 16v \/ 1.6 8v \/ 1.6 16v<\/p>\n<p>Renault Sandero II (2013 a 2022)<br \/>\nVers\u00f5es: Authentique, Expression, Vibe, RS<br \/>\nMotores: 1.0 12v \/ 1.0 16v \/ 1.6 8v \/ 1.6 16v \/ 2.0 16v<\/p>\n<p>Renault Twingo (1993 a 2017)<br \/>\nVers\u00f5es: E2, E5, Initiale<br \/>\nMotores: 1.0 8v \/ 1.0 16v \/ 1.1 8v \/ 1.2 8v<\/p>\n<p>Renault Kangoo \/ Kangoo Express (1997 a 2018)<br \/>\nVers\u00f5es: RL, RN, RT, Sportway, Authentique, Expression<br \/>\nMotores: 1.0 8v \/ 1.0 16v \/ 1.6 8v \/ 1.6 16v<\/p>\n<p>Renault Logan (2007 a 2013)<br \/>\nVers\u00f5es: Authentique, Expression, Privil\u00e9ge<br \/>\nMotores: 1.0 16v \/ 1.6 8v \/ 1.6 16v<\/p>\n<p>Renault Logan II (2013 a 2022)<br \/>\nVers\u00f5es: Authentique, Expression, Dynamique, Stepway<br \/>\nMotores: 1.0 16v \/ 1.6 8v \/ 1.6 16v<\/p>\n<h3>ATEN\u00c7\u00c3O:<br \/>\nAntes de efetuar a compra, verifique o c\u00f3digo da pe\u00e7a instalada em seu ve\u00edculo. A compatibilidade correta evita trocas e devolu\u00e7\u00f5es.<\/h3>\n<p>A Casa da Inje\u00e7\u00e3o oferece total garantia nos produtos comprados em nosso site.<\/p>\n<ol>\n<li>Cada item \u00e9 rigorosamente testado antes do envio<\/li>\n<li>Se os itens estiverem danificados ou parcialmente defeituosos, entre em contato conosco.<\/li>\n<\/ol>\n<p>Se houver qualquer defeito, n\u00f3s lhe enviaremos uma substitui\u00e7\u00e3o ap\u00f3s receber o pacote ou devolvemos seu dinheiro.<\/p>\n<p>Leia nossa\u00a0<span style=\"color: #ff0000;\"><a style=\"color: #ff0000;\" href=\"https:\/\/www.casadainjecao.com.br\/loja\/politica-de-devolucao\">pol\u00edtica de devolu\u00e7\u00e3o aqui<\/a><\/span><\/p>\n<p>\u2014\u2014\u2014\u2014\u2014\u2014\u2014\u2014\u2014\u2014\u2014\u2014\u2014\u2014\u2014\u2014\u2014\u2014\u2014\u2013<\/p>\n<p><strong>Tem alguma d\u00favida?<\/strong><\/p>\n<p>Entre em contato que podemos ajudar!<\/p>\n<p>Confira as informa\u00e7\u00f5es adicionais abaixo:<\/p>\n<ul>\n<li>Todos os nossos produtos s\u00e3o novos, semi-novos, originais e paralelos possuem garantia.<\/li>\n<li>Todos os produtos anunciados est\u00e3o dispon\u00edveis em estoque e s\u00e3o enviados com extrema rapidez.<\/li>\n<li>O frete pode ser simulado antes de efetuar a compra, basta clicar em \u201cver custos de envio\u201d.<\/li>\n<li>Verifique o endere\u00e7o de entrega cadastrado e atualize caso necess\u00e1rio.<\/li>\n<li>Confirme se a pe\u00e7a \u00e9 correta para o seu modelo de ve\u00edculo.<\/li>\n<li>Para pe\u00e7as automotivas, recomendamos a instala\u00e7\u00e3o por um profissional especializado.<\/li>\n<\/ul>\n<p>Caso possua outras d\u00favidas, entre em contato.<\/p>\n","protected":false},"excerpt":{"rendered":"<h2>Retentor Anel Veda\u00e7\u00e3o V\u00e1lvula<\/h2>\n<h2>Renault Clio Sandero Logan Kangoo &#8211; 8200082487<\/h2>\n","protected":false},"featured_media":28282,"template":"","meta":{"_seopress_robots_primary_cat":"none","_seopress_titles_title":"","_seopress_titles_desc":"","_seopress_robots_index":"","_seopress_analysis_target_kw":"","_kad_blocks_custom_css":"","_kad_blocks_head_custom_js":"","_kad_blocks_body_custom_js":"","_kad_blocks_footer_custom_js":"","_kadence_starter_templates_imported_post":false,"_joinchat":[]},"product_brand":[],"product_cat":[22,238,244],"product_tag":[216,57,1886,66,1426,91,1728,53],"berocket_brand":[394],"class_list":{"0":"post-28279","1":"product","2":"type-product","3":"status-publish","4":"has-post-thumbnail","6":"product_cat-motor","7":"product_cat-retentor","8":"product_cat-valvulas","9":"product_tag-clio-ii","10":"product_tag-kangoo","11":"product_tag-kangoo-express","12":"product_tag-logan","13":"product_tag-logan-ii","14":"product_tag-sandero","15":"product_tag-sandero-ii","16":"product_tag-twingo","17":"berocket_brand-renault","18":"thunk-woo-product-list","19":"big-store-woo-hover-zoom","20":"open-single-product-tab-horizontal","21":"open-shadow-","22":"open-shadow-hover-","24":"first","25":"instock","26":"sale","27":"taxable","28":"shipping-taxable","29":"purchasable","30":"product-type-simple"},"taxonomy_info":{"product_cat":[{"value":22,"label":"Motor"},{"value":238,"label":"Retentor"},{"value":244,"label":"Valvulas"}],"product_tag":[{"value":216,"label":"Clio II"},{"value":57,"label":"Kangoo"},{"value":1886,"label":"Kangoo Express"},{"value":66,"label":"Logan"},{"value":1426,"label":"Logan II"},{"value":91,"label":"Sandero"},{"value":1728,"label":"Sandero II"},{"value":53,"label":"Twingo"}],"berocket_brand":[{"value":394,"label":"Renault"}]},"featured_image_src_large":["https:\/\/www.casadainjecao.com.br\/loja\/wp-content\/uploads\/2024\/01\/8200082487-4-900x761.jpg",640,541,true],"author_info":[],"comment_info":"","_links":{"self":[{"href":"https:\/\/www.casadainjecao.com.br\/loja\/wp-json\/wp\/v2\/product\/28279","targetHints":{"allow":["GET"]}}],"collection":[{"href":"https:\/\/www.casadainjecao.com.br\/loja\/wp-json\/wp\/v2\/product"}],"about":[{"href":"https:\/\/www.casadainjecao.com.br\/loja\/wp-json\/wp\/v2\/types\/product"}],"wp:featuredmedia":[{"embeddable":true,"href":"https:\/\/www.casadainjecao.com.br\/loja\/wp-json\/wp\/v2\/media\/28282"}],"wp:attachment":[{"href":"https:\/\/www.casadainjecao.com.br\/loja\/wp-json\/wp\/v2\/media?parent=28279"}],"wp:term":[{"taxonomy":"product_brand","embeddable":true,"href":"https:\/\/www.casadainjecao.com.br\/loja\/wp-json\/wp\/v2\/product_brand?post=28279"},{"taxonomy":"product_cat","embeddable":true,"href":"https:\/\/www.casadainjecao.com.br\/loja\/wp-json\/wp\/v2\/product_cat?post=28279"},{"taxonomy":"product_tag","embeddable":true,"href":"https:\/\/www.casadainjecao.com.br\/loja\/wp-json\/wp\/v2\/product_tag?post=28279"},{"taxonomy":"berocket_brand","embeddable":true,"href":"https:\/\/www.casadainjecao.com.br\/loja\/wp-json\/wp\/v2\/berocket_brand?post=28279"}],"curies":[{"name":"wp","href":"https:\/\/api.w.org\/{rel}","templated":true}]}}