{"id":28722,"date":"2024-02-05T14:50:12","date_gmt":"2024-02-05T17:50:12","guid":{"rendered":"https:\/\/www.casadainjecao.com.br\/loja\/?post_type=product&#038;p=28722"},"modified":"2026-04-09T19:36:15","modified_gmt":"2026-04-09T22:36:15","slug":"par-fechadura-tampa-traseira-direita-e-esquerda-fiat-strada-51856374-51856373","status":"publish","type":"product","link":"https:\/\/www.casadainjecao.com.br\/loja\/autopecas\/carroceria\/fechadura\/par-fechadura-tampa-traseira-direita-e-esquerda-fiat-strada-51856374-51856373\/","title":{"rendered":"Par Fechaduras Tampa Traseira Fiat Strada Original &#8211; 5"},"content":{"rendered":"<h2 class=\"ui-pdp-title\">Par Fechaduras Tampa Traseira Lado Direito, Esquerdo Fiat Strada Original<\/h2>\n<p>Lado<br \/>\nDireito e Esquerdo<\/p>\n<p>Modelos Compat\u00edveis:<\/p>\n<p>Fiat Marea Weekend &#8211; 1999 A 2007<\/p>\n<p>Fiat Nova Strada &#8211; 2020 &#8230;..<\/p>\n<p>Fiat Strada Fase 2 &#8211; 2004 A 2013<\/p>\n<p>Fiat Strada Fase 3 &#8211; 2008 A 2012<\/p>\n<p>Fiat Strada Fase 4 &#8211; 2013 A 2020<\/p>\n<p>C\u00f3digo da pe\u00e7a: 67243304<br \/>\nC\u00f3digo Fiat: 51856374, 51856373<\/p>\n<p><strong>Condi\u00e7\u00f5es:<\/strong><\/p>\n<p>PRODUTO NOVO ORIGINAL FIAT MOPAR<\/p>\n<p>Conte\u00fado Da Embalagem:<\/p>\n<p>1 Fechadura Da Tampa Ca\u00e7amba Lado Direito<br \/>\n1 Fechadura Da Tampa Ca\u00e7amba Lado Esquerdo<\/p>\n<p>Informa\u00e7\u00f5es T\u00e9cnicas:<\/p>\n<p>&#8211; Fechadura Interna da Tampa da Ca\u00e7amba Strada<br \/>\n&#8211; Lado Direito<br \/>\n&#8211; Lado Esquerdo<br \/>\n&#8211; Mec\u00e2nica<br \/>\n&#8211; Metal<\/p>\n<h3><strong>Garantia:<\/strong><\/h3>\n<p>3 Meses<\/p>\n<h3>ATEN\u00c7\u00c3O: Antes de efetuar a compra verifique o c\u00f3digo da sua pe\u00e7a que est\u00e1 instalado no seu ve\u00edculo.<\/h3>\n<h4><strong>O que \u00e9 e para que serve <\/strong>Fechadura Tampa Traseira.<\/h4>\n<p>A fechadura da tampa traseira automotiva \u00e9 um componente que garante a seguran\u00e7a, o acesso e a privacidade no compartimento de carga de ve\u00edculos, al\u00e9m de ser fundamental para o funcionamento pr\u00e1tico do ve\u00edculo.<\/p>\n<p>&nbsp;<\/p>\n<p>A Casa da Inje\u00e7\u00e3o oferece total garantia nos produtos comprados em nosso site.<\/p>\n<ol>\n<li>Cada item \u00e9 rigorosamente testado antes do envio<\/li>\n<li>Se os itens estiverem danificados ou parcialmente defeituosos, entre em contato conosco.<\/li>\n<\/ol>\n<p>Se houver qualquer defeito, n\u00f3s lhe enviaremos uma substitui\u00e7\u00e3o ap\u00f3s receber o pacote ou devolvemos seu dinheiro.<\/p>\n<p>Leia nossa<span style=\"color: #ff0000;\">\u00a0<a style=\"color: #ff0000;\" href=\"https:\/\/www.casadainjecao.com.br\/loja\/politica-de-devolucao\">pol\u00edtica de devolu\u00e7\u00e3o aqui<\/a><\/span><\/p>\n<p>\u2014\u2014\u2014\u2014\u2014\u2014\u2014\u2014\u2014\u2014\u2014\u2014\u2014\u2014\u2014\u2014\u2014\u2014\u2014\u2013<\/p>\n<p><strong>Tem alguma d\u00favida?<\/strong><\/p>\n<p>Entre em contato que podemos ajudar!<\/p>\n<p>Confira as informa\u00e7\u00f5es adicionais abaixo:<\/p>\n<ul>\n<li>Todos os nossos produtos s\u00e3o novos, semi-novos, originais e paralelos possuem garantia.<\/li>\n<li>Todos os produtos anunciados est\u00e3o dispon\u00edveis em estoque e s\u00e3o enviados com extrema rapidez.<\/li>\n<li>O frete pode ser simulado antes de efetuar a compra, basta clicar em \u201cver custos de envio\u201d.<\/li>\n<li>Verifique o endere\u00e7o de entrega cadastrado e atualize caso necess\u00e1rio.<\/li>\n<li>Confirme se a pe\u00e7a \u00e9 correta para o seu modelo de ve\u00edculo.<\/li>\n<li>Para pe\u00e7as automotivas, recomendamos a instala\u00e7\u00e3o por um profissional especializado.<\/li>\n<\/ul>\n<p>Caso possua outras d\u00favidas, entre em contato.<\/p>\n","protected":false},"excerpt":{"rendered":"<h2 class=\"ui-pdp-title\">Par Fechadura Ca\u00e7amba Tampa Traseira Fiat Strada Original<\/h2>\n<p class=\"ui-pdp-title\">Lado Direito e Esquerdo<\/p>\n<p>Modelos Compat\u00edveis:<\/p>\n<p>Fiat Strada GI Fase II ap\u00f3s 04<br \/>\nFiat Strada GI Fase III 08 \u00e0 12<br \/>\nFiat Strada GI Fase IV ap\u00f3s 13<\/p>\n<p>Fiat Nova Strada 2021 2022<br \/>\nStrada Adventure apos 2004<\/p>\n<p>C\u00f3digo da pe\u00e7a: 67243304<br \/>\nC\u00f3digo Fiat: 51856374, 51856373<\/p>\n<h3><strong>Condi\u00e7\u00f5es:<\/strong><\/h3>\n<p>PRODUTO NOVO ORIGINAL FIAT MOPAR<\/p>\n","protected":false},"featured_media":28723,"template":"","meta":{"_seopress_robots_primary_cat":"none","_seopress_titles_title":"","_seopress_titles_desc":"","_seopress_robots_index":"","_joinchat":[]},"product_cat":[83,92],"product_tag":[121],"berocket_brand":[383],"_links":{"self":[{"href":"https:\/\/www.casadainjecao.com.br\/loja\/wp-json\/wp\/v2\/product\/28722"}],"collection":[{"href":"https:\/\/www.casadainjecao.com.br\/loja\/wp-json\/wp\/v2\/product"}],"about":[{"href":"https:\/\/www.casadainjecao.com.br\/loja\/wp-json\/wp\/v2\/types\/product"}],"wp:featuredmedia":[{"embeddable":true,"href":"https:\/\/www.casadainjecao.com.br\/loja\/wp-json\/wp\/v2\/media\/28723"}],"wp:attachment":[{"href":"https:\/\/www.casadainjecao.com.br\/loja\/wp-json\/wp\/v2\/media?parent=28722"}],"wp:term":[{"taxonomy":"product_cat","embeddable":true,"href":"https:\/\/www.casadainjecao.com.br\/loja\/wp-json\/wp\/v2\/product_cat?post=28722"},{"taxonomy":"product_tag","embeddable":true,"href":"https:\/\/www.casadainjecao.com.br\/loja\/wp-json\/wp\/v2\/product_tag?post=28722"},{"taxonomy":"berocket_brand","embeddable":true,"href":"https:\/\/www.casadainjecao.com.br\/loja\/wp-json\/wp\/v2\/berocket_brand?post=28722"}],"curies":[{"name":"wp","href":"https:\/\/api.w.org\/{rel}","templated":true}]}}