{"id":28976,"date":"2024-02-23T07:53:45","date_gmt":"2024-02-23T10:53:45","guid":{"rendered":"https:\/\/www.casadainjecao.com.br\/loja\/?post_type=product&#038;p=28976"},"modified":"2026-04-22T17:36:13","modified_gmt":"2026-04-22T20:36:13","slug":"comutador-trava-direcao-golf-tcross-nivus-tiguan-5q1905865a","status":"publish","type":"product","link":"https:\/\/www.casadainjecao.com.br\/loja\/autopecas\/interior\/coluna-de-direcao\/comutador-trava-direcao-golf-tcross-nivus-tiguan-5q1905865a\/","title":{"rendered":"Comutador Trava Dire\u00e7\u00e3o Golf Nivus Tiguan &#8211; 5q190586"},"content":{"rendered":"<h2>Comutador Trava Dire\u00e7\u00e3o<\/h2>\n<p><strong>VOLKSWAGEN<\/strong><\/p>\n<p>VOLKSWAGEN T-CROSS (2019 EM DIANTE)<\/p>\n<p>VOLKSWAGEN NOVO POLO (2019 EM DIANTE)<\/p>\n<p>VOLKSWAGEN NIVUS (2019 EM DIANTE)<\/p>\n<p>VOLKSWAGEN TIGUAN (2018 EM DIANTE)<\/p>\n<p>VOLKSWAGEN JETTA (2019 EM DIANTE)<\/p>\n<p>VOLKSWAGEN GOLF (2019 EM DIANTE)<\/p>\n<h4>C\u00f3digo de Refer\u00eancia:<\/h4>\n<p>5q1905865a<\/p>\n<h4>Condi\u00e7\u00f5es:<\/h4>\n<p>Novo Original \/ Marca Volkswagen<\/p>\n<h4>Especifica\u00e7\u00f5es:<\/h4>\n<p>N\u00famero do Comutador: 5Q1905865A \/ N\u00famero da Trava: 5Z0905851H \/ Conector Retangular 5 Pinos<\/p>\n<h4>Garantia:<\/h4>\n<p>3 Meses<\/p>\n<h3>APLICA\u00c7\u00c3O:<\/h3>\n<p>Linha Volkswagen<\/p>\n<h3>ATEN\u00c7\u00c3O: Antes de efetuar a compra verifique o c\u00f3digo da pe\u00e7a que est\u00e1 instalada no seu ve\u00edculo.<\/h3>\n<h4>O que \u00e9 e para que serve o Comutador Trava Dire\u00e7\u00e3o ?<\/h4>\n<p>O Comutador de trava de dire\u00e7\u00e3o, muitas vezes referido como cilindro de igni\u00e7\u00e3o, trava de dire\u00e7\u00e3o ou interruptor de igni\u00e7\u00e3o, \u00e9 uma pe\u00e7a essencial em ve\u00edculos automotivos. Ele desempenha v\u00e1rias fun\u00e7\u00f5es importantes relacionadas ao sistema de igni\u00e7\u00e3o, \u00e0 seguran\u00e7a e ao travamento do volante.<\/p>\n<p>&nbsp;<\/p>\n<p>A Casa da Inje\u00e7\u00e3o oferece total garantia nos produtos comprados em nosso site.<\/p>\n<ol>\n<li>Cada item \u00e9 rigorosamente testado antes do envio<\/li>\n<li>Se os itens estiverem danificados ou parcialmente defeituosos, entre em contato conosco.<\/li>\n<\/ol>\n<p>Se houver qualquer defeito, n\u00f3s lhe enviaremos uma substitui\u00e7\u00e3o ap\u00f3s receber o pacote ou devolvemos seu dinheiro.<\/p>\n<p>Leia nossa<span style=\"color: #ff0000;\">\u00a0<a style=\"color: #ff0000;\" href=\"https:\/\/www.casadainjecao.com.br\/loja\/politica-de-devolucao\">pol\u00edtica de devolu\u00e7\u00e3o aqui<\/a><\/span><\/p>\n<p>\u2014\u2014\u2014\u2014\u2014\u2014\u2014\u2014\u2014\u2014\u2014\u2014\u2014\u2014\u2014\u2014\u2014\u2014\u2014\u2013<\/p>\n<p><strong>Tem alguma d\u00favida?<\/strong><\/p>\n<p>Entre em contato que podemos ajudar!<\/p>\n<p>Confira as informa\u00e7\u00f5es adicionais abaixo:<\/p>\n<ul>\n<li>Todos os nossos produtos s\u00e3o novos, semi-novos, originais e paralelos possuem garantia.<\/li>\n<li>Todos os produtos anunciados est\u00e3o dispon\u00edveis em estoque e s\u00e3o enviados com extrema rapidez.<\/li>\n<li>O frete pode ser simulado antes de efetuar a compra, basta clicar em \u201cver custos de envio\u201d.<\/li>\n<li>Verifique o endere\u00e7o de entrega cadastrado e atualize caso necess\u00e1rio.<\/li>\n<li>Confirme se a pe\u00e7a \u00e9 correta para o seu modelo de ve\u00edculo.<\/li>\n<li>Para pe\u00e7as automotivas, recomendamos a instala\u00e7\u00e3o por um profissional especializado.<\/li>\n<\/ul>\n<p>Caso possua outras d\u00favidas, entre em contato<\/p>\n","protected":false},"excerpt":{"rendered":"<h2>Comutador Trava Dire\u00e7\u00e3o Volkswagen Golf \/T-Cross \/Nivus \/Tiguan &#8211; 5q1905865a<\/h2>\n","protected":false},"featured_media":28979,"template":"","meta":{"_seopress_robots_primary_cat":"none","_seopress_titles_title":"","_seopress_titles_desc":"","_seopress_robots_index":"","_joinchat":[]},"product_cat":[360,24],"product_tag":[698,1966,1963,1497],"berocket_brand":[396],"_links":{"self":[{"href":"https:\/\/www.casadainjecao.com.br\/loja\/wp-json\/wp\/v2\/product\/28976"}],"collection":[{"href":"https:\/\/www.casadainjecao.com.br\/loja\/wp-json\/wp\/v2\/product"}],"about":[{"href":"https:\/\/www.casadainjecao.com.br\/loja\/wp-json\/wp\/v2\/types\/product"}],"wp:featuredmedia":[{"embeddable":true,"href":"https:\/\/www.casadainjecao.com.br\/loja\/wp-json\/wp\/v2\/media\/28979"}],"wp:attachment":[{"href":"https:\/\/www.casadainjecao.com.br\/loja\/wp-json\/wp\/v2\/media?parent=28976"}],"wp:term":[{"taxonomy":"product_cat","embeddable":true,"href":"https:\/\/www.casadainjecao.com.br\/loja\/wp-json\/wp\/v2\/product_cat?post=28976"},{"taxonomy":"product_tag","embeddable":true,"href":"https:\/\/www.casadainjecao.com.br\/loja\/wp-json\/wp\/v2\/product_tag?post=28976"},{"taxonomy":"berocket_brand","embeddable":true,"href":"https:\/\/www.casadainjecao.com.br\/loja\/wp-json\/wp\/v2\/berocket_brand?post=28976"}],"curies":[{"name":"wp","href":"https:\/\/api.w.org\/{rel}","templated":true}]}}