{"id":29030,"date":"2024-02-26T16:07:08","date_gmt":"2024-02-26T19:07:08","guid":{"rendered":"https:\/\/www.casadainjecao.com.br\/loja\/?post_type=product&#038;p=29030"},"modified":"2026-04-16T17:49:30","modified_gmt":"2026-04-16T20:49:30","slug":"tampa-distribuidor-c-pino-vw-gol-parati-polo-9232081442","status":"publish","type":"product","link":"https:\/\/www.casadainjecao.com.br\/loja\/autopecas\/eletrica\/tampa-do-distribuidor\/tampa-distribuidor-c-pino-vw-gol-parati-polo-9232081442\/","title":{"rendered":"Tampa Distribuidor c\/ Pino VW Gol Parati Polo &#8211; 923208"},"content":{"rendered":"<h2>Tampa Distribuidor com Pino Original Bosch<\/h2>\n<p><strong>VOLKSWAGEN<\/strong><\/p>\n<p>Volkswagen Fusca 1.6 1600 &#8211; 1993 a\u00a0 1995<\/p>\n<p>Volkswagen Gol 1.0 1.6 1.8 e 2.0 8V e 16V &#8211; 1987 a 2005<\/p>\n<p>Volkswagen Kombi 1.6 &#8211; 1984 a 2005<\/p>\n<p>Volkswagen Logus 1.6 1.8 e 2.0 &#8211; 1992 a 1996<\/p>\n<p>Volkswagen Parati 1.0 1.6 1.8 2.0 8V 16V &#8211; 1988 a 2005<\/p>\n<p>Volkswagen Pointer 1.8 2.0 &#8211; 1993 a 1996<\/p>\n<p>Volkswagen Polo 1.6 1.8 1996 a 2003<\/p>\n<p>Volkswagen Quantum 1.8 2.0 &#8211; 1985 a 2001<\/p>\n<p>Volkswagen Saveiro 1.0 1.6 1.8 e 2.0 8V 16V &#8211;\u00a0 1989 a 1990<\/p>\n<p>Volkswagen Voyage 1.6 1.8 &#8211; 1989 a 1995<\/p>\n<p>Volkswagen Apollo 1.8 &#8211; 1990 a 1992<\/p>\n<p>Volkswagen Santana 1.8 2.0 &#8211; 1984 a \u00a02006<\/p>\n<p><strong>FORD<\/strong><\/p>\n<p>Ford\u00a0 Versailles 1.8 2.0 &#8211; 1991 a 1996<\/p>\n<p>Ford Belina 1.8 &#8211; \u00a01989 a 1991<\/p>\n<p>Ford Del-Rey 1.8 &#8211; 1989 a 1991<\/p>\n<p>Ford Escort 1.0 1.6 1.8 2.0 &#8211; 1989 a 1996<\/p>\n<p>Ford Pampa 1.6 1.8 &#8211; 1990 a 1996<\/p>\n<p>Ford Royale 1.8 2.0 &#8211; 1992 a 1996<\/p>\n<p>Ford Verona 1.6 1.8 2.0 &#8211; 1990 a 1996<\/p>\n<h4>C\u00f3digo de Refer\u00eancia:<\/h4>\n<p>9232081442<\/p>\n<h4>Condi\u00e7\u00f5es:<\/h4>\n<p>Novo Original \/ Marca Bosch<\/p>\n<h4>Especifica\u00e7\u00f5es:<\/h4>\n<p>1 Tampa do Distribuidor com Pino<\/p>\n<h4>Garantia:<\/h4>\n<p>3 Meses<\/p>\n<h3>APLICA\u00c7\u00c3O:<\/h3>\n<p>Linha Volkswagen \/ Ford<\/p>\n<h3>ATEN\u00c7\u00c3O: Antes de efetuar a compra verifique o c\u00f3digo da pe\u00e7a que est\u00e1 instalada no seu ve\u00edculo.<\/h3>\n<h4>O que \u00e9 e para que serve a Tampa do Distruidor?<\/h4>\n<p>A Tampa do distribuidor \u00e9 uma pe\u00e7a essencial em sistemas de igni\u00e7\u00e3o de ve\u00edculos com motores a combust\u00e3o interna. Sua principal fun\u00e7\u00e3o \u00e9 cobrir e proteger o distribuidor, contra poeira, umidade, detritos e outros elementos que podem interferir no funcionamento adequado do sistema de igni\u00e7\u00e3o.<\/p>\n<p>&nbsp;<\/p>\n<p>A Casa da Inje\u00e7\u00e3o oferece total garantia nos produtos comprados em nosso site.<\/p>\n<ol>\n<li>Cada item \u00e9 rigorosamente testado antes do envio<\/li>\n<li>Se os itens estiverem danificados ou parcialmente defeituosos, entre em contato conosco.<\/li>\n<\/ol>\n<p>Se houver qualquer defeito, n\u00f3s lhe enviaremos uma substitui\u00e7\u00e3o ap\u00f3s receber o pacote ou devolvemos seu dinheiro.<\/p>\n<p>Leia nossa <span style=\"color: #ff0000;\"><a style=\"color: #ff0000;\" href=\"https:\/\/www.casadainjecao.com.br\/loja\/politica-de-devolucao\">pol\u00edtica de devolu\u00e7\u00e3o aqui<\/a><\/span><\/p>\n<p>&#8212;&#8212;&#8212;&#8212;&#8212;&#8212;&#8212;&#8212;&#8212;&#8212;&#8212;&#8212;&#8212;&#8212;&#8212;&#8212;&#8212;&#8212;&#8212;&#8211;<\/p>\n<p><strong>Tem alguma d\u00favida?<\/strong><\/p>\n<p>Entre em contato que podemos ajudar!<\/p>\n<p>Confira as informa\u00e7\u00f5es adicionais abaixo:<\/p>\n<ul>\n<li>Todos os nossos produtos s\u00e3o novos, semi-novos, originais e paralelos possuem garantia.<\/li>\n<li>Todos os produtos anunciados est\u00e3o dispon\u00edveis em estoque e s\u00e3o enviados com extrema rapidez.<\/li>\n<li>O frete pode ser simulado antes de efetuar a compra, basta clicar em \u201cver custos de envio\u201d.<\/li>\n<li>Verifique o endere\u00e7o de entrega cadastrado e atualize caso necess\u00e1rio.<\/li>\n<li>Confirme se a pe\u00e7a \u00e9 correta para o seu modelo de ve\u00edculo.<\/li>\n<li>Para pe\u00e7as automotivas, recomendamos a instala\u00e7\u00e3o por um profissional especializado.<\/li>\n<\/ul>\n<p>Caso possua outras d\u00favidas, entre em contato<\/p>\n","protected":false},"excerpt":{"rendered":"<h2>Tampa Distribuidor c\/ Pino VW Gol Parati Polo &#8211; 9232081442<\/h2>\n","protected":false},"featured_media":29037,"template":"","meta":{"_seopress_robots_primary_cat":"none","_seopress_titles_title":"","_seopress_titles_desc":"","_seopress_robots_index":"","_joinchat":[]},"product_cat":[17,157],"product_tag":[1976,1533,1534,286,1604,59,757,283,285,232,282,75,233,234,159,60,284,235,1086],"berocket_brand":[384,396],"_links":{"self":[{"href":"https:\/\/www.casadainjecao.com.br\/loja\/wp-json\/wp\/v2\/product\/29030"}],"collection":[{"href":"https:\/\/www.casadainjecao.com.br\/loja\/wp-json\/wp\/v2\/product"}],"about":[{"href":"https:\/\/www.casadainjecao.com.br\/loja\/wp-json\/wp\/v2\/types\/product"}],"wp:featuredmedia":[{"embeddable":true,"href":"https:\/\/www.casadainjecao.com.br\/loja\/wp-json\/wp\/v2\/media\/29037"}],"wp:attachment":[{"href":"https:\/\/www.casadainjecao.com.br\/loja\/wp-json\/wp\/v2\/media?parent=29030"}],"wp:term":[{"taxonomy":"product_cat","embeddable":true,"href":"https:\/\/www.casadainjecao.com.br\/loja\/wp-json\/wp\/v2\/product_cat?post=29030"},{"taxonomy":"product_tag","embeddable":true,"href":"https:\/\/www.casadainjecao.com.br\/loja\/wp-json\/wp\/v2\/product_tag?post=29030"},{"taxonomy":"berocket_brand","embeddable":true,"href":"https:\/\/www.casadainjecao.com.br\/loja\/wp-json\/wp\/v2\/berocket_brand?post=29030"}],"curies":[{"name":"wp","href":"https:\/\/api.w.org\/{rel}","templated":true}]}}