{"id":29385,"date":"2024-03-13T14:38:15","date_gmt":"2024-03-13T17:38:15","guid":{"rendered":"https:\/\/www.casadainjecao.com.br\/loja\/?post_type=product&#038;p=29385"},"modified":"2024-05-06T13:35:16","modified_gmt":"2024-05-06T16:35:16","slug":"esguicho-parabrisa-fiat-punto-bravo-ideia-ducato-735277664","status":"publish","type":"product","link":"https:\/\/www.casadainjecao.com.br\/loja\/autopecas\/exterior\/esguicho-parabrisa-fiat-punto-bravo-ideia-ducato-735277664\/","title":{"rendered":"Esguicho Parabrisa Fiat Punto Bravo Ideia Ducato &#8211; 735"},"content":{"rendered":"<h2>Brucutu Esguicho do Parabrisa Novo Original<\/h2>\n<p><strong>FIAT<\/strong><\/p>\n<p>FIAT BRAVA (2000-2003)<\/p>\n<p>FIAT DOBL\u00d2 (2002 &#8211; 2009)<\/p>\n<p>FIAT DUCATO FASE 1 (2006 &#8211; 2017)<\/p>\n<p>FIAT DUCATO FASE 1 PSA (2006 &#8211; 2016)<\/p>\n<p>FIAT IDEA (2006 &#8211; 2010)<\/p>\n<p>FIAT IDEA FASE 1 (2011 &#8211; 2016)<\/p>\n<p>FIAT MAREA (1999 &#8211; 2007)<\/p>\n<p>FIAT MAREA WEEKEND (1999 &#8211; 2007)<\/p>\n<p>FIAT MOBI (2017 EM DIANTE)<\/p>\n<p>FIAT NOVO FIORINO (2011 EM DIANTE)<\/p>\n<p>FIAT NOVO UNO (2011 &#8211; 2014)<\/p>\n<p>FIAT NOVO UNO FASE 1 (2015 &#8211; 2016)<\/p>\n<p>FIAT NOVO UNO FASE 2 (2016 EM DIANTE)<\/p>\n<p>FIAT PALIO FASE 2 (2004 &#8211; 2017)<\/p>\n<p>FIAT PALIO FASE 3 (2008 &#8211; 2012)<\/p>\n<p>FIAT PALIO WEEKEND FASE 2 (2004 &#8211; 2008)<\/p>\n<p>FIAT PALIO WEEKEND FASE 3 (2008 &#8211; 2012)<\/p>\n<p>FIT PALIO WEEKEND FASE 4 (2013 &#8211; 2020)<\/p>\n<p>FIAT PUNTO (2008 &#8211; 2012)<\/p>\n<p>FIAT PUNTO FASE 1 (2013 &#8211; 2017)<\/p>\n<p>FIAT SIENA FASE 2 (2004 &#8211; 2013)<\/p>\n<p>FIAT SIENA FASE 3 (2008 &#8211; 2012)<\/p>\n<p>FIAT SIENA FASE 4 (2013 &#8211; 2017)<\/p>\n<p>FIAT STILO (2003 &#8211; 2007)<\/p>\n<p>FIAT STILO FASE 1 (2008 &#8211; 2011)<\/p>\n<p>FIAT STRADA FASE 2 (2004 &#8211; 2013)<\/p>\n<p>FIAT STRADA FASE 3 (2008 &#8211; 2012)<\/p>\n<p>FIAT STRADA FASE 4 (2013 EM DIANTE)<\/p>\n<h4>C\u00f3digo Refer\u00eancia:<\/h4>\n<p>735277664<\/p>\n<h4>Condi\u00e7\u00f5es:<\/h4>\n<p>Novo\u00a0Original \/ Fiat Mopar<\/p>\n<h4>Garantia:<\/h4>\n<h4>3 Meses<\/h4>\n<h3>ATEN\u00c7\u00c3O: Antes de efetuar a compra verifique o c\u00f3digo da sua pe\u00e7a que est\u00e1 instalada no seu ve\u00edculo.<\/h3>\n<h4>O que \u00e9 e para que serve o Esguicho do Parabrisa?<\/h4>\n<p>O Esguicho do para-brisa, tamb\u00e9m conhecido como lavador de para-brisa, \u00e9 um componente dos sistemas de lavagem de para-brisa em ve\u00edculos automotores. Sua principal fun\u00e7\u00e3o \u00e9 pulverizar \u00e1gua no para-brisa do ve\u00edculo para limp\u00e1-lo e remover sujeira, poeira, insetos ou outros detritos que possam comprometer a visibilidade do motorista.<\/p>\n<p>&nbsp;<\/p>\n<p>A Casa da Inje\u00e7\u00e3o oferece total garantia nos produtos comprados em nosso site.<\/p>\n<ol>\n<li>Cada item \u00e9 rigorosamente testado antes do envio<\/li>\n<li>Se os itens estiverem danificados ou parcialmente defeituosos, entre em contato conosco.<\/li>\n<\/ol>\n<p>Se houver qualquer defeito, n\u00f3s lhe enviaremos uma substitui\u00e7\u00e3o ap\u00f3s receber o pacote ou devolvemos seu dinheiro.<\/p>\n<p>Leia nossa\u00a0<span style=\"color: #ff0000;\"><a style=\"color: #ff0000;\" href=\"https:\/\/www.casadainjecao.com.br\/loja\/politica-de-devolucao\">pol\u00edtica de devolu\u00e7\u00e3o aqui<\/a><\/span><\/p>\n<p>\u2014\u2014\u2014\u2014\u2014\u2014\u2014\u2014\u2014\u2014\u2014\u2014\u2014\u2014\u2014\u2014\u2014\u2014\u2014\u2013<\/p>\n<p><strong>Tem alguma d\u00favida?<\/strong><\/p>\n<p>Entre em contato que podemos ajudar!<\/p>\n<p>Confira as informa\u00e7\u00f5es adicionais abaixo:<\/p>\n<ul>\n<li>Todos os nossos produtos s\u00e3o novos, semi-novos, originais e paralelos possuem garantia.<\/li>\n<li>Todos os produtos anunciados est\u00e3o dispon\u00edveis em estoque e s\u00e3o enviados com extrema rapidez.<\/li>\n<li>O frete pode ser simulado antes de efetuar a compra, basta clicar em \u201cver custos de envio\u201d.<\/li>\n<li>Verifique o endere\u00e7o de entrega cadastrado e atualize caso necess\u00e1rio.<\/li>\n<li>Confirme se a pe\u00e7a \u00e9 correta para o seu modelo de ve\u00edculo.<\/li>\n<li>Para pe\u00e7as automotivas, recomendamos a instala\u00e7\u00e3o por um profissional especializado.<\/li>\n<\/ul>\n<p>Caso possua outras d\u00favidas, entre em contato.<\/p>\n","protected":false},"excerpt":{"rendered":"<h2>Esguicho Parabrisa Fiat Punto Bravo Ideia Ducato &#8211; 735277664<\/h2>\n","protected":false},"featured_media":29419,"template":"","meta":{"_seopress_robots_primary_cat":"none","_seopress_titles_title":"","_seopress_titles_desc":"","_seopress_robots_index":"","_joinchat":[]},"product_cat":[83,23],"product_tag":[1470,247,709,1469,298,1871,1600,119,1892,108,120,1613,121],"berocket_brand":[383],"_links":{"self":[{"href":"https:\/\/www.casadainjecao.com.br\/loja\/wp-json\/wp\/v2\/product\/29385"}],"collection":[{"href":"https:\/\/www.casadainjecao.com.br\/loja\/wp-json\/wp\/v2\/product"}],"about":[{"href":"https:\/\/www.casadainjecao.com.br\/loja\/wp-json\/wp\/v2\/types\/product"}],"wp:featuredmedia":[{"embeddable":true,"href":"https:\/\/www.casadainjecao.com.br\/loja\/wp-json\/wp\/v2\/media\/29419"}],"wp:attachment":[{"href":"https:\/\/www.casadainjecao.com.br\/loja\/wp-json\/wp\/v2\/media?parent=29385"}],"wp:term":[{"taxonomy":"product_cat","embeddable":true,"href":"https:\/\/www.casadainjecao.com.br\/loja\/wp-json\/wp\/v2\/product_cat?post=29385"},{"taxonomy":"product_tag","embeddable":true,"href":"https:\/\/www.casadainjecao.com.br\/loja\/wp-json\/wp\/v2\/product_tag?post=29385"},{"taxonomy":"berocket_brand","embeddable":true,"href":"https:\/\/www.casadainjecao.com.br\/loja\/wp-json\/wp\/v2\/berocket_brand?post=29385"}],"curies":[{"name":"wp","href":"https:\/\/api.w.org\/{rel}","templated":true}]}}