{"id":29528,"date":"2024-03-18T16:38:07","date_gmt":"2024-03-18T19:38:07","guid":{"rendered":"https:\/\/www.casadainjecao.com.br\/loja\/?post_type=product&#038;p=29528"},"modified":"2026-04-27T23:22:02","modified_gmt":"2026-04-28T02:22:02","slug":"protecao-da-correia-do-alternador-original-fiat-palio-siena-51989435","status":"publish","type":"product","link":"https:\/\/www.casadainjecao.com.br\/loja\/autopecas\/motor\/correias\/protecao-da-correia-do-alternador-original-fiat-palio-siena-51989435\/","title":{"rendered":"Protetor Correia Alternador Original Fiat Palio &#8211; 5198"},"content":{"rendered":"<h2>Prote\u00e7\u00e3o Da Correia Do Alternador Original<\/h2>\n<p><strong>FIAT<\/strong><\/p>\n<p>FIAT GRAND SIENA ATTRACTIVE 1.4 FIRE 8V FLEX (2013 &#8211; 2019)<\/p>\n<p>FIAT IDEA ELX 1.4 MPI FIRE 8V FLEX (2006 &#8211; 2010)<\/p>\n<p>FIAT IDEA ATTRACTIVE 1.4 MPI FIRE 8V FLEX (2011 &#8211; 2016)<\/p>\n<p>FIAT MOBI 1.0 (SOMENTE MODELOS DE 4 CILINDROS)<\/p>\n<p>FIAT PALIO EX ELX 1.0 \/ 1.3 \/ 1.4 MPI FIRE 8V (2001 &#8211; 2008)<\/p>\n<p>FIAT PALIO FIRE ECONOMY 1.0 MPI FIRE 8V (2010 &#8211; 2013)<\/p>\n<p>FIAT NOVO FIORINO \/ UNO FURGONETA (2011 &#8211; EM DIANTE)<\/p>\n<p>FIAT PALIO ATTRACTIVE 1.0 FIRE EVO 8V FLEX (2012 &#8211; 2018)<\/p>\n<p>FIAT PALIO ATTRACTIVE 1.4 FIRE EVO 8V FLEX (2012 &#8211; 2018)<\/p>\n<p>FIAT UNO VIVACE \/ WAY \/ 1.0 EVO FLEX FIRE (2012 &#8211; 2018)<\/p>\n<p>FIAT UNO SPORTING \/ ECONOMY \/ ATTRACTIVE 1.4 (2011 &#8211; 2016)<\/p>\n<p>FIAT STRADA FIRE TREKKING 1.4 MPI FIRE 8V FLEX (2006 &#8211; 2012)<\/p>\n<p>FIAT STRADA FIRE 1.3 MPI FIRE 8V (2003 &#8211; 2005)<\/p>\n<p>FIAT STRADA WORKING 1.4 MPI 8V FLEX (2010 &#8211; 2017)<\/p>\n<p>FIAT SIENA EX \/ ELX 1.0 \/ 1.3 \/ 1.4 MPI FIRE 8V (2002 &#8211; 2008)<\/p>\n<p>FIAT SIENA EL ATTRACTIVE 1.0 \/ 1.4 MPI FIRE 8V FLEX (2010 &#8211; 2017)<\/p>\n<h4>C\u00d3DIGO DE REFER\u00caNCIA:<\/h4>\n<p>519894351<\/p>\n<h4>Condi\u00e7\u00f5es:<\/h4>\n<p>NOVO ORIGINAL \/ MARCA FIAT MOPAR<\/p>\n<p><strong>Garantia:<\/strong><\/p>\n<p>3 Meses<\/p>\n<h3><strong>ATEN\u00c7\u00c3O: Antes de efetuar a compra verifique o c\u00f3digo da sua pe\u00e7a que est\u00e1 instalada no seu ve\u00edculo.<\/strong><\/h3>\n<h4>O que \u00e9 e para que serve a Prote\u00e7\u00e3o Da Correia Do Alternador ?<\/h4>\n<p>A Prote\u00e7\u00e3o da Correia do alternador, muitas vezes conhecida como capa ou cobertura da correia, \u00e9 um componente que envolve a correia do alternador em um ve\u00edculo automotor. Sua fun\u00e7\u00e3o principal \u00e9 proteger a correia do alternador de danos externos e do contato com outros componentes do motor ou do compartimento do motor.<\/p>\n<p>&nbsp;<\/p>\n<p>A Casa da Inje\u00e7\u00e3o oferece total garantia nos produtos comprados em nosso site.<\/p>\n<ol>\n<li>Cada item \u00e9 rigorosamente testado antes do envio<\/li>\n<li>Se os itens estiverem danificados ou parcialmente defeituosos, entre em contato conosco.<\/li>\n<\/ol>\n<p>Se houver qualquer defeito, n\u00f3s lhe enviaremos uma substitui\u00e7\u00e3o ap\u00f3s receber o pacote ou devolvemos seu dinheiro.<\/p>\n<p>Leia nossa<span style=\"color: #ff0000;\">\u00a0<a style=\"color: #ff0000;\" href=\"https:\/\/www.casadainjecao.com.br\/loja\/politica-de-devolucao\">pol\u00edtica de devolu\u00e7\u00e3o aqui<\/a><\/span><\/p>\n<p>\u2014\u2014\u2014\u2014\u2014\u2014\u2014\u2014\u2014\u2014\u2014\u2014\u2014\u2014\u2014\u2014\u2014\u2014\u2014\u2013<\/p>\n<p><strong>Tem alguma d\u00favida?<\/strong><\/p>\n<p>Entre em contato que podemos ajudar!<\/p>\n<p>Confira as informa\u00e7\u00f5es adicionais abaixo:<\/p>\n<ul>\n<li>Todos os nossos produtos s\u00e3o novos, semi-novos, originais e paralelos possuem garantia.<\/li>\n<li>Todos os produtos anunciados est\u00e3o dispon\u00edveis em estoque e s\u00e3o enviados com extrema rapidez.<\/li>\n<li>O frete pode ser simulado antes de efetuar a compra, basta clicar em \u201cver custos de envio\u201d.<\/li>\n<li>Verifique o endere\u00e7o de entrega cadastrado e atualize caso necess\u00e1rio.<\/li>\n<li>Confirme se a pe\u00e7a \u00e9 correta para o seu modelo de ve\u00edculo.<\/li>\n<li>Para pe\u00e7as automotivas, recomendamos a instala\u00e7\u00e3o por um profissional especializado.<\/li>\n<\/ul>\n<p>Caso possua outras d\u00favidas, entre em contato.<\/p>\n","protected":false},"excerpt":{"rendered":"<h2>Prote\u00e7\u00e3o Da Correia Do Alternador Original<\/h2>\n<h2>Fiat Palio Siena &#8211; 51989435<\/h2>\n","protected":false},"featured_media":29538,"template":"","meta":{"_seopress_robots_primary_cat":"none","_seopress_titles_title":"","_seopress_titles_desc":"","_seopress_robots_index":"","_joinchat":[]},"product_cat":[213,22],"product_tag":[1713,709,298,1871,119,120,121,214],"berocket_brand":[383],"_links":{"self":[{"href":"https:\/\/www.casadainjecao.com.br\/loja\/wp-json\/wp\/v2\/product\/29528"}],"collection":[{"href":"https:\/\/www.casadainjecao.com.br\/loja\/wp-json\/wp\/v2\/product"}],"about":[{"href":"https:\/\/www.casadainjecao.com.br\/loja\/wp-json\/wp\/v2\/types\/product"}],"wp:featuredmedia":[{"embeddable":true,"href":"https:\/\/www.casadainjecao.com.br\/loja\/wp-json\/wp\/v2\/media\/29538"}],"wp:attachment":[{"href":"https:\/\/www.casadainjecao.com.br\/loja\/wp-json\/wp\/v2\/media?parent=29528"}],"wp:term":[{"taxonomy":"product_cat","embeddable":true,"href":"https:\/\/www.casadainjecao.com.br\/loja\/wp-json\/wp\/v2\/product_cat?post=29528"},{"taxonomy":"product_tag","embeddable":true,"href":"https:\/\/www.casadainjecao.com.br\/loja\/wp-json\/wp\/v2\/product_tag?post=29528"},{"taxonomy":"berocket_brand","embeddable":true,"href":"https:\/\/www.casadainjecao.com.br\/loja\/wp-json\/wp\/v2\/berocket_brand?post=29528"}],"curies":[{"name":"wp","href":"https:\/\/api.w.org\/{rel}","templated":true}]}}