{"id":29683,"date":"2024-03-21T14:42:19","date_gmt":"2024-03-21T17:42:19","guid":{"rendered":"https:\/\/www.casadainjecao.com.br\/loja\/autopecas\/sem%20categoria\/tensor-correia-dentada-alfa-romeo-145-1-8-16v-atb2215\/"},"modified":"2024-12-04T15:33:28","modified_gmt":"2024-12-04T18:33:28","slug":"tensor-correia-dentada-alfa-romeo-145-1-8-16v-atb2215","status":"publish","type":"product","link":"https:\/\/www.casadainjecao.com.br\/loja\/autopecas\/motor\/tensor-correia-dentada\/tensor-correia-dentada-alfa-romeo-145-1-8-16v-atb2215\/","title":{"rendered":"Tensor Correia Dentada Alfa Romeo 145 1.8 16v &#8211; Atb221"},"content":{"rendered":"<h2>Tensor Correia Dentada Dayco Original<\/h2>\n<p><strong>ALFA ROMEO<\/strong><\/p>\n<p>Alfa Romeo 145 Twin Spark 1.8 16V Gasolina (1998-2001) &#8211; Motor: 322.01<\/p>\n<p>Alfa Romeo 145 Twin Spark\u00a02.0 16V Gasolina\u00a0(1998-2001) &#8211; Motor: 323.01<\/p>\n<p>Alfa Romeo 146 Twin Spark\u00a01.8 16V Gasolina\u00a0(1998-2001) &#8211; Motor: 322.01<\/p>\n<p>Alfa Romeo 146 Twin Spark\u00a02.0 16V Gasolina\u00a0(1998-2000) &#8211; Motor: 323.01<\/p>\n<p>Alfa Romeo 156 Twin Spark 1.8 16V Gasolina\u00a0(1997-2000) &#8211; Motor: 322.01<\/p>\n<p>Alfa Romeo 156 Twin Spark\u00a02.0 16V Gasolina\u00a0(1997-2000) &#8211; Motor: 323.01<\/p>\n<p>Alfa Romeo 156 Twin Spark\u00a02.0 16V Gasolina\u00a0(1997-2000) &#8211; Motor: 323.03<\/p>\n<p>Alfa Romeo 166 Twin Spark\u00a02.0 16V Gasolina\u00a0\u00a0(1998-2000) &#8211; Motor: 341.03<\/p>\n<p>Alfa Romeo GTV Twin Spark\u00a01.8 16V Gasolina\u00a0(1998-2000) &#8211; Motor: 322.01<\/p>\n<p>Alfa Romeo GTV Twin Spark\u00a02.0 16V Gasolina\u00a0(1998-2000) &#8211; Motor: 323.01<\/p>\n<p>Alfa Romeo Spider Twin Spark\u00a01.8 16V Gasolina\u00a0(1998-2000) &#8211; Motor: 322.01<\/p>\n<p>Alfa Romeo Spider Twin Spark\u00a02.0 16V Gasolina\u00a0(1998-2000) &#8211; Motor: 323.01<\/p>\n<h4>C\u00f3digo da Pe\u00e7a:<\/h4>\n<p>Atb2215, DYT236, 6006LH &#8211; NTN<\/p>\n<p><strong>Condi\u00e7\u00f5es:<\/strong><\/p>\n<p>Produto Original \/ Marca Dayco<\/p>\n<h4>Dimens\u00f5es:<\/h4>\n<p>Di\u00e2metro &#8211; 6,0 cm; Altura &#8211; 3,0 cm; Di\u00e2metro Furo &#8211; 1,0 cm<\/p>\n<p><strong>Garantia:<\/strong><\/p>\n<p>3 Meses<\/p>\n<p><strong>ATEN\u00c7\u00c3O: Antes de efetuar a compra verifique o c\u00f3digo da sua pe\u00e7a que est\u00e1 instalada no seu ve\u00edculo.<\/strong><\/p>\n<p><strong>O que \u00e9 e para que serve o tensor da correia?<\/strong><\/p>\n<p><span style=\"color: #0d0d0d; font-family: S\u00f6hne, ui-sans-serif, system-ui, -apple-system, 'Segoe UI', Roboto, Ubuntu, Cantarell, 'Noto Sans', sans-serif, 'Helvetica Neue', Arial, 'Apple Color Emoji', 'Segoe UI Emoji', 'Segoe UI Symbol', 'Noto Color Emoji'; font-size: 16px;\">O tensor da correia \u00e9 um componente encontrado em sistemas de correias de transmiss\u00e3o, especialmente em motores de ve\u00edculos automotivos. Ele \u00e9 projetado para manter a tens\u00e3o adequada na correia, garantindo assim a efici\u00eancia e o bom funcionamento do sistema.<\/span><\/p>\n<p>&nbsp;<\/p>\n<p>A Casa da Inje\u00e7\u00e3o oferece total garantia nos produtos comprados em nosso site.<\/p>\n<ol>\n<li>Cada item \u00e9 rigorosamente testado antes do envio<\/li>\n<li>Se os itens estiverem danificados ou parcialmente defeituosos, entre em contato conosco.<\/li>\n<\/ol>\n<p>Se houver qualquer defeito, n\u00f3s lhe enviaremos uma substitui\u00e7\u00e3o ap\u00f3s receber o pacote ou devolvemos seu dinheiro.<\/p>\n<p>Leia nossa<span style=\"color: #ff0000;\">\u00a0<a style=\"color: #ff0000;\" href=\"https:\/\/www.casadainjecao.com.br\/loja\/politica-de-devolucao\">pol\u00edtica de devolu\u00e7\u00e3o aqui<\/a><\/span><\/p>\n<p>\u2014\u2014\u2014\u2014\u2014\u2014\u2014\u2014\u2014\u2014\u2014\u2014\u2014\u2014\u2014\u2014\u2014\u2014\u2014\u2013<\/p>\n<p><strong>Tem alguma d\u00favida?<\/strong><\/p>\n<p>Entre em contato que podemos ajudar!<\/p>\n<p>Confira as informa\u00e7\u00f5es adicionais abaixo:<\/p>\n<ul>\n<li>Todos os nossos produtos s\u00e3o novos, semi-novos, originais e paralelos possuem garantia.<\/li>\n<li>Todos os produtos anunciados est\u00e3o dispon\u00edveis em estoque e s\u00e3o enviados com extrema rapidez.<\/li>\n<li>O frete pode ser simulado antes de efetuar a compra, basta clicar em \u201cver custos de envio\u201d.<\/li>\n<li>Verifique o endere\u00e7o de entrega cadastrado e atualize caso necess\u00e1rio.<\/li>\n<li>Confirme se a pe\u00e7a \u00e9 correta para o seu modelo de ve\u00edculo.<\/li>\n<li>Para pe\u00e7as automotivas, recomendamos a instala\u00e7\u00e3o por um profissional especializado.<\/li>\n<\/ul>\n<p>Caso possua outras d\u00favidas, entre em contato.<\/p>\n","protected":false},"excerpt":{"rendered":"<h2>Tensor Correia Dentada Alfa Romeo 145, 146, 156, 166, GTV, Spider Original &#8211; ATB2215, DYT236<\/h2>\n","protected":false},"featured_media":29678,"template":"","meta":{"_seopress_robots_primary_cat":"none","_seopress_titles_title":"","_seopress_titles_desc":"","_seopress_robots_index":"","_seopress_analysis_target_kw":"","_kad_blocks_custom_css":"","_kad_blocks_head_custom_js":"","_kad_blocks_body_custom_js":"","_kad_blocks_footer_custom_js":"","_kadence_starter_templates_imported_post":false,"_joinchat":[]},"product_brand":[],"product_cat":[22,1523],"product_tag":[2021,2022,2023,2024,2025,2026],"berocket_brand":[383],"class_list":{"0":"post-29683","1":"product","2":"type-product","3":"status-publish","4":"has-post-thumbnail","6":"product_cat-motor","7":"product_cat-tensor-correia-dentada","8":"product_tag-2021","9":"product_tag-2022","10":"product_tag-2023","11":"product_tag-2024","12":"product_tag-gtv","13":"product_tag-spider","14":"berocket_brand-fiat","15":"thunk-woo-product-list","16":"big-store-woo-hover-zoom","17":"open-single-product-tab-horizontal","18":"open-shadow-","19":"open-shadow-hover-","21":"first","22":"instock","23":"taxable","24":"shipping-taxable","25":"purchasable","26":"product-type-simple"},"taxonomy_info":{"product_cat":[{"value":22,"label":"Motor"},{"value":1523,"label":"Tensor Correia"}],"product_tag":[{"value":2021,"label":"145"},{"value":2022,"label":"146"},{"value":2023,"label":"156"},{"value":2024,"label":"166"},{"value":2025,"label":"GTV"},{"value":2026,"label":"Spider"}],"berocket_brand":[{"value":383,"label":"Fiat"}]},"featured_image_src_large":["https:\/\/www.casadainjecao.com.br\/loja\/wp-content\/uploads\/2024\/03\/15259268225_Atb2215-920x920.jpg",640,640,true],"author_info":[],"comment_info":"","_links":{"self":[{"href":"https:\/\/www.casadainjecao.com.br\/loja\/wp-json\/wp\/v2\/product\/29683","targetHints":{"allow":["GET"]}}],"collection":[{"href":"https:\/\/www.casadainjecao.com.br\/loja\/wp-json\/wp\/v2\/product"}],"about":[{"href":"https:\/\/www.casadainjecao.com.br\/loja\/wp-json\/wp\/v2\/types\/product"}],"wp:featuredmedia":[{"embeddable":true,"href":"https:\/\/www.casadainjecao.com.br\/loja\/wp-json\/wp\/v2\/media\/29678"}],"wp:attachment":[{"href":"https:\/\/www.casadainjecao.com.br\/loja\/wp-json\/wp\/v2\/media?parent=29683"}],"wp:term":[{"taxonomy":"product_brand","embeddable":true,"href":"https:\/\/www.casadainjecao.com.br\/loja\/wp-json\/wp\/v2\/product_brand?post=29683"},{"taxonomy":"product_cat","embeddable":true,"href":"https:\/\/www.casadainjecao.com.br\/loja\/wp-json\/wp\/v2\/product_cat?post=29683"},{"taxonomy":"product_tag","embeddable":true,"href":"https:\/\/www.casadainjecao.com.br\/loja\/wp-json\/wp\/v2\/product_tag?post=29683"},{"taxonomy":"berocket_brand","embeddable":true,"href":"https:\/\/www.casadainjecao.com.br\/loja\/wp-json\/wp\/v2\/berocket_brand?post=29683"}],"curies":[{"name":"wp","href":"https:\/\/api.w.org\/{rel}","templated":true}]}}