{"id":29725,"date":"2024-03-22T15:05:53","date_gmt":"2024-03-22T18:05:53","guid":{"rendered":"https:\/\/www.casadainjecao.com.br\/loja\/autopecas\/sem%20categoria\/polia-do-alternador-gm-astra-1-8-2-0-8v-16v-1171-cp\/"},"modified":"2024-12-04T16:19:19","modified_gmt":"2024-12-04T19:19:19","slug":"polia-do-alternador-gm-astra-1-8-2-0-8v-16v-1171-cp","status":"publish","type":"product","link":"https:\/\/www.casadainjecao.com.br\/loja\/autopecas\/motor\/polias\/polia-do-alternador-gm-astra-1-8-2-0-8v-16v-1171-cp\/","title":{"rendered":"Polia do Alternador Gm Astra 1.8 2.0 8V 16V &#8211; 1171 cp"},"content":{"rendered":"<h2>Polia do Alternador Nytron Original<\/h2>\n<p><strong>CHEVROLET<\/strong><\/p>\n<p>Chevrolet Astra 1.8\u00a0 8V 16V (2000 &#8211; 2003) c\/ dire\u00e7\u00e3o HIDR<\/p>\n<p>Chevrolet Astra 2.0 8V 16V (2000 &#8211; 2003) c\/ dire\u00e7\u00e3o HIDR<\/p>\n<p>Chevrolet\u00a0 Zafira\u00a02.0 16V (2001 &#8211; 2003)<\/p>\n<p>Chevrolet\u00a0\u00a0Zafira 2.0 8V (2001 &#8211; 2003)<\/p>\n<h4>C\u00f3digo da Pe\u00e7a:<\/h4>\n<p>1171CP, 6203LH &#8211; NTN<\/p>\n<p><strong>Condi\u00e7\u00f5es:<\/strong><\/p>\n<p>Produto Original \/ Marca Nytron<\/p>\n<h4>Dimens\u00f5es:<\/h4>\n<p>Di\u00e2metro &#8211; 6,5 cm; Altura &#8211; 2,5 cm; Di\u00e2metro furo &#8211; 1,0 cm<\/p>\n<p><strong>Garantia:<\/strong><\/p>\n<p>3 Meses<\/p>\n<h3><strong>ATEN\u00c7\u00c3O: Antes de efetuar a compra verifique o c\u00f3digo da sua pe\u00e7a que est\u00e1 instalada no seu ve\u00edculo.<\/strong><\/h3>\n<p><strong>O que \u00e9 e para que serve a polia do alternador?<\/strong><\/p>\n<p><span style=\"color: #0d0d0d; font-family: S\u00f6hne, ui-sans-serif, system-ui, -apple-system, Segoe UI, Roboto, Ubuntu, Cantarell, Noto Sans, sans-serif, Helvetica Neue, Arial, Apple Color Emoji, Segoe UI Emoji, Segoe UI Symbol, Noto Color Emoji;\"><span style=\"font-size: 16px;\">A polia do alternador \u00e9 uma parte fundamental do sistema de carga do ve\u00edculo. Ela est\u00e1 conectada ao eixo do alternador, que \u00e9 respons\u00e1vel por gerar eletricidade para recarregar a bateria do carro e alimentar os sistemas el\u00e9tricos enquanto o motor est\u00e1 funcionando.<\/span><\/span><\/p>\n<p>&nbsp;<\/p>\n<p>A Casa da Inje\u00e7\u00e3o oferece total garantia nos produtos comprados em nosso site.<\/p>\n<ol>\n<li>Cada item \u00e9 rigorosamente testado antes do envio<\/li>\n<li>Se os itens estiverem danificados ou parcialmente defeituosos, entre em contato conosco.<\/li>\n<\/ol>\n<p>Se houver qualquer defeito, n\u00f3s lhe enviaremos uma substitui\u00e7\u00e3o ap\u00f3s receber o pacote ou devolvemos seu dinheiro.<\/p>\n<p>Leia nossa<span style=\"color: #ff0000;\">\u00a0<a style=\"color: #ff0000;\" href=\"https:\/\/www.casadainjecao.com.br\/loja\/politica-de-devolucao\">pol\u00edtica de devolu\u00e7\u00e3o aqui<\/a><\/span><\/p>\n<p>\u2014\u2014\u2014\u2014\u2014\u2014\u2014\u2014\u2014\u2014\u2014\u2014\u2014\u2014\u2014\u2014\u2014\u2014\u2014\u2013<\/p>\n<p><strong>Tem alguma d\u00favida?<\/strong><\/p>\n<p>Entre em contato que podemos ajudar!<\/p>\n<p>Confira as informa\u00e7\u00f5es adicionais abaixo:<\/p>\n<ul>\n<li>Todos os nossos produtos s\u00e3o novos, semi-novos, originais e paralelos possuem garantia.<\/li>\n<li>Todos os produtos anunciados est\u00e3o dispon\u00edveis em estoque e s\u00e3o enviados com extrema rapidez.<\/li>\n<li>O frete pode ser simulado antes de efetuar a compra, basta clicar em \u201cver custos de envio\u201d.<\/li>\n<li>Verifique o endere\u00e7o de entrega cadastrado e atualize caso necess\u00e1rio.<\/li>\n<li>Confirme se a pe\u00e7a \u00e9 correta para o seu modelo de ve\u00edculo.<\/li>\n<li>Para pe\u00e7as automotivas, recomendamos a instala\u00e7\u00e3o por um profissional especializado.<\/li>\n<\/ul>\n<p>Caso possua outras d\u00favidas, entre em contato.<\/p>\n","protected":false},"excerpt":{"rendered":"<h2>Polia do Alternador Gm Astra 1.8 2.0 Zafira 2.0 8V 16V Original &#8211; 1171CP, 6203LH &#8211; NTN<\/h2>\n","protected":false},"featured_media":29720,"template":"","meta":{"_seopress_robots_primary_cat":"none","_seopress_titles_title":"","_seopress_titles_desc":"","_seopress_robots_index":"","_joinchat":[]},"product_cat":[22,231],"product_tag":[116,1408],"berocket_brand":[381],"_links":{"self":[{"href":"https:\/\/www.casadainjecao.com.br\/loja\/wp-json\/wp\/v2\/product\/29725"}],"collection":[{"href":"https:\/\/www.casadainjecao.com.br\/loja\/wp-json\/wp\/v2\/product"}],"about":[{"href":"https:\/\/www.casadainjecao.com.br\/loja\/wp-json\/wp\/v2\/types\/product"}],"wp:featuredmedia":[{"embeddable":true,"href":"https:\/\/www.casadainjecao.com.br\/loja\/wp-json\/wp\/v2\/media\/29720"}],"wp:attachment":[{"href":"https:\/\/www.casadainjecao.com.br\/loja\/wp-json\/wp\/v2\/media?parent=29725"}],"wp:term":[{"taxonomy":"product_cat","embeddable":true,"href":"https:\/\/www.casadainjecao.com.br\/loja\/wp-json\/wp\/v2\/product_cat?post=29725"},{"taxonomy":"product_tag","embeddable":true,"href":"https:\/\/www.casadainjecao.com.br\/loja\/wp-json\/wp\/v2\/product_tag?post=29725"},{"taxonomy":"berocket_brand","embeddable":true,"href":"https:\/\/www.casadainjecao.com.br\/loja\/wp-json\/wp\/v2\/berocket_brand?post=29725"}],"curies":[{"name":"wp","href":"https:\/\/api.w.org\/{rel}","templated":true}]}}