{"id":29746,"date":"2024-03-25T14:53:53","date_gmt":"2024-03-25T17:53:53","guid":{"rendered":"https:\/\/www.casadainjecao.com.br\/loja\/?post_type=product&#038;p=29746"},"modified":"2026-04-20T10:20:16","modified_gmt":"2026-04-20T13:20:16","slug":"sensor-filtro-combustivel-s10-2-8-mwm-turbo-905695090018","status":"publish","type":"product","link":"https:\/\/www.casadainjecao.com.br\/loja\/autopecas\/injecao-eletronica\/filtro-de-combustivel\/sensor-filtro-combustivel-s10-2-8-mwm-turbo-905695090018\/","title":{"rendered":"Sensor Filtro Combustivel S10 2.8 Mwm Turbo &#8211; 90569509"},"content":{"rendered":"<h1>Sensor do Filtro de Combust\u00edvel<\/h1>\n<h3>CHEVROLET<\/h3>\n<h3>CHEVROLET S10 2.8 MWM TURBO (ELETR\u00d4NICO) &#8211; 2005 em diante<\/h3>\n<h3>CHEVROLET BLAZER 2.8 12V MWM SPRINT 4.07TCE TDI &#8211; 2005 a 2012<\/h3>\n<h3>SSANGYONG<\/h3>\n<h3>SSANGYONG KYRON 2.0 16V &#8211; 141 cv &#8211; 2007 a 2008<\/h3>\n<h3>SSANGYONG KYRON 2.0 16V &#8211; 141 cv &#8211; 2008 em diante<\/h3>\n<h3>SSANGYONG KYRON 2.7 20V &#8211; 165 cv TURBO DIESEL &#8211; 2007 a 2008<\/h3>\n<h3>SSANGYONG KORANDO 2.2 AWD &#8211; 178 cv DLX &#8211; 2017 em diante<\/h3>\n<h3>SSANGYONG KORANDO 2.0 16v Executive\/GL\/GLS DIESEL &#8211; 2011 a 2012<\/h3>\n<h3>SSANGYONG REXTON II 2.7 20V &#8211; 165 cv Executivo\/XDI\/XVT DIESEL &#8211; 2006 a 2008<\/h3>\n<h3>SSANGYONG REXTON 2.7 RX TURBO DIESEL &#8211; 2005 em diante<\/h3>\n<h3>SSANGYONG ACTYON 2.0 16V &#8211; 141 cv TURBO DIESEL Sports\/GL\/GLX Autom\u00e1tico D20 DT &#8211; 2008 a 2011<\/h3>\n<h3>SSANGYONG ACTYON 2.0 16V TURBO DIESEL Sports\/GL\/GLX &#8211; 2007 a 2008<\/h3>\n<h3>NISSAN<\/h3>\n<h3>NISSAN FRONTIER 2.8 DIESEL MWM SPRINT 4.0 T &#8211; 2002 a 2006<\/h3>\n<h3>C\u00f3digo de Refer\u00eancia:<\/h3>\n<h3>905695090018<\/h3>\n<h5>Especifica\u00e7\u00f5es:<\/h5>\n<h5>Sensor do Filtro de Combust\u00edvel (Rosca Fina 6,15mm)\u00a077 Altura: 55mm Di\u00e2metro Externo: 40mm<\/h5>\n<h5>Condi\u00e7\u00f5es:<\/h5>\n<h5>Produto Novo Importado \/ Marca Torken<\/h5>\n<h5>Garantia:<\/h5>\n<h5>3 Meses<\/h5>\n<h5>ATEN\u00c7\u00c3O: Antes de efetuar a compra verifique o c\u00f3digo da sua pe\u00e7a que est\u00e1 instalado no seu ve\u00edculo.<\/h5>\n<h5>A Casa da Inje\u00e7\u00e3o oferece total garantia nos produtos comprados em nosso site.<\/h5>\n<ol>\n<li>\n<h5>Cada item \u00e9 rigorosamente testado antes do envio<\/h5>\n<\/li>\n<li>\n<h5>Se os itens estiverem danificados ou parcialmente defeituosos, entre em contato conosco.<\/h5>\n<\/li>\n<\/ol>\n<h5>Se houver qualquer defeito, n\u00f3s lhe enviaremos uma substitui\u00e7\u00e3o ap\u00f3s receber o pacote ou devolvemos seu dinheiro.<\/h5>\n<h5>Leia nossa\u00a0<span style=\"color: #ff0000;\"><a style=\"color: #ff0000;\" href=\"https:\/\/www.casadainjecao.com.br\/loja\/politica-de-devolucao\">pol\u00edtica de devolu\u00e7\u00e3o aqui<\/a><\/span><\/h5>\n<h5>\u2014\u2014\u2014\u2014\u2014\u2014\u2014\u2014\u2014\u2014\u2014\u2014\u2014\u2014\u2014\u2014\u2014\u2014\u2014\u2013<\/h5>\n<h5><strong>Tem alguma d\u00favida?<\/strong><\/h5>\n<h5>Entre em contato que podemos ajudar!<\/h5>\n<h5>Confira as informa\u00e7\u00f5es adicionais abaixo:<\/h5>\n<ul>\n<li>\n<h5>Todos os nossos produtos s\u00e3o novos, semi-novos, originais e paralelos possuem garantia.<\/h5>\n<\/li>\n<li>\n<h5>Todos os produtos anunciados est\u00e3o dispon\u00edveis em estoque e s\u00e3o enviados com extrema rapidez.<\/h5>\n<\/li>\n<li>\n<h5>O frete pode ser simulado antes de efetuar a compra, basta clicar em \u201cver custos de envio\u201d.<\/h5>\n<\/li>\n<li>\n<h5>Verifique o endere\u00e7o de entrega cadastrado e atualize caso necess\u00e1rio.<\/h5>\n<\/li>\n<li>\n<h5>Confirme se a pe\u00e7a \u00e9 correta para o seu modelo de ve\u00edculo.<\/h5>\n<\/li>\n<li>\n<h5>Para pe\u00e7as automotivas, recomendamos a instala\u00e7\u00e3o por um profissional especializado.<\/h5>\n<\/li>\n<\/ul>\n<h5>Caso possua outras d\u00favidas, entre em contato.<\/h5>\n","protected":false},"excerpt":{"rendered":"<h2>Sensor Filtro Combustivel S10 2.8 Mwm Turbo &#8211; 905695090018<\/h2>\n","protected":false},"featured_media":44554,"template":"","meta":{"_seopress_robots_primary_cat":"none","_seopress_titles_title":"","_seopress_titles_desc":"","_seopress_robots_index":"","_joinchat":[]},"product_cat":[260,21],"product_tag":[1421,1554,1391,2039,2037,2036,2038],"berocket_brand":[381,392],"_links":{"self":[{"href":"https:\/\/www.casadainjecao.com.br\/loja\/wp-json\/wp\/v2\/product\/29746"}],"collection":[{"href":"https:\/\/www.casadainjecao.com.br\/loja\/wp-json\/wp\/v2\/product"}],"about":[{"href":"https:\/\/www.casadainjecao.com.br\/loja\/wp-json\/wp\/v2\/types\/product"}],"wp:featuredmedia":[{"embeddable":true,"href":"https:\/\/www.casadainjecao.com.br\/loja\/wp-json\/wp\/v2\/media\/44554"}],"wp:attachment":[{"href":"https:\/\/www.casadainjecao.com.br\/loja\/wp-json\/wp\/v2\/media?parent=29746"}],"wp:term":[{"taxonomy":"product_cat","embeddable":true,"href":"https:\/\/www.casadainjecao.com.br\/loja\/wp-json\/wp\/v2\/product_cat?post=29746"},{"taxonomy":"product_tag","embeddable":true,"href":"https:\/\/www.casadainjecao.com.br\/loja\/wp-json\/wp\/v2\/product_tag?post=29746"},{"taxonomy":"berocket_brand","embeddable":true,"href":"https:\/\/www.casadainjecao.com.br\/loja\/wp-json\/wp\/v2\/berocket_brand?post=29746"}],"curies":[{"name":"wp","href":"https:\/\/api.w.org\/{rel}","templated":true}]}}