{"id":29856,"date":"2024-03-26T16:22:42","date_gmt":"2024-03-26T19:22:42","guid":{"rendered":"https:\/\/www.casadainjecao.com.br\/loja\/?post_type=product&#038;p=29856"},"modified":"2026-05-06T12:28:39","modified_gmt":"2026-05-06T15:28:39","slug":"retentor-comando-valvulas-citroen-peugeot-36-x-50-x-7mm-023644","status":"publish","type":"product","link":"https:\/\/www.casadainjecao.com.br\/loja\/autopecas\/motor\/retentor\/retentor-comando-valvulas-citroen-peugeot-36-x-50-x-7mm-023644\/","title":{"rendered":"Retentor Comando V\u00e1lvulas Citroen Peugeot 36 X 50 X 7mm &#8"},"content":{"rendered":"<h2>Retentor do Comando de V\u00e1lvulas<\/h2>\n<p><strong>PEUGEOT <\/strong><\/p>\n<p>Peugeot 106 1.0 8v Tu9m \/ 205 1.4 8v Tu3m<\/p>\n<p>Peugeot 206 1.6 8v Tu5jp \/ 1.4 8v Tu3jp \/ 207 1.4 8v Tu3jp<\/p>\n<p>Peugeot 306 1.6 8v Tu5jp \/ 1.8 8v Xu7jp \/ 1.8 16v Xu7jp4 \/ 2.0 8v Xu10j2 \/ 2.0 16v Xu10j4\/J4r<\/p>\n<p>Peugeot 307 2.0 16v Ew10j4 Comando Esc E Adm \/ 2.0 16v Ew10a Comando Esc<\/p>\n<p>Peugeot 405 1.6 8v Xu5m \/ 1.8 8v Xu7jp \/ 2.0 8v Xu10j2 \/ 2.0 16v Xu10j4<\/p>\n<p>Peugeot 406 2.0 16v Xu10j4r<\/p>\n<p>Peugeot 407 2.0 16v Ew10j4 Comando Adm E Esc \/ 2.0 16v Ew10a Comando Esc<\/p>\n<p>Peugeot 607 2.0 16v Ew10j4 Comando Esc E Adm<\/p>\n<p>Peugeot 806 2.0 8v Xu10j2 \/ 2.0 8v Xu10j2te<\/p>\n<p>Peugeot 807 2.0 16v Ew10j4 Comando Adm E Esc \/ 2.0 16v Ew10a Comando Esc<\/p>\n<p><strong>CITRO\u00cbN <\/strong><\/p>\n<p>Citroen C3<\/p>\n<p>Citroen Xsara<\/p>\n<p>Citroen Picasso<\/p>\n<p>Citroen Berlingo<\/p>\n<h4>C\u00f3digo de Refer\u00eancia:<\/h4>\n<p>023644, 15.32.4700H<\/p>\n<h4>Especifica\u00e7\u00f5es:<\/h4>\n<p>1 Retentor do comando de v\u00e1lvulas medidas (36 X 50 X 7mm) \/ Exceto 1.6 16v Tu5jp4 \/ Motor Ew10j4 Iguais Para Esc E Adm \/ Motor Ew10a Somante Comando Esc<\/p>\n<h4><strong>Condi\u00e7\u00f5es:<\/strong><\/h4>\n<p>Produto Novo Paralelo \/ Marca Torken<\/p>\n<h4><strong>Garantia:<\/strong><\/h4>\n<p>3 Meses<\/p>\n<h3>ATEN\u00c7\u00c3O: Antes de efetuar a compra verifique o c\u00f3digo da sua pe\u00e7a que est\u00e1 instalado no seu ve\u00edculo.<\/h3>\n<h4><strong>O que \u00e9 e para que serve Retentor Comando V\u00e1lvulas?<\/strong><\/h4>\n<p>O Retentor do Comando de v\u00e1lvulas \u00e9 uma pe\u00e7a fundamental do sistema de distribui\u00e7\u00e3o de um motor de combust\u00e3o interna. Sua principal fun\u00e7\u00e3o \u00e9 selar a passagem de \u00f3leo entre a \u00e1rvore de comando de v\u00e1lvulas e a cabe\u00e7a do cilindro, garantindo assim a lubrifica\u00e7\u00e3o adequada das pe\u00e7as m\u00f3veis e evitando vazamentos de \u00f3leo.<\/p>\n<p>&nbsp;<\/p>\n<p>A Casa da Inje\u00e7\u00e3o oferece total garantia nos produtos comprados em nosso site.<\/p>\n<ol>\n<li>Cada item \u00e9 rigorosamente testado antes do envio<\/li>\n<li>Se os itens estiverem danificados ou parcialmente defeituosos, entre em contato conosco.<\/li>\n<\/ol>\n<p>Se houver qualquer defeito, n\u00f3s lhe enviaremos uma substitui\u00e7\u00e3o ap\u00f3s receber o pacote ou devolvemos seu dinheiro.<\/p>\n<p>Leia nossa\u00a0<span style=\"color: #ff0000;\"><a style=\"color: #ff0000;\" href=\"https:\/\/www.casadainjecao.com.br\/loja\/politica-de-devolucao\">pol\u00edtica de devolu\u00e7\u00e3o aqui<\/a><\/span><\/p>\n<p>\u2014\u2014\u2014\u2014\u2014\u2014\u2014\u2014\u2014\u2014\u2014\u2014\u2014\u2014\u2014\u2014\u2014\u2014\u2014\u2013<\/p>\n<p><strong>Tem alguma d\u00favida?<\/strong><\/p>\n<p>Entre em contato que podemos ajudar!<\/p>\n<p>Confira as informa\u00e7\u00f5es adicionais abaixo:<\/p>\n<ul>\n<li>Todos os nossos produtos s\u00e3o novos, semi-novos, originais e paralelos possuem garantia.<\/li>\n<li>Todos os produtos anunciados est\u00e3o dispon\u00edveis em estoque e s\u00e3o enviados com extrema rapidez.<\/li>\n<li>O frete pode ser simulado antes de efetuar a compra, basta clicar em \u201cver custos de envio\u201d.<\/li>\n<li>Verifique o endere\u00e7o de entrega cadastrado e atualize caso necess\u00e1rio.<\/li>\n<li>Confirme se a pe\u00e7a \u00e9 correta para o seu modelo de ve\u00edculo.<\/li>\n<li>Para pe\u00e7as automotivas, recomendamos a instala\u00e7\u00e3o por um profissional especializado.<\/li>\n<\/ul>\n<p>Caso possua outras d\u00favidas, entre em contato.<\/p>\n","protected":false},"excerpt":{"rendered":"<h2>Retentor Comando V\u00e1lvulas Citroen Peugeot 36 X 50 X 7mm &#8211; 023644, 15.32.4700H<\/h2>\n","protected":false},"featured_media":29858,"template":"","meta":{"_seopress_robots_primary_cat":"none","_seopress_titles_title":"","_seopress_titles_desc":"","_seopress_robots_index":"","_kad_blocks_custom_css":"","_kad_blocks_head_custom_js":"","_kad_blocks_body_custom_js":"","_kad_blocks_footer_custom_js":"","_joinchat":[]},"product_cat":[1352,22,238],"product_tag":[784,785,786,1166,782,2056,1335,1170,131],"berocket_brand":[382,393],"taxonomy_info":{"product_cat":[{"value":1352,"label":"Comando de Valvula"},{"value":22,"label":"Motor"},{"value":238,"label":"Retentor"}],"product_tag":[{"value":784,"label":"206"},{"value":785,"label":"207"},{"value":786,"label":"306"},{"value":1166,"label":"Berlingo"},{"value":782,"label":"C3"},{"value":2056,"label":"Peugeot 405"},{"value":1335,"label":"Peugeot Partner"},{"value":1170,"label":"Picasso"},{"value":131,"label":"Xsara"}],"berocket_brand":[{"value":382,"label":"Citroen"},{"value":393,"label":"Peugeot"}]},"featured_image_src_large":["https:\/\/www.casadainjecao.com.br\/loja\/wp-content\/uploads\/2024\/03\/023644-1-920x920.jpg",640,640,true],"author_info":[],"comment_info":"","_links":{"self":[{"href":"https:\/\/www.casadainjecao.com.br\/loja\/wp-json\/wp\/v2\/product\/29856"}],"collection":[{"href":"https:\/\/www.casadainjecao.com.br\/loja\/wp-json\/wp\/v2\/product"}],"about":[{"href":"https:\/\/www.casadainjecao.com.br\/loja\/wp-json\/wp\/v2\/types\/product"}],"wp:featuredmedia":[{"embeddable":true,"href":"https:\/\/www.casadainjecao.com.br\/loja\/wp-json\/wp\/v2\/media\/29858"}],"wp:attachment":[{"href":"https:\/\/www.casadainjecao.com.br\/loja\/wp-json\/wp\/v2\/media?parent=29856"}],"wp:term":[{"taxonomy":"product_cat","embeddable":true,"href":"https:\/\/www.casadainjecao.com.br\/loja\/wp-json\/wp\/v2\/product_cat?post=29856"},{"taxonomy":"product_tag","embeddable":true,"href":"https:\/\/www.casadainjecao.com.br\/loja\/wp-json\/wp\/v2\/product_tag?post=29856"},{"taxonomy":"berocket_brand","embeddable":true,"href":"https:\/\/www.casadainjecao.com.br\/loja\/wp-json\/wp\/v2\/berocket_brand?post=29856"}],"curies":[{"name":"wp","href":"https:\/\/api.w.org\/{rel}","templated":true}]}}