{"id":30092,"date":"2024-04-05T10:26:10","date_gmt":"2024-04-05T13:26:10","guid":{"rendered":"https:\/\/www.casadainjecao.com.br\/loja\/?post_type=product&#038;p=30092"},"modified":"2025-09-30T14:29:32","modified_gmt":"2025-09-30T17:29:32","slug":"mangueira-bocal-tanque-combustivel-novo-uno-fiat-51879590","status":"publish","type":"product","link":"https:\/\/www.casadainjecao.com.br\/loja\/autopecas\/carroceria\/tampas-de-combustivel\/mangueira-bocal-tanque-combustivel-novo-uno-fiat-51879590\/","title":{"rendered":"Mangueira Bocal Tanque Combust\u00edvel Novo Uno Fiat &#8211; 51"},"content":{"rendered":"<h2>Mangueira Bocal Tanque Combust\u00edvel<\/h2>\n<p>Fiat NOVO UNO ATTRACTIVE 1.0 FIRE 1.0 2016\/2021<\/p>\n<p>Fiat NOVO UNO ATTRACTIVE 1.0 FIREFLY 1.0 2016\/2021<\/p>\n<p>Fiat NOVO UNO DRIVE 1.0 FIREFLY 1.0 2016\/2021<\/p>\n<p>Fiat NOVO UNO SPORTING 1.3 FIREFLY 1.3 2016\/2021<\/p>\n<p>Fiat NOVO UNO SPORTING 1.3 FIREFLY AT 1.3 2016\/2021<\/p>\n<p>Fiat NOVO UNO WAY 1.0 FIREFLY 1.0 2016\/2021<\/p>\n<p>Fiat NOVO UNO WAY 1.0 FIREFLY 1.3 2016\/2021<\/p>\n<p>Fiat NOVO UNO WAY 1.0 FIREFLY AT 1.3 2016\/2021<\/p>\n<p>Fiat UNO ATTRACTIVE 1.0 MPI FIRE 8V FLEX 4P 1.0 2015\/2016<\/p>\n<p>Fiat UNO ATTRACTIVE 1.4 MPI FIRE EVO 8V FLEX 2P 1.4 2012<\/p>\n<p>Fiat UNO ATTRACTIVE 1.4 MPI FIRE EVO 8V FLEX 4P 1.4 2011\/2012<\/p>\n<p>Fiat UNO ECONOMY 1.4 MPI FIRE EVO 8V FLEX 2P 1.4 2012\/2013<\/p>\n<p>Fiat UNO ECONOMY 1.4 MPI FIRE EVO 8V FLEX 4P 1.4 2012\/2014<\/p>\n<p>Fiat UNO EVOLUTION START STOP 1.4 MPI FIRE 8V FLEX 4P 1.4 2015\/2016<\/p>\n<p>Fiat UNO FURG\u00c3O 1.0 MPI FIRE 8V FLEX 2P 1.0 2014\/2015<\/p>\n<p>Fiat UNO FURG\u00c3O 1.4 MPI FIRE 8V FLEX 2P 1.4 2014\/2016<\/p>\n<p>Fiat UNO SPORTING 1.4 MPI FIRE 8V FLEX 4P 1.4 2015\/2016<\/p>\n<p>Fiat UNO SPORTING 1.4 MPI FIRE EVO 8V FLEX 2P 1.4 2012<\/p>\n<p>Fiat UNO SPORTING 1.4 MPI FIRE EVO 8V FLEX 4P 1.4 2011\/2014<\/p>\n<p>Fiat UNO VIVACE 1.0 MPI FIRE EVO 8V FLEX 2P 1.0 2012\/2016<\/p>\n<p>Fiat UNO VIVACE 1.0 MPI FIRE EVO 8V FLEX 4P 1.0 2011\/2015<\/p>\n<p>Fiat UNO WAY 1.0 MPI FIRE 8V FLEX 4P 1.0 2015\/2016<\/p>\n<p>Fiat UNO WAY 1.0 MPI FIRE EVO 8V FLEX 2P 1.0 2012<\/p>\n<p>Fiat UNO WAY 1.0 MPI FIRE EVO 8V FLEX 4P 1.0 2011\/2014<\/p>\n<p>Fiat UNO WAY 1.4 MPI FIRE 8V FLEX 4P 1.4 2015\/2016<\/p>\n<p>Fiat UNO WAY 1.4 MPI FIRE EVO 8V FLEX 2P 1.4 2012<\/p>\n<p>Fiat UNO WAY 1.4 MPI FIRE EVO 8V FLEX 4P 1.4 2011\/2014<\/p>\n<h4>C\u00f3digo de Refer\u00eancia:<\/h4>\n<p>51879590<\/p>\n<h4>Condi\u00e7\u00f5es:<\/h4>\n<p>Novo Original \/ Marca Mopar<\/p>\n<h4>Garantia:<\/h4>\n<p>3 Meses<\/p>\n<h3><strong>ATEN\u00c7\u00c3O<\/strong>: Antes de efetuar a compra verifique o c\u00f3digo da pe\u00e7a que est\u00e1 instalada no seu ve\u00edculo.<\/h3>\n<h3>APLICA\u00c7\u00c3O:<\/h3>\n<p>Linha Fiat<\/p>\n<p><strong>O que \u00e9 e para que serve a Mangueira Bocal Tanque Combust\u00edvel?<\/strong><\/p>\n<p>A Mangueira Bocal do tanque de combust\u00edvel \u00e9 um componente importante em ve\u00edculos automotivos, respons\u00e1vel por conectar o bocal de abastecimento de combust\u00edvel \u00e0 entrada do tanque de combust\u00edvel. Ela serve para v\u00e1rias finalidades importantes,\u00a0permite a transfer\u00eancia eficiente de combust\u00edvel do bocal de abastecimento para o tanque de combust\u00edvel durante o processo de abastecimento do ve\u00edculo.<\/p>\n<p>&nbsp;<\/p>\n<p>A Casa da Inje\u00e7\u00e3o oferece total garantia nos produtos comprados em nosso site.<\/p>\n<ol>\n<li>Cada item \u00e9 rigorosamente testado antes do envio<\/li>\n<li>Se os itens estiverem danificados ou parcialmente defeituosos, entre em contato conosco.<\/li>\n<\/ol>\n<p>Se houver qualquer defeito, n\u00f3s lhe enviaremos uma substitui\u00e7\u00e3o ap\u00f3s receber o pacote ou devolvemos seu dinheiro.<\/p>\n<p>Leia nossa <span style=\"color: #ff0000;\"><a style=\"color: #ff0000;\" href=\"https:\/\/www.casadainjecao.com.br\/loja\/politica-de-devolucao\">pol\u00edtica de devolu\u00e7\u00e3o aqui<\/a><\/span><\/p>\n<p>&#8212;&#8212;&#8212;&#8212;&#8212;&#8212;&#8212;&#8212;&#8212;&#8212;&#8212;&#8212;&#8212;&#8212;&#8212;&#8212;&#8212;&#8212;&#8212;&#8211;<\/p>\n<h4>Tem alguma d\u00favida?<\/h4>\n<p>Entre em contato que podemos ajudar!<\/p>\n<p>Confira as informa\u00e7\u00f5es adicionais abaixo:<\/p>\n<ul>\n<li>Todos os nossos produtos s\u00e3o novos, semi-novos, originais, paralelos e possuem garantia.<\/li>\n<li>Todos os produtos anunciados est\u00e3o dispon\u00edveis em estoque e s\u00e3o enviados com extrema rapidez.<\/li>\n<li>O frete pode ser simulado antes de efetuar a compra, basta clicar em \u201cver custos de envio\u201d.<\/li>\n<li>Verifique o endere\u00e7o de entrega cadastrado e atualize caso necess\u00e1rio.<\/li>\n<li>Confirme se a pe\u00e7a \u00e9 correta para o seu modelo de ve\u00edculo.<\/li>\n<li>Para pe\u00e7as automotivas, recomendamos a instala\u00e7\u00e3o por um profissional especializado.<\/li>\n<\/ul>\n<p>Caso possua outras d\u00favidas, entre em contato.<\/p>\n","protected":false},"excerpt":{"rendered":"<h2>Mangueira Bocal Tanque Combust\u00edvel Novo Uno Fiat &#8211; 51879590<\/h2>\n","protected":false},"featured_media":30096,"template":"","meta":{"_seopress_robots_primary_cat":"none","_seopress_titles_title":"","_seopress_titles_desc":"","_seopress_robots_index":"","_joinchat":[]},"product_cat":[83,23,98],"product_tag":[1600],"berocket_brand":[383],"_links":{"self":[{"href":"https:\/\/www.casadainjecao.com.br\/loja\/wp-json\/wp\/v2\/product\/30092"}],"collection":[{"href":"https:\/\/www.casadainjecao.com.br\/loja\/wp-json\/wp\/v2\/product"}],"about":[{"href":"https:\/\/www.casadainjecao.com.br\/loja\/wp-json\/wp\/v2\/types\/product"}],"wp:featuredmedia":[{"embeddable":true,"href":"https:\/\/www.casadainjecao.com.br\/loja\/wp-json\/wp\/v2\/media\/30096"}],"wp:attachment":[{"href":"https:\/\/www.casadainjecao.com.br\/loja\/wp-json\/wp\/v2\/media?parent=30092"}],"wp:term":[{"taxonomy":"product_cat","embeddable":true,"href":"https:\/\/www.casadainjecao.com.br\/loja\/wp-json\/wp\/v2\/product_cat?post=30092"},{"taxonomy":"product_tag","embeddable":true,"href":"https:\/\/www.casadainjecao.com.br\/loja\/wp-json\/wp\/v2\/product_tag?post=30092"},{"taxonomy":"berocket_brand","embeddable":true,"href":"https:\/\/www.casadainjecao.com.br\/loja\/wp-json\/wp\/v2\/berocket_brand?post=30092"}],"curies":[{"name":"wp","href":"https:\/\/api.w.org\/{rel}","templated":true}]}}