{"id":30131,"date":"2024-04-08T15:52:54","date_gmt":"2024-04-08T18:52:54","guid":{"rendered":"https:\/\/www.casadainjecao.com.br\/loja\/?post_type=product&#038;p=30131"},"modified":"2024-11-05T11:41:19","modified_gmt":"2024-11-05T14:41:19","slug":"rolamento-conico-france-snr-30205a","status":"publish","type":"product","link":"https:\/\/www.casadainjecao.com.br\/loja\/autopecas\/suspencao\/rolamentos-pivo\/rolamento-conico-france-snr-30205a\/","title":{"rendered":"Rolamento Conico de Rolete Renault Master &#8211; 8200197478"},"content":{"rendered":"<h2>Rolamento Conico de Rolete\u00a0 France SNR Original<\/h2>\n<p><strong>ASIA<\/strong><\/p>\n<p>Asia Topic 2.7 8V Dianteiro Externo 1991 a 2003<\/p>\n<p>Asia Hi Topic\u00a0 2.7 8V Dianteiro Externo &#8211; 1993 a 2003<\/p>\n<p>Asia Rocsta 2.7 8V Dianteiro Externo &#8211; 1991 a 1995<\/p>\n<p><strong>CHEVROLET<\/strong><\/p>\n<p>Chevrolet Space Van Traseiro &#8211; 1998 a 2000<\/p>\n<p>Chevrolet imbei Topic 2.0 Dianteiro &#8211; 2008 a 2010<\/p>\n<p><strong>KIA<\/strong><\/p>\n<p>Kia Bongo K2400 K2700\u00a0 Dianteiro &#8211; 1997 a 2003<\/p>\n<p>Kia Besta\u00a0 2.2 Dianteiro &#8211; 1992 a 2004<\/p>\n<p><strong>RENAULT<\/strong><\/p>\n<p>Renault Trafic 2.1 2.2 Traseiro &#8211; 2000 a 2001<\/p>\n<p>Renault Master Eletronica 2.5 16V\u00a0 Motor G9U 724\/754 &#8211; 2005 a 2009<\/p>\n<p>Renault Master Eletronica 2.5 16V\u00a0 Motor G9U 632 &#8211; 2010 a 2012<\/p>\n<p>Renault Master 2.8 8v Aspirado Motor 8140.43 &#8211; 2000 a 2002<\/p>\n<p>Renault Master 2.8 8V Turbo Motor 8140.43s &#8211; 2002 a 2004<\/p>\n<p>Renault Master Eletronica 2.3 16V Motor M9T 670 &#8211;\u00a0 2013 a 2019<\/p>\n<h4>C\u00f3digo de Refer\u00eancia:<\/h4>\n<p>30205A \/ 8200197478 \/ 8200166650 \/ 8200058403 \/ 8200024414<\/p>\n<h4>Condi\u00e7\u00f5es:<\/h4>\n<p>Produto Novo \/ Marca Torken<\/p>\n<h4>Especifica\u00e7\u00f5es:<\/h4>\n<p>Medidas: (25 x 52 x 16,5mm)<\/p>\n<h4>Garantia:<\/h4>\n<p>3 Meses<\/p>\n<h3>ATEN\u00c7\u00c3O: Antes de efetuar a compra verifique o c\u00f3digo da sua pe\u00e7a que est\u00e1 instalado no seu ve\u00edculo.<\/h3>\n<p>O que \u00e9 e para que serve o Rolamento C\u00f4nico de Rolete?<\/p>\n<p>O Rolamento C\u00f4nico de roletes, tamb\u00e9m conhecido como rolamento de rolos c\u00f4nicos, \u00e9 um tipo de rolamento usado para suportar cargas combinadas, ou seja, cargas axiais (empuxo) e cargas radiais. Ele \u00e9 comumente utilizado em diversas aplica\u00e7\u00f5es industriais e automotivas para permitir movimento rotacional suave e eficiente entre partes m\u00f3veis enquanto suporta cargas pesadas.<\/p>\n<div class=\"ui-pdp-collapsable ui-pdp-description-collapse\">\n<div class=\"ui-pdp-collapsable__container\">\n<div class=\"ui-pdp-description\">\n<p>&nbsp;<\/p>\n<p>A Casa da Inje\u00e7\u00e3o oferece total garantia nos produtos comprados em nosso site.<\/p>\n<ol>\n<li>Cada item \u00e9 rigorosamente testado antes do envio<\/li>\n<li>Se os itens estiverem danificados ou parcialmente defeituosos, entre em contato conosco.<\/li>\n<\/ol>\n<p>Se houver qualquer defeito, n\u00f3s lhe enviaremos uma substitui\u00e7\u00e3o ap\u00f3s receber o pacote ou devolvemos seu dinheiro.<\/p>\n<p>Leia nossa\u00a0<span style=\"color: #ff0000;\"><a style=\"color: #ff0000;\" href=\"https:\/\/www.casadainjecao.com.br\/loja\/politica-de-devolucao\">pol\u00edtica de devolu\u00e7\u00e3o aqui<\/a><\/span><\/p>\n<p>\u2014\u2014\u2014\u2014\u2014\u2014\u2014\u2014\u2014\u2014\u2014\u2014\u2014\u2014\u2014\u2014\u2014\u2014\u2014\u2013<\/p>\n<p><strong>Tem alguma d\u00favida?<\/strong><\/p>\n<p>Entre em contato que podemos ajudar!<\/p>\n<p>Confira as informa\u00e7\u00f5es adicionais abaixo:<\/p>\n<ul>\n<li>Todos os nossos produtos s\u00e3o novos, semi-novos, originais e paralelos possuem garantia.<\/li>\n<li>Todos os produtos anunciados est\u00e3o dispon\u00edveis em estoque e s\u00e3o enviados com extrema rapidez.<\/li>\n<li>O frete pode ser simulado antes de efetuar a compra, basta clicar em \u201cver custos de envio\u201d.<\/li>\n<li>Verifique o endere\u00e7o de entrega cadastrado e atualize caso necess\u00e1rio.<\/li>\n<li>Confirme se a pe\u00e7a \u00e9 correta para o seu modelo de ve\u00edculo.<\/li>\n<li>Para pe\u00e7as automotivas, recomendamos a instala\u00e7\u00e3o por um profissional especializado.<\/li>\n<\/ul>\n<p>Caso possua outras d\u00favidas, entre em contato.<\/p>\n<\/div>\n<\/div>\n<\/div>\n","protected":false},"excerpt":{"rendered":"<h2>Rolamento Conico de Rolete Renault Master\u00a0 &#8211; SNR 30205A \/ 30205A \/ 8200197478 \/ 8200166650 \/ 8200058403 \/ 8200024414<\/h2>\n","protected":false},"featured_media":30134,"template":"","meta":{"_seopress_robots_primary_cat":"none","_seopress_titles_title":"","_seopress_titles_desc":"","_seopress_robots_index":"","_joinchat":[]},"product_cat":[22,329,1173,239,1104,26],"product_tag":[2066,81,123,152],"berocket_brand":[381,388,394],"_links":{"self":[{"href":"https:\/\/www.casadainjecao.com.br\/loja\/wp-json\/wp\/v2\/product\/30131"}],"collection":[{"href":"https:\/\/www.casadainjecao.com.br\/loja\/wp-json\/wp\/v2\/product"}],"about":[{"href":"https:\/\/www.casadainjecao.com.br\/loja\/wp-json\/wp\/v2\/types\/product"}],"wp:featuredmedia":[{"embeddable":true,"href":"https:\/\/www.casadainjecao.com.br\/loja\/wp-json\/wp\/v2\/media\/30134"}],"wp:attachment":[{"href":"https:\/\/www.casadainjecao.com.br\/loja\/wp-json\/wp\/v2\/media?parent=30131"}],"wp:term":[{"taxonomy":"product_cat","embeddable":true,"href":"https:\/\/www.casadainjecao.com.br\/loja\/wp-json\/wp\/v2\/product_cat?post=30131"},{"taxonomy":"product_tag","embeddable":true,"href":"https:\/\/www.casadainjecao.com.br\/loja\/wp-json\/wp\/v2\/product_tag?post=30131"},{"taxonomy":"berocket_brand","embeddable":true,"href":"https:\/\/www.casadainjecao.com.br\/loja\/wp-json\/wp\/v2\/berocket_brand?post=30131"}],"curies":[{"name":"wp","href":"https:\/\/api.w.org\/{rel}","templated":true}]}}